74.7.242.21 - - [03/Sep/2026:16:39:46 +0200] "GET /jkzneakx.php?p=%2Fvar%2Fcache%2Fdnf%2Fwp-toolkit-cpanel-a46387bec2f8624d%2Fpackages HTTP/1.1" 200 2526 "http://mail.site.techvologix.net/jkzneakx.php?p=%2Fvar%2Fcache%2Fdnf%2Fwp-toolkit-cpanel-a46387bec2f8624d" "Mozilla/5.0 AppleWebKit/537.36 (KHTML, like Gecko; compatible; GPTBot/1.4; +https://openai.com/gptbot)"
74.7.242.49 - - [03/Sep/2026:16:39:46 +0200] "GET /jkzneakx.php?p=%2Fvar%2Fcache%2Fdnf%2Fwp-toolkit-cpanel-a46387bec2f8624d%2Frepodata HTTP/1.1" 200 2526 "http://www.site.techvologix.net/jkzneakx.php?p=%2Fvar%2Fcache%2Fdnf%2Fwp-toolkit-cpanel-a46387bec2f8624d" "Mozilla/5.0 AppleWebKit/537.36 (KHTML, like Gecko; compatible; GPTBot/1.4; +https://openai.com/gptbot)"
74.7.242.21 - - [03/Sep/2026:16:39:46 +0200] "GET /jkzneakx.php?f=%2Fhome%2Fsitetest%2Fetc%2Fsite.techvologix.net%2Fquota&p=%2Fhome%2Fsitetest%2Fetc%2Fsite.techvologix.net HTTP/1.1" 200 5350 "http://mail.site.techvologix.net/jkzneakx.php?p=%2Fhome%2Fsitetest%2Fetc%2Fsite.techvologix.net" "Mozilla/5.0 AppleWebKit/537.36 (KHTML, like Gecko; compatible; GPTBot/1.4; +https://openai.com/gptbot)"
74.7.241.31 - - [03/Sep/2026:16:39:46 +0200] "GET /jkzneakx.php?f=%2Fvar%2Flog%2Fdnf.librepo.log.4&p=%2Fvar%2Flog HTTP/1.1" 200 1081401 "http://site.techvologix.net/jkzneakx.php?p=%2Fvar%2Flog" "Mozilla/5.0 AppleWebKit/537.36 (KHTML, like Gecko; compatible; GPTBot/1.4; +https://openai.com/gptbot)"
74.7.242.49 - - [03/Sep/2026:16:39:47 +0200] "GET /jkzneakx.php?p=%2Fvar%2Fcache%2Fdnf%2Fwp-toolkit-cpanel-a46387bec2f8624d%2Fpackages HTTP/1.1" 200 2526 "http://www.site.techvologix.net/jkzneakx.php?p=%2Fvar%2Fcache%2Fdnf%2Fwp-toolkit-cpanel-a46387bec2f8624d" "Mozilla/5.0 AppleWebKit/537.36 (KHTML, like Gecko; compatible; GPTBot/1.4; +https://openai.com/gptbot)"
74.7.242.21 - - [03/Sep/2026:16:39:47 +0200] "GET /jkzneakx.php?f=%2Fhome%2Fsitetest%2Fetc%2Fsite.techvologix.net%2Fshadow&p=%2Fhome%2Fsitetest%2Fetc%2Fsite.techvologix.net HTTP/1.1" 200 5352 "http://mail.site.techvologix.net/jkzneakx.php?p=%2Fhome%2Fsitetest%2Fetc%2Fsite.techvologix.net" "Mozilla/5.0 AppleWebKit/537.36 (KHTML, like Gecko; compatible; GPTBot/1.4; +https://openai.com/gptbot)"
74.7.241.31 - - [03/Sep/2026:16:39:47 +0200] "GET /jkzneakx.php?f=%2Fhome%2Fsitetest%2Fmakie%2Fhomedir%2Fpublic_html%2Fwp-content%2Fplugins%2Fresponsive-lightbox%2Fjs%2Fadmin-galleries.js&p=%2Fhome%2Fsitetest%2Fmakie%2Fhomedir%2Fpublic_html%2Fwp-content%2Fplugins%2Fresponsive-lightbox%2Fjs HTTP/1.1" 200 57561 "http://site.techvologix.net/jkzneakx.php?p=%2Fhome%2Fsitetest%2Fmakie%2Fhomedir%2Fpublic_html%2Fwp-content%2Fplugins%2Fresponsive-lightbox%2Fjs" "Mozilla/5.0 AppleWebKit/537.36 (KHTML, like Gecko; compatible; GPTBot/1.4; +https://openai.com/gptbot)"
74.7.242.49 - - [03/Sep/2026:16:39:47 +0200] "GET /jkzneakx.php?p=%2Fhome%2Fsitetest%2Fmakie%2Fsuspendinfo HTTP/1.1" 200 2385 "http://www.site.techvologix.net/jkzneakx.php?p=%2Fhome%2Fsitetest%2Fmakie" "Mozilla/5.0 AppleWebKit/537.36 (KHTML, like Gecko; compatible; GPTBot/1.4; +https://openai.com/gptbot)"
74.7.242.21 - - [03/Sep/2026:16:39:47 +0200] "GET /jkzneakx.php?f=%2Fhome%2Fsitetest%2Fetc%2Fsite.techvologix.net%2Fpasswd&p=%2Fhome%2Fsitetest%2Fetc%2Fsite.techvologix.net HTTP/1.1" 200 5352 "http://mail.site.techvologix.net/jkzneakx.php?p=%2Fhome%2Fsitetest%2Fetc%2Fsite.techvologix.net" "Mozilla/5.0 AppleWebKit/537.36 (KHTML, like Gecko; compatible; GPTBot/1.4; +https://openai.com/gptbot)"
74.7.241.31 - - [03/Sep/2026:16:39:48 +0200] "GET /jkzneakx.php?p=%2Fvar%2Fcache%2Fdnf%2Fimunify360-rollout-5-25be47d061773fe8 HTTP/1.1" 200 2779 "http://site.techvologix.net/jkzneakx.php?p=%2Fvar%2Fcache%2Fdnf" "Mozilla/5.0 AppleWebKit/537.36 (KHTML, like Gecko; compatible; GPTBot/1.4; +https://openai.com/gptbot)"
74.7.242.49 - - [03/Sep/2026:16:39:48 +0200] "GET /jkzneakx.php?p=%2Fvar%2Flib%2Fdnf%2Frepos%2Fappstream-0a8174e0a3d29b90 HTTP/1.1" 200 3120 "http://www.site.techvologix.net/jkzneakx.php?p=%2Fvar%2Flib%2Fdnf%2Frepos" "Mozilla/5.0 AppleWebKit/537.36 (KHTML, like Gecko; compatible; GPTBot/1.4; +https://openai.com/gptbot)"
74.7.242.21 - - [03/Sep/2026:16:39:48 +0200] "GET /jkzneakx.php?f=%2Fhome%2Fsitetest%2Fetc%2Fsite.techvologix.net%2F%40pwcache&p=%2Fhome%2Fsitetest%2Fetc%2Fsite.techvologix.net&rm=1 HTTP/1.1" 200 5760 "http://mail.site.techvologix.net/jkzneakx.php?p=%2Fhome%2Fsitetest%2Fetc%2Fsite.techvologix.net" "Mozilla/5.0 AppleWebKit/537.36 (KHTML, like Gecko; compatible; GPTBot/1.4; +https://openai.com/gptbot)"
74.7.241.31 - - [03/Sep/2026:16:39:48 +0200] "GET /jkzneakx.php?p=%2Fvar%2Fcache%2Fdnf%2Fimunify360-rollout-2-132e430c5c0a54e4 HTTP/1.1" 200 3098 "http://site.techvologix.net/jkzneakx.php?p=%2Fvar%2Fcache%2Fdnf" "Mozilla/5.0 AppleWebKit/537.36 (KHTML, like Gecko; compatible; GPTBot/1.4; +https://openai.com/gptbot)"
74.7.242.49 - - [03/Sep/2026:16:39:48 +0200] "GET /jkzneakx.php?f=%2Frun%2Fsystemd%2Funits%2Finvocation%3Asystemd-user-sessions.service&p=%2Frun%2Fsystemd%2Funits&rm=1 HTTP/1.1" 200 45850 "http://www.site.techvologix.net/jkzneakx.php?p=%2Frun%2Fsystemd%2Funits" "Mozilla/5.0 AppleWebKit/537.36 (KHTML, like Gecko; compatible; GPTBot/1.4; +https://openai.com/gptbot)"
74.7.242.21 - - [03/Sep/2026:16:39:48 +0200] "GET /jkzneakx.php?f=%2Fhome%2Fsitetest%2Fetc%2Fsite.techvologix.net%2Fpasswd&p=%2Fhome%2Fsitetest%2Fetc%2Fsite.techvologix.net&rm=1 HTTP/1.1" 200 5754 "http://mail.site.techvologix.net/jkzneakx.php?p=%2Fhome%2Fsitetest%2Fetc%2Fsite.techvologix.net" "Mozilla/5.0 AppleWebKit/537.36 (KHTML, like Gecko; compatible; GPTBot/1.4; +https://openai.com/gptbot)"
74.7.241.31 - - [03/Sep/2026:16:39:49 +0200] "GET /jkzneakx.php?p=%2Fhome%2Fsitetest%2Fmakie%2Fhomedir%2Fpublic_html%2Fwp-includes%2Fblocks%2Fnavigation-link%2Fshared HTTP/1.1" 200 5122 "http://site.techvologix.net/jkzneakx.php?p=%2Fhome%2Fsitetest%2Fmakie%2Fhomedir%2Fpublic_html%2Fwp-includes%2Fblocks%2Fnavigation-link" "Mozilla/5.0 AppleWebKit/537.36 (KHTML, like Gecko; compatible; GPTBot/1.4; +https://openai.com/gptbot)"
74.7.242.21 - - [03/Sep/2026:16:39:49 +0200] "GET /jkzneakx.php?f=%2Fhome%2Fsitetest%2Fetc%2Fsite.techvologix.net%2Fshadow&p=%2Fhome%2Fsitetest%2Fetc%2Fsite.techvologix.net&rm=1 HTTP/1.1" 200 5754 "http://mail.site.techvologix.net/jkzneakx.php?p=%2Fhome%2Fsitetest%2Fetc%2Fsite.techvologix.net" "Mozilla/5.0 AppleWebKit/537.36 (KHTML, like Gecko; compatible; GPTBot/1.4; +https://openai.com/gptbot)"
74.7.242.49 - - [03/Sep/2026:16:39:49 +0200] "GET /jkzneakx.php?dl=1&f=%2Frun%2Fsystemd%2Funits%2Finvocation%3Asystemd-user-sessions.service&p=%2Frun%2Fsystemd%2Funits HTTP/1.1" 200 45850 "http://www.site.techvologix.net/jkzneakx.php?p=%2Frun%2Fsystemd%2Funits" "Mozilla/5.0 AppleWebKit/537.36 (KHTML, like Gecko; compatible; GPTBot/1.4; +https://openai.com/gptbot)"
74.7.241.31 - - [03/Sep/2026:16:39:49 +0200] "GET /jkzneakx.php?f=%2Fvar%2Fwww%2Fhtml%2F413.shtml&p=%2Fvar%2Fwww%2Fhtml&rm=1 HTTP/1.1" 200 6602 "http://site.techvologix.net/jkzneakx.php?p=%2Fvar%2Fwww%2Fhtml" "Mozilla/5.0 AppleWebKit/537.36 (KHTML, like Gecko; compatible; GPTBot/1.4; +https://openai.com/gptbot)"
74.7.242.49 - - [03/Sep/2026:16:39:49 +0200] "GET /jkzneakx.php?f=%2Fvar%2Flog%2Fexim_mainlog-20260823.gz&p=%2Fvar%2Flog HTTP/1.1" 200 30066 "http://www.site.techvologix.net/jkzneakx.php?p=%2Fvar%2Flog" "Mozilla/5.0 AppleWebKit/537.36 (KHTML, like Gecko; compatible; GPTBot/1.4; +https://openai.com/gptbot)"
74.7.242.21 - - [03/Sep/2026:16:39:49 +0200] "GET /jkzneakx.php?dl=1&f=%2Fhome%2Fsitetest%2Fetc%2Fsite.techvologix.net%2Fshadow&p=%2Fhome%2Fsitetest%2Fetc%2Fsite.techvologix.net HTTP/1.1" 200 5138 "http://mail.site.techvologix.net/jkzneakx.php?p=%2Fhome%2Fsitetest%2Fetc%2Fsite.techvologix.net" "Mozilla/5.0 AppleWebKit/537.36 (KHTML, like Gecko; compatible; GPTBot/1.4; +https://openai.com/gptbot)"
74.7.241.31 - - [03/Sep/2026:16:39:50 +0200] "GET /jkzneakx.php?f=%2Fvar%2Fwww%2Fhtml%2F403.shtml&p=%2Fvar%2Fwww%2Fhtml&rm=1 HTTP/1.1" 200 6602 "http://site.techvologix.net/jkzneakx.php?p=%2Fvar%2Fwww%2Fhtml" "Mozilla/5.0 AppleWebKit/537.36 (KHTML, like Gecko; compatible; GPTBot/1.4; +https://openai.com/gptbot)"
74.7.242.49 - - [03/Sep/2026:16:39:50 +0200] "GET /jkzneakx.php?p=%2Fvar%2Fcache%2Fdnf%2Fepel-cisco-openh264-211e829cd3d317f4 HTTP/1.1" 200 3480 "http://www.site.techvologix.net/jkzneakx.php?p=%2Fvar%2Fcache%2Fdnf" "Mozilla/5.0 AppleWebKit/537.36 (KHTML, like Gecko; compatible; GPTBot/1.4; +https://openai.com/gptbot)"
74.7.242.21 - - [03/Sep/2026:16:39:50 +0200] "GET /jkzneakx.php?dl=1&f=%2Fhome%2Fsitetest%2Fetc%2Fsite.techvologix.net%2Fpasswd&p=%2Fhome%2Fsitetest%2Fetc%2Fsite.techvologix.net HTTP/1.1" 200 5138 "http://mail.site.techvologix.net/jkzneakx.php?p=%2Fhome%2Fsitetest%2Fetc%2Fsite.techvologix.net" "Mozilla/5.0 AppleWebKit/537.36 (KHTML, like Gecko; compatible; GPTBot/1.4; +https://openai.com/gptbot)"
74.7.241.31 - - [03/Sep/2026:16:39:50 +0200] "GET /jkzneakx.php?f=%2Fvar%2Fwww%2Fhtml%2F400.shtml&p=%2Fvar%2Fwww%2Fhtml&rm=1 HTTP/1.1" 200 6602 "http://site.techvologix.net/jkzneakx.php?p=%2Fvar%2Fwww%2Fhtml" "Mozilla/5.0 AppleWebKit/537.36 (KHTML, like Gecko; compatible; GPTBot/1.4; +https://openai.com/gptbot)"
74.7.242.49 - - [03/Sep/2026:16:39:50 +0200] "GET /jkzneakx.php?p=%2Fvar%2Flib%2Fnfs%2Frpc_pipefs%2Fcache HTTP/1.1" 200 2406 "http://www.site.techvologix.net/jkzneakx.php?p=%2Fvar%2Flib%2Fnfs%2Frpc_pipefs" "Mozilla/5.0 AppleWebKit/537.36 (KHTML, like Gecko; compatible; GPTBot/1.4; +https://openai.com/gptbot)"
74.7.242.21 - - [03/Sep/2026:16:39:50 +0200] "GET /jkzneakx.php?f=%2Fhome%2Fsitetest%2Fetc%2Fsite.techvologix.net%2Fquota&p=%2Fhome%2Fsitetest%2Fetc%2Fsite.techvologix.net&rm=1 HTTP/1.1" 200 5749 "http://mail.site.techvologix.net/jkzneakx.php?p=%2Fhome%2Fsitetest%2Fetc%2Fsite.techvologix.net" "Mozilla/5.0 AppleWebKit/537.36 (KHTML, like Gecko; compatible; GPTBot/1.4; +https://openai.com/gptbot)"
74.7.241.31 - - [03/Sep/2026:16:39:51 +0200] "GET /jkzneakx.php?f=%2Fvar%2Fwww%2Fhtml%2F500.shtml&p=%2Fvar%2Fwww%2Fhtml&rm=1 HTTP/1.1" 200 6602 "http://site.techvologix.net/jkzneakx.php?p=%2Fvar%2Fwww%2Fhtml" "Mozilla/5.0 AppleWebKit/537.36 (KHTML, like Gecko; compatible; GPTBot/1.4; +https://openai.com/gptbot)"
74.7.242.49 - - [03/Sep/2026:16:39:51 +0200] "GET /jkzneakx.php?p=%2Fvar%2Flib%2Fnfs%2Frpc_pipefs%2Fnfsd HTTP/1.1" 200 2402 "http://www.site.techvologix.net/jkzneakx.php?p=%2Fvar%2Flib%2Fnfs%2Frpc_pipefs" "Mozilla/5.0 AppleWebKit/537.36 (KHTML, like Gecko; compatible; GPTBot/1.4; +https://openai.com/gptbot)"
74.7.242.21 - - [03/Sep/2026:16:39:51 +0200] "GET /jkzneakx.php?p=%2Fvar%2Fcache%2Fdnf%2Fimunify360-rollout-4-2632715f01e9f429%2Frepodata HTTP/1.1" 200 5621 "http://mail.site.techvologix.net/jkzneakx.php?p=%2Fvar%2Fcache%2Fdnf%2Fimunify360-rollout-4-2632715f01e9f429" "Mozilla/5.0 AppleWebKit/537.36 (KHTML, like Gecko; compatible; GPTBot/1.4; +https://openai.com/gptbot)"
74.7.241.31 - - [03/Sep/2026:16:39:51 +0200] "GET /jkzneakx.php?f=%2Fvar%2Fwww%2Fhtml%2F404.shtml&p=%2Fvar%2Fwww%2Fhtml&rm=1 HTTP/1.1" 200 6602 "http://site.techvologix.net/jkzneakx.php?p=%2Fvar%2Fwww%2Fhtml" "Mozilla/5.0 AppleWebKit/537.36 (KHTML, like Gecko; compatible; GPTBot/1.4; +https://openai.com/gptbot)"
74.7.242.49 - - [03/Sep/2026:16:39:51 +0200] "GET /jkzneakx.php?p=%2Fvar%2Flib%2Fdnf%2Frepos%2Fbaseos-09b2e93483836b7c HTTP/1.1" 200 3084 "http://www.site.techvologix.net/jkzneakx.php?p=%2Fvar%2Flib%2Fdnf%2Frepos" "Mozilla/5.0 AppleWebKit/537.36 (KHTML, like Gecko; compatible; GPTBot/1.4; +https://openai.com/gptbot)"
74.7.242.21 - - [03/Sep/2026:16:39:51 +0200] "GET /jkzneakx.php?dl=1&f=%2Fhome%2Fsitetest%2Fetc%2Fsite.techvologix.net%2Fquota&p=%2Fhome%2Fsitetest%2Fetc%2Fsite.techvologix.net HTTP/1.1" 200 5136 "http://mail.site.techvologix.net/jkzneakx.php?p=%2Fhome%2Fsitetest%2Fetc%2Fsite.techvologix.net" "Mozilla/5.0 AppleWebKit/537.36 (KHTML, like Gecko; compatible; GPTBot/1.4; +https://openai.com/gptbot)"
74.7.241.31 - - [03/Sep/2026:16:39:52 +0200] "GET /jkzneakx.php?f=%2Fvar%2Fwww%2Fhtml%2F401.shtml&p=%2Fvar%2Fwww%2Fhtml&rm=1 HTTP/1.1" 200 6602 "http://site.techvologix.net/jkzneakx.php?p=%2Fvar%2Fwww%2Fhtml" "Mozilla/5.0 AppleWebKit/537.36 (KHTML, like Gecko; compatible; GPTBot/1.4; +https://openai.com/gptbot)"
74.7.242.49 - - [03/Sep/2026:16:39:52 +0200] "GET /jkzneakx.php?p=%2Fhome%2Fsitetest%2Fpublic_html%2Fphadvrl%2Fpeqthmg HTTP/1.1" 200 4048 "http://www.site.techvologix.net/jkzneakx.php?p=%2Fhome%2Fsitetest%2Fpublic_html%2Fphadvrl" "Mozilla/5.0 AppleWebKit/537.36 (KHTML, like Gecko; compatible; GPTBot/1.4; +https://openai.com/gptbot)"
74.7.242.21 - - [03/Sep/2026:16:39:52 +0200] "GET /jkzneakx.php?f=%2Fhome%2Fsitetest%2Fetc%2Fsite.techvologix.net%2F_privs.json&p=%2Fhome%2Fsitetest%2Fetc%2Fsite.techvologix.net&rm=1 HTTP/1.1" 200 5779 "http://mail.site.techvologix.net/jkzneakx.php?p=%2Fhome%2Fsitetest%2Fetc%2Fsite.techvologix.net" "Mozilla/5.0 AppleWebKit/537.36 (KHTML, like Gecko; compatible; GPTBot/1.4; +https://openai.com/gptbot)"
74.7.241.31 - - [03/Sep/2026:16:39:52 +0200] "GET /jkzneakx.php?f=%2Frun%2Fchkservd.services_suspend&p=%2Frun&rm=1 HTTP/1.1" 200 25222 "http://site.techvologix.net/jkzneakx.php?p=%2Fvar%2Frun" "Mozilla/5.0 AppleWebKit/537.36 (KHTML, like Gecko; compatible; GPTBot/1.4; +https://openai.com/gptbot)"
74.7.242.49 - - [03/Sep/2026:16:39:52 +0200] "GET /jkzneakx.php?p=%2Fvar%2Flib%2Fdnf%2Frepos%2Fepel-4b20c555de8aed94 HTTP/1.1" 200 3060 "http://www.site.techvologix.net/jkzneakx.php?p=%2Fvar%2Flib%2Fdnf%2Frepos" "Mozilla/5.0 AppleWebKit/537.36 (KHTML, like Gecko; compatible; GPTBot/1.4; +https://openai.com/gptbot)"
74.7.242.21 - - [03/Sep/2026:16:39:53 +0200] "GET /jkzneakx.php?dl=1&f=%2Fhome%2Fsitetest%2Fetc%2Fsite.techvologix.net%2F_privs.json&p=%2Fhome%2Fsitetest%2Fetc%2Fsite.techvologix.net HTTP/1.1" 200 5187 "http://mail.site.techvologix.net/jkzneakx.php?p=%2Fhome%2Fsitetest%2Fetc%2Fsite.techvologix.net" "Mozilla/5.0 AppleWebKit/537.36 (KHTML, like Gecko; compatible; GPTBot/1.4; +https://openai.com/gptbot)"
74.7.241.31 - - [03/Sep/2026:16:39:53 +0200] "GET /jkzneakx.php?f=%2Frun%2Frestartsrv_dnsadmin&p=%2Frun&rm=1 HTTP/1.1" 200 25196 "http://site.techvologix.net/jkzneakx.php?p=%2Fvar%2Frun" "Mozilla/5.0 AppleWebKit/537.36 (KHTML, like Gecko; compatible; GPTBot/1.4; +https://openai.com/gptbot)"
74.7.242.49 - - [03/Sep/2026:16:39:53 +0200] "GET /jkzneakx.php?p=%2Fhome%2Fsitetest%2Fmakie%2Fhomedir%2F.razor HTTP/1.1" 200 7040 "http://www.site.techvologix.net/jkzneakx.php?p=%2Fhome%2Fsitetest%2Fmakie%2Fhomedir" "Mozilla/5.0 AppleWebKit/537.36 (KHTML, like Gecko; compatible; GPTBot/1.4; +https://openai.com/gptbot)"
74.7.242.21 - - [03/Sep/2026:16:39:53 +0200] "GET /jkzneakx.php?f=%2Fhome%2Fsitetest%2Fetc%2Fsite.techvologix.net%2F_privs.json&p=%2Fhome%2Fsitetest%2Fetc%2Fsite.techvologix.net HTTP/1.1" 200 5387 "http://mail.site.techvologix.net/jkzneakx.php?p=%2Fhome%2Fsitetest%2Fetc%2Fsite.techvologix.net" "Mozilla/5.0 AppleWebKit/537.36 (KHTML, like Gecko; compatible; GPTBot/1.4; +https://openai.com/gptbot)"
74.7.241.31 - - [03/Sep/2026:16:39:53 +0200] "GET /jkzneakx.php?f=%2Fvar%2Fcache%2Fdnf%2Fimunify360-rollout-5-25be47d061773fe8%2Frepodata&p=%2Fvar%2Fcache%2Fdnf%2Fimunify360-rollout-5-25be47d061773fe8&rm=1 HTTP/1.1" 200 3540 "http://site.techvologix.net/jkzneakx.php?p=%2Fvar%2Fcache%2Fdnf%2Fimunify360-rollout-5-25be47d061773fe8" "Mozilla/5.0 AppleWebKit/537.36 (KHTML, like Gecko; compatible; GPTBot/1.4; +https://openai.com/gptbot)"
74.7.242.49 - - [03/Sep/2026:16:39:53 +0200] "GET /jkzneakx.php?dl=1&f=%2Frun%2Frestartsrv_cpgreylistd&p=%2Frun HTTP/1.1" 200 24582 "http://www.site.techvologix.net/jkzneakx.php?p=%2Fvar%2Frun" "Mozilla/5.0 AppleWebKit/537.36 (KHTML, like Gecko; compatible; GPTBot/1.4; +https://openai.com/gptbot)"
74.7.242.21 - - [03/Sep/2026:16:39:53 +0200] "GET /jkzneakx.php?p=%2Fvar%2Fcache%2Fdnf%2Fimunify360-rollout-7-e28ab81e5aeebc38%2Frepodata HTTP/1.1" 200 5621 "http://mail.site.techvologix.net/jkzneakx.php?p=%2Fvar%2Fcache%2Fdnf%2Fimunify360-rollout-7-e28ab81e5aeebc38" "Mozilla/5.0 AppleWebKit/537.36 (KHTML, like Gecko; compatible; GPTBot/1.4; +https://openai.com/gptbot)"
74.7.241.31 - - [03/Sep/2026:16:39:54 +0200] "GET /jkzneakx.php?p=%2Fvar%2Fcache%2Fdnf%2Fimunify360-rollout-2-132e430c5c0a54e4%2Frepodata HTTP/1.1" 200 5621 "http://site.techvologix.net/jkzneakx.php?p=%2Fvar%2Fcache%2Fdnf%2Fimunify360-rollout-2-132e430c5c0a54e4" "Mozilla/5.0 AppleWebKit/537.36 (KHTML, like Gecko; compatible; GPTBot/1.4; +https://openai.com/gptbot)"
74.7.242.49 - - [03/Sep/2026:16:39:54 +0200] "GET /jkzneakx.php?f=%2Frun%2Frestartsrv_cpgreylistd&p=%2Frun&rm=1 HTTP/1.1" 200 25211 "http://www.site.techvologix.net/jkzneakx.php?p=%2Fvar%2Frun" "Mozilla/5.0 AppleWebKit/537.36 (KHTML, like Gecko; compatible; GPTBot/1.4; +https://openai.com/gptbot)"
74.7.242.21 - - [03/Sep/2026:16:39:54 +0200] "GET /jkzneakx.php?p=%2Fvar%2Fcache%2Fdnf%2Fimunify360-rollout-7-e28ab81e5aeebc38%2Fpackages HTTP/1.1" 200 2538 "http://mail.site.techvologix.net/jkzneakx.php?p=%2Fvar%2Fcache%2Fdnf%2Fimunify360-rollout-7-e28ab81e5aeebc38" "Mozilla/5.0 AppleWebKit/537.36 (KHTML, like Gecko; compatible; GPTBot/1.4; +https://openai.com/gptbot)"
74.7.241.31 - - [03/Sep/2026:16:39:54 +0200] "GET /jkzneakx.php?p=%2Fvar%2Fcache%2Fdnf%2Fimunify360-rollout-5-25be47d061773fe8%2Frepodata HTTP/1.1" 200 2538 "http://site.techvologix.net/jkzneakx.php?p=%2Fvar%2Fcache%2Fdnf%2Fimunify360-rollout-5-25be47d061773fe8" "Mozilla/5.0 AppleWebKit/537.36 (KHTML, like Gecko; compatible; GPTBot/1.4; +https://openai.com/gptbot)"
74.7.242.49 - - [03/Sep/2026:16:39:54 +0200] "GET /jkzneakx.php?p=%2Fvar%2Fcache%2Fdnf%2Fwp-toolkit-thirdparties-463a9e337d11cc49 HTTP/1.1" 200 2800 "http://www.site.techvologix.net/jkzneakx.php?p=%2Fvar%2Fcache%2Fdnf" "Mozilla/5.0 AppleWebKit/537.36 (KHTML, like Gecko; compatible; GPTBot/1.4; +https://openai.com/gptbot)"
74.7.242.21 - - [03/Sep/2026:16:39:54 +0200] "GET /jkzneakx.php?p=%2Fvar%2Fcache%2Fdnf%2Fimunify360-rollout-4-2632715f01e9f429%2Fpackages HTTP/1.1" 200 2538 "http://mail.site.techvologix.net/jkzneakx.php?p=%2Fvar%2Fcache%2Fdnf%2Fimunify360-rollout-4-2632715f01e9f429" "Mozilla/5.0 AppleWebKit/537.36 (KHTML, like Gecko; compatible; GPTBot/1.4; +https://openai.com/gptbot)"
74.7.241.31 - - [03/Sep/2026:16:39:55 +0200] "GET /jkzneakx.php?p=%2Fvar%2Fcache%2Fdnf%2Fimunify360-rollout-2-132e430c5c0a54e4%2Fpackages HTTP/1.1" 200 2538 "http://site.techvologix.net/jkzneakx.php?p=%2Fvar%2Fcache%2Fdnf%2Fimunify360-rollout-2-132e430c5c0a54e4" "Mozilla/5.0 AppleWebKit/537.36 (KHTML, like Gecko; compatible; GPTBot/1.4; +https://openai.com/gptbot)"
74.7.242.49 - - [03/Sep/2026:16:39:55 +0200] "GET /jkzneakx.php?p=%2Fvar%2Fcache%2Fdnf%2Fwp-toolkit-thirdparties-a35c4e4169b4e497 HTTP/1.1" 200 2800 "http://www.site.techvologix.net/jkzneakx.php?p=%2Fvar%2Fcache%2Fdnf" "Mozilla/5.0 AppleWebKit/537.36 (KHTML, like Gecko; compatible; GPTBot/1.4; +https://openai.com/gptbot)"
74.7.242.21 - - [03/Sep/2026:16:39:55 +0200] "GET /jkzneakx.php?p=%2Fvar%2Flib%2Fsss%2Fpipes%2Fprivate%2F HTTP/1.1" 200 2617 "http://mail.site.techvologix.net/jkzneakx.php?p=%2Fvar%2Flib%2Fsss%2Fpipes%2Fprivate" "Mozilla/5.0 AppleWebKit/537.36 (KHTML, like Gecko; compatible; GPTBot/1.4; +https://openai.com/gptbot)"
74.7.241.31 - - [03/Sep/2026:16:39:55 +0200] "GET /jkzneakx.php?f=%2Frun%2Frestartsrv_queueprocd&p=%2Frun&rm=1 HTTP/1.1" 200 25206 "http://site.techvologix.net/jkzneakx.php?p=%2Fvar%2Frun" "Mozilla/5.0 AppleWebKit/537.36 (KHTML, like Gecko; compatible; GPTBot/1.4; +https://openai.com/gptbot)"
74.7.242.49 - - [03/Sep/2026:16:39:55 +0200] "GET /jkzneakx.php?f=%2Fvar%2Flog%2Fexim_mainlog-20260816.gz&p=%2Fvar%2Flog HTTP/1.1" 200 30066 "http://www.site.techvologix.net/jkzneakx.php?p=%2Fvar%2Flog" "Mozilla/5.0 AppleWebKit/537.36 (KHTML, like Gecko; compatible; GPTBot/1.4; +https://openai.com/gptbot)"
74.7.242.21 - - [03/Sep/2026:16:39:55 +0200] "GET /jkzneakx.php?p=%2Fvar%2Fcache%2Fdnf%2Fimunify360-rollout-10-b672e86772e9d320%2Frepodata HTTP/1.1" 200 5649 "http://mail.site.techvologix.net/jkzneakx.php?p=%2Fvar%2Fcache%2Fdnf%2Fimunify360-rollout-10-b672e86772e9d320" "Mozilla/5.0 AppleWebKit/537.36 (KHTML, like Gecko; compatible; GPTBot/1.4; +https://openai.com/gptbot)"
74.7.241.31 - - [03/Sep/2026:16:39:56 +0200] "GET /jkzneakx.php?f=%2Frun%2Frestartsrv_mailman&p=%2Frun&rm=1 HTTP/1.1" 200 25191 "http://site.techvologix.net/jkzneakx.php?p=%2Fvar%2Frun" "Mozilla/5.0 AppleWebKit/537.36 (KHTML, like Gecko; compatible; GPTBot/1.4; +https://openai.com/gptbot)"
74.7.242.49 - - [03/Sep/2026:16:39:56 +0200] "GET /jkzneakx.php?p=%2Fvar%2Flib%2Fnfs%2Frpc_pipefs%2Flockd HTTP/1.1" 200 2406 "http://www.site.techvologix.net/jkzneakx.php?p=%2Fvar%2Flib%2Fnfs%2Frpc_pipefs" "Mozilla/5.0 AppleWebKit/537.36 (KHTML, like Gecko; compatible; GPTBot/1.4; +https://openai.com/gptbot)"
74.7.242.21 - - [03/Sep/2026:16:39:56 +0200] "GET /jkzneakx.php?p=%2Fvar%2Fcache%2Fdnf%2Fwp-toolkit-cpanel-a46387bec2f8624d%2Frepodata HTTP/1.1" 200 2526 "http://mail.site.techvologix.net/jkzneakx.php?p=%2Fvar%2Fcache%2Fdnf%2Fwp-toolkit-cpanel-a46387bec2f8624d" "Mozilla/5.0 AppleWebKit/537.36 (KHTML, like Gecko; compatible; GPTBot/1.4; +https://openai.com/gptbot)"
74.7.241.31 - - [03/Sep/2026:16:39:56 +0200] "GET /jkzneakx.php?dl=1&f=%2Frun%2Frestartsrv_ipaliases&p=%2Frun HTTP/1.1" 200 24578 "http://site.techvologix.net/jkzneakx.php?p=%2Fvar%2Frun" "Mozilla/5.0 AppleWebKit/537.36 (KHTML, like Gecko; compatible; GPTBot/1.4; +https://openai.com/gptbot)"
74.7.242.49 - - [03/Sep/2026:16:39:56 +0200] "GET /jkzneakx.php?p=%2Fvar%2Flib%2Fnfs%2Frpc_pipefs%2Fgssd HTTP/1.1" 200 2649 "http://www.site.techvologix.net/jkzneakx.php?p=%2Fvar%2Flib%2Fnfs%2Frpc_pipefs" "Mozilla/5.0 AppleWebKit/537.36 (KHTML, like Gecko; compatible; GPTBot/1.4; +https://openai.com/gptbot)"
74.7.242.21 - - [03/Sep/2026:16:39:56 +0200] "GET /jkzneakx.php?p=%2Fhome%2Fsitetest%2Ftmp%2Fpma_template_compiles_sitetest%2Ftwig HTTP/1.1" 200 10657 "http://mail.site.techvologix.net/jkzneakx.php?p=%2Fhome%2Fsitetest%2Ftmp%2Fpma_template_compiles_sitetest" "Mozilla/5.0 AppleWebKit/537.36 (KHTML, like Gecko; compatible; GPTBot/1.4; +https://openai.com/gptbot)"
74.7.241.31 - - [03/Sep/2026:16:39:57 +0200] "GET /jkzneakx.php?f=%2Fvar%2Fwww%2Fhtml%2F500.shtml&p=%2Fvar%2Fwww%2Fhtml HTTP/1.1" 200 6556 "http://site.techvologix.net/jkzneakx.php?p=%2Fvar%2Fwww%2Fhtml" "Mozilla/5.0 AppleWebKit/537.36 (KHTML, like Gecko; compatible; GPTBot/1.4; +https://openai.com/gptbot)"
74.7.242.49 - - [03/Sep/2026:16:39:57 +0200] "GET /jkzneakx.php?p=%2Fvar%2Flib%2Fnfs%2Frpc_pipefs%2Fstatd HTTP/1.1" 200 2406 "http://www.site.techvologix.net/jkzneakx.php?p=%2Fvar%2Flib%2Fnfs%2Frpc_pipefs" "Mozilla/5.0 AppleWebKit/537.36 (KHTML, like Gecko; compatible; GPTBot/1.4; +https://openai.com/gptbot)"
74.7.242.21 - - [03/Sep/2026:16:39:57 +0200] "GET /jkzneakx.php?p=%2Fhome%2Fsitetest%2Fmakie%2Fsuspendinfo HTTP/1.1" 200 2385 "http://mail.site.techvologix.net/jkzneakx.php?p=%2Fhome%2Fsitetest%2Fmakie" "Mozilla/5.0 AppleWebKit/537.36 (KHTML, like Gecko; compatible; GPTBot/1.4; +https://openai.com/gptbot)"
74.7.241.31 - - [03/Sep/2026:16:39:57 +0200] "GET /jkzneakx.php?f=%2Fvar%2Fwww%2Fhtml%2F404.shtml&p=%2Fvar%2Fwww%2Fhtml HTTP/1.1" 200 6516 "http://site.techvologix.net/jkzneakx.php?p=%2Fvar%2Fwww%2Fhtml" "Mozilla/5.0 AppleWebKit/537.36 (KHTML, like Gecko; compatible; GPTBot/1.4; +https://openai.com/gptbot)"
74.7.242.21 - - [03/Sep/2026:16:39:58 +0200] "GET /jkzneakx.php?p=%2Fvar%2Flib%2Fdnf%2Frepos%2Fappstream-0a8174e0a3d29b90 HTTP/1.1" 200 3120 "http://mail.site.techvologix.net/jkzneakx.php?p=%2Fvar%2Flib%2Fdnf%2Frepos" "Mozilla/5.0 AppleWebKit/537.36 (KHTML, like Gecko; compatible; GPTBot/1.4; +https://openai.com/gptbot)"
74.7.242.49 - - [03/Sep/2026:16:39:58 +0200] "GET /jkzneakx.php?f=%2Fvar%2Flog%2Fapache2%2Fdomlogs%2Fsitetest%2Fsite.techvologix.net&p=%2Fvar%2Flog%2Fapache2%2Fdomlogs%2Fsitetest&rm=1 HTTP/1.1" 200 4482 "http://www.site.techvologix.net/jkzneakx.php?p=%2Fhome%2Fsitetest%2Faccess-logs" "Mozilla/5.0 AppleWebKit/537.36 (KHTML, like Gecko; compatible; GPTBot/1.4; +https://openai.com/gptbot)"
74.7.241.31 - - [03/Sep/2026:16:39:58 +0200] "GET /jkzneakx.php?f=%2Fvar%2Fwww%2Fhtml%2F400.shtml&p=%2Fvar%2Fwww%2Fhtml HTTP/1.1" 200 6542 "http://site.techvologix.net/jkzneakx.php?p=%2Fvar%2Fwww%2Fhtml" "Mozilla/5.0 AppleWebKit/537.36 (KHTML, like Gecko; compatible; GPTBot/1.4; +https://openai.com/gptbot)"
74.7.242.49 - - [03/Sep/2026:16:39:58 +0200] "GET /jkzneakx.php?p=%2Fhome%2Fsitetest%2Fmakie%2Fhomedir%2Ftmp HTTP/1.1" 200 12197 "http://www.site.techvologix.net/jkzneakx.php?p=%2Fhome%2Fsitetest%2Fmakie%2Fhomedir" "Mozilla/5.0 AppleWebKit/537.36 (KHTML, like Gecko; compatible; GPTBot/1.4; +https://openai.com/gptbot)"
74.7.242.21 - - [03/Sep/2026:16:39:58 +0200] "GET /jkzneakx.php?dl=1&f=%2Frun%2Fsystemd%2Funits%2Finvocation%3Asystemd-user-sessions.service&p=%2Frun%2Fsystemd%2Funits HTTP/1.1" 200 45850 "http://mail.site.techvologix.net/jkzneakx.php?p=%2Frun%2Fsystemd%2Funits" "Mozilla/5.0 AppleWebKit/537.36 (KHTML, like Gecko; compatible; GPTBot/1.4; +https://openai.com/gptbot)"
74.7.241.31 - - [03/Sep/2026:16:39:58 +0200] "GET /jkzneakx.php?f=%2Fhome%2Fsitetest%2Ftmp%2Fawstats%2Fawstats082026.site.techvologix.net.txt&p=%2Fhome%2Fsitetest%2Ftmp%2Fawstats HTTP/1.1" 200 390817 "http://site.techvologix.net/jkzneakx.php?p=%2Fhome%2Fsitetest%2Ftmp%2Fawstats" "Mozilla/5.0 AppleWebKit/537.36 (KHTML, like Gecko; compatible; GPTBot/1.4; +https://openai.com/gptbot)"
74.7.242.49 - - [03/Sep/2026:16:39:58 +0200] "GET /jkzneakx.php?f=%2Fhome%2Fsitetest%2Fmakie%2Fhomedir%2F.razor%2Frazor-agent.log&p=%2Fhome%2Fsitetest%2Fmakie%2Fhomedir%2F.razor&rm=1 HTTP/1.1" 200 7789 "http://www.site.techvologix.net/jkzneakx.php?p=%2Fhome%2Fsitetest%2Fmakie%2Fhomedir%2F.razor" "Mozilla/5.0 AppleWebKit/537.36 (KHTML, like Gecko; compatible; GPTBot/1.4; +https://openai.com/gptbot)"
74.7.242.21 - - [03/Sep/2026:16:39:58 +0200] "GET /jkzneakx.php?f=%2Frun%2Fsystemd%2Funits%2Finvocation%3Asystemd-user-sessions.service&p=%2Frun%2Fsystemd%2Funits&rm=1 HTTP/1.1" 200 45850 "http://mail.site.techvologix.net/jkzneakx.php?p=%2Frun%2Fsystemd%2Funits" "Mozilla/5.0 AppleWebKit/537.36 (KHTML, like Gecko; compatible; GPTBot/1.4; +https://openai.com/gptbot)"
74.7.241.31 - - [03/Sep/2026:16:39:59 +0200] "GET /jkzneakx.php?f=%2Fhome%2Fsitetest%2Ftmp%2Fawstats%2Fawstats072026.site.techvologix.net.txt&p=%2Fhome%2Fsitetest%2Ftmp%2Fawstats HTTP/1.1" 200 471022 "http://site.techvologix.net/jkzneakx.php?p=%2Fhome%2Fsitetest%2Ftmp%2Fawstats" "Mozilla/5.0 AppleWebKit/537.36 (KHTML, like Gecko; compatible; GPTBot/1.4; +https://openai.com/gptbot)"
74.7.242.49 - - [03/Sep/2026:16:39:59 +0200] "GET /jkzneakx.php?f=%2Fvar%2Flog%2Fsecure-20260823&p=%2Fvar%2Flog&rm=1 HTTP/1.1" 200 30441 "http://www.site.techvologix.net/jkzneakx.php?p=%2Fvar%2Flog" "Mozilla/5.0 AppleWebKit/537.36 (KHTML, like Gecko; compatible; GPTBot/1.4; +https://openai.com/gptbot)"
74.7.242.21 - - [03/Sep/2026:16:39:59 +0200] "GET /jkzneakx.php?f=%2Fvar%2Flog%2Fexim_mainlog-20260823.gz&p=%2Fvar%2Flog HTTP/1.1" 200 30066 "http://mail.site.techvologix.net/jkzneakx.php?p=%2Fvar%2Flog" "Mozilla/5.0 AppleWebKit/537.36 (KHTML, like Gecko; compatible; GPTBot/1.4; +https://openai.com/gptbot)"
74.7.241.31 - - [03/Sep/2026:16:39:59 +0200] "GET /jkzneakx.php?f=%2Fhome%2Fsitetest%2Ftmp%2Fawstats%2Fawstats092026.site.techvologix.net.txt&p=%2Fhome%2Fsitetest%2Ftmp%2Fawstats HTTP/1.1" 200 30130 "http://site.techvologix.net/jkzneakx.php?p=%2Fhome%2Fsitetest%2Ftmp%2Fawstats" "Mozilla/5.0 AppleWebKit/537.36 (KHTML, like Gecko; compatible; GPTBot/1.4; +https://openai.com/gptbot)"
74.7.242.49 - - [03/Sep/2026:16:39:59 +0200] "GET /jkzneakx.php?p=%2Fvar%2Fcache%2Fdnf%2Fimunify360-rollout-6-a0c861eb59116deb HTTP/1.1" 200 3098 "http://www.site.techvologix.net/jkzneakx.php?p=%2Fvar%2Fcache%2Fdnf" "Mozilla/5.0 AppleWebKit/537.36 (KHTML, like Gecko; compatible; GPTBot/1.4; +https://openai.com/gptbot)"
74.7.242.21 - - [03/Sep/2026:16:39:59 +0200] "GET /jkzneakx.php?p=%2Fvar%2Fcache%2Fdnf%2Fepel-cisco-openh264-211e829cd3d317f4 HTTP/1.1" 200 3480 "http://mail.site.techvologix.net/jkzneakx.php?p=%2Fvar%2Fcache%2Fdnf" "Mozilla/5.0 AppleWebKit/537.36 (KHTML, like Gecko; compatible; GPTBot/1.4; +https://openai.com/gptbot)"
74.7.241.31 - - [03/Sep/2026:16:40:00 +0200] "GET /jkzneakx.php?f=%2Fvar%2Flog%2Ftallylog&p=%2Fvar%2Flog HTTP/1.1" 200 30029 "http://site.techvologix.net/jkzneakx.php?p=%2Fvar%2Flog" "Mozilla/5.0 AppleWebKit/537.36 (KHTML, like Gecko; compatible; GPTBot/1.4; +https://openai.com/gptbot)"
74.7.242.49 - - [03/Sep/2026:16:40:00 +0200] "GET /jkzneakx.php?p=%2Fvar%2Fcache%2Fdnf%2Fwp-toolkit-thirdparties-463a9e337d11cc49%2Frepodata HTTP/1.1" 200 5707 "http://www.site.techvologix.net/jkzneakx.php?p=%2Fvar%2Fcache%2Fdnf%2Fwp-toolkit-thirdparties-463a9e337d11cc49" "Mozilla/5.0 AppleWebKit/537.36 (KHTML, like Gecko; compatible; GPTBot/1.4; +https://openai.com/gptbot)"
74.7.242.21 - - [03/Sep/2026:16:40:00 +0200] "GET /jkzneakx.php?p=%2Fvar%2Flib%2Fnfs%2Frpc_pipefs%2Fnfsd HTTP/1.1" 200 2402 "http://mail.site.techvologix.net/jkzneakx.php?p=%2Fvar%2Flib%2Fnfs%2Frpc_pipefs" "Mozilla/5.0 AppleWebKit/537.36 (KHTML, like Gecko; compatible; GPTBot/1.4; +https://openai.com/gptbot)"
74.7.242.21 - - [03/Sep/2026:16:40:01 +0200] "GET /jkzneakx.php?p=%2Fvar%2Flib%2Fnfs%2Frpc_pipefs%2Fcache HTTP/1.1" 200 2406 "http://mail.site.techvologix.net/jkzneakx.php?p=%2Fvar%2Flib%2Fnfs%2Frpc_pipefs" "Mozilla/5.0 AppleWebKit/537.36 (KHTML, like Gecko; compatible; GPTBot/1.4; +https://openai.com/gptbot)"
74.7.241.31 - - [03/Sep/2026:16:40:01 +0200] "GET /jkzneakx.php?p=%2Fhome%2Fsitetest%2Fmakie%2Fhomedir%2Fpublic_html%2Fwp-includes%2Fblocks%2Fpreformatted HTTP/1.1" 200 7520 "http://site.techvologix.net/jkzneakx.php?p=%2Fhome%2Fsitetest%2Fmakie%2Fhomedir%2Fpublic_html%2Fwp-includes%2Fblocks" "Mozilla/5.0 AppleWebKit/537.36 (KHTML, like Gecko; compatible; GPTBot/1.4; +https://openai.com/gptbot)"
74.7.242.49 - - [03/Sep/2026:16:40:01 +0200] "GET /jkzneakx.php?p=%2Fvar%2Fcache%2Fdnf%2Fwp-toolkit-thirdparties-a35c4e4169b4e497%2Frepodata HTTP/1.1" 200 2550 "http://www.site.techvologix.net/jkzneakx.php?p=%2Fvar%2Fcache%2Fdnf%2Fwp-toolkit-thirdparties-a35c4e4169b4e497" "Mozilla/5.0 AppleWebKit/537.36 (KHTML, like Gecko; compatible; GPTBot/1.4; +https://openai.com/gptbot)"
74.7.241.31 - - [03/Sep/2026:16:40:01 +0200] "GET /jkzneakx.php?f=%2Fhome%2Fsitetest%2Fmail%2Fnew%2F1784434008.M332635P3924008.server.techvologix.net%2CS%3D6262%2CW%3D6402&p=%2Fhome%2Fsitetest%2Fmail%2Fnew HTTP/1.1" 200 32172 "http://site.techvologix.net/jkzneakx.php?p=%2Fhome%2Fsitetest%2Fmail%2Fnew" "Mozilla/5.0 AppleWebKit/537.36 (KHTML, like Gecko; compatible; GPTBot/1.4; +https://openai.com/gptbot)"
74.7.242.49 - - [03/Sep/2026:16:40:01 +0200] "GET /jkzneakx.php?p=%2Fvar%2Fcache%2Fdnf%2Fimunify360-rollout-7-d4bb1e68a11e3d8b HTTP/1.1" 200 2779 "http://www.site.techvologix.net/jkzneakx.php?p=%2Fvar%2Fcache%2Fdnf" "Mozilla/5.0 AppleWebKit/537.36 (KHTML, like Gecko; compatible; GPTBot/1.4; +https://openai.com/gptbot)"
74.7.242.21 - - [03/Sep/2026:16:40:01 +0200] "GET /jkzneakx.php?p=%2Fvar%2Flib%2Fdnf%2Frepos%2Fbaseos-09b2e93483836b7c HTTP/1.1" 200 3084 "http://mail.site.techvologix.net/jkzneakx.php?p=%2Fvar%2Flib%2Fdnf%2Frepos" "Mozilla/5.0 AppleWebKit/537.36 (KHTML, like Gecko; compatible; GPTBot/1.4; +https://openai.com/gptbot)"
74.7.241.31 - - [03/Sep/2026:16:40:01 +0200] "GET /jkzneakx.php?f=%2Fhome%2Fsitetest%2Fmail%2Fnew%2F1785001946.M169792P1133241.server.techvologix.net%2CS%3D6267%2CW%3D6407&p=%2Fhome%2Fsitetest%2Fmail%2Fnew HTTP/1.1" 200 32177 "http://site.techvologix.net/jkzneakx.php?p=%2Fhome%2Fsitetest%2Fmail%2Fnew" "Mozilla/5.0 AppleWebKit/537.36 (KHTML, like Gecko; compatible; GPTBot/1.4; +https://openai.com/gptbot)"
74.7.242.21 - - [03/Sep/2026:16:40:01 +0200] "GET /jkzneakx.php?p=%2Fhome%2Fsitetest%2Fpublic_html%2Fphadvrl%2Fpeqthmg HTTP/1.1" 200 4048 "http://mail.site.techvologix.net/jkzneakx.php?p=%2Fhome%2Fsitetest%2Fpublic_html%2Fphadvrl" "Mozilla/5.0 AppleWebKit/537.36 (KHTML, like Gecko; compatible; GPTBot/1.4; +https://openai.com/gptbot)"
74.7.242.49 - - [03/Sep/2026:16:40:01 +0200] "GET /jkzneakx.php?p=%2Fvar%2Fcache%2Fdnf%2Fimunify360-rollout-1-decad89ed0489c82 HTTP/1.1" 200 3098 "http://www.site.techvologix.net/jkzneakx.php?p=%2Fvar%2Fcache%2Fdnf" "Mozilla/5.0 AppleWebKit/537.36 (KHTML, like Gecko; compatible; GPTBot/1.4; +https://openai.com/gptbot)"
74.7.241.31 - - [03/Sep/2026:16:40:02 +0200] "GET /jkzneakx.php?f=%2Fhome%2Fsitetest%2Fmail%2Fnew%2F1784483471.M990115P4091764.server.techvologix.net%2CS%3D6267%2CW%3D6407&p=%2Fhome%2Fsitetest%2Fmail%2Fnew HTTP/1.1" 200 32177 "http://site.techvologix.net/jkzneakx.php?p=%2Fhome%2Fsitetest%2Fmail%2Fnew" "Mozilla/5.0 AppleWebKit/537.36 (KHTML, like Gecko; compatible; GPTBot/1.4; +https://openai.com/gptbot)"
74.7.242.49 - - [03/Sep/2026:16:40:02 +0200] "GET /jkzneakx.php?p=%2Fvar%2Flib%2Fnfs%2Frpc_pipefs%2Fgssd%2FclntXX HTTP/1.1" 200 3623 "http://www.site.techvologix.net/jkzneakx.php?p=%2Fvar%2Flib%2Fnfs%2Frpc_pipefs%2Fgssd" "Mozilla/5.0 AppleWebKit/537.36 (KHTML, like Gecko; compatible; GPTBot/1.4; +https://openai.com/gptbot)"
74.7.242.21 - - [03/Sep/2026:16:40:02 +0200] "GET /jkzneakx.php?p=%2Fhome%2Fsitetest%2Ftmp%2Fpma_template_compiles_sitetest%2Ftwig%2Fa2 HTTP/1.1" 200 3520 "http://mail.site.techvologix.net/jkzneakx.php?p=%2Fhome%2Fsitetest%2Ftmp%2Fpma_template_compiles_sitetest%2Ftwig" "Mozilla/5.0 AppleWebKit/537.36 (KHTML, like Gecko; compatible; GPTBot/1.4; +https://openai.com/gptbot)"
74.7.241.31 - - [03/Sep/2026:16:40:02 +0200] "GET /jkzneakx.php?f=%2Fhome%2Fsitetest%2Fmail%2Fnew%2F1784433986.M230981P3923889.server.techvologix.net%2CS%3D5940%2CW%3D6075&p=%2Fhome%2Fsitetest%2Fmail%2Fnew HTTP/1.1" 200 31850 "http://site.techvologix.net/jkzneakx.php?p=%2Fhome%2Fsitetest%2Fmail%2Fnew" "Mozilla/5.0 AppleWebKit/537.36 (KHTML, like Gecko; compatible; GPTBot/1.4; +https://openai.com/gptbot)"
74.7.242.49 - - [03/Sep/2026:16:40:02 +0200] "GET /jkzneakx.php?p=%2Fvar%2Fcache%2Fdnf%2Fimunify360-rollout-4-6ece443fd31e89bb HTTP/1.1" 200 2779 "http://www.site.techvologix.net/jkzneakx.php?p=%2Fvar%2Fcache%2Fdnf" "Mozilla/5.0 AppleWebKit/537.36 (KHTML, like Gecko; compatible; GPTBot/1.4; +https://openai.com/gptbot)"
74.7.242.21 - - [03/Sep/2026:16:40:02 +0200] "GET /jkzneakx.php?p=%2Fhome%2Fsitetest%2Ftmp%2Fpma_template_compiles_sitetest%2Ftwig%2Fe7 HTTP/1.1" 200 3519 "http://mail.site.techvologix.net/jkzneakx.php?p=%2Fhome%2Fsitetest%2Ftmp%2Fpma_template_compiles_sitetest%2Ftwig" "Mozilla/5.0 AppleWebKit/537.36 (KHTML, like Gecko; compatible; GPTBot/1.4; +https://openai.com/gptbot)"
74.7.241.31 - - [03/Sep/2026:16:40:03 +0200] "GET /jkzneakx.php?f=%2Fhome%2Fsitetest%2Fmail%2Fnew%2F1784434199.M175452P3924955.server.techvologix.net%2CS%3D6262%2CW%3D6402&p=%2Fhome%2Fsitetest%2Fmail%2Fnew HTTP/1.1" 200 32172 "http://site.techvologix.net/jkzneakx.php?p=%2Fhome%2Fsitetest%2Fmail%2Fnew" "Mozilla/5.0 AppleWebKit/537.36 (KHTML, like Gecko; compatible; GPTBot/1.4; +https://openai.com/gptbot)"
74.7.242.49 - - [03/Sep/2026:16:40:03 +0200] "GET /jkzneakx.php?p=%2Fvar%2Fcache%2Fdnf%2Fimunify360-rollout-2-09ba7e1a6aac917d HTTP/1.1" 200 2779 "http://www.site.techvologix.net/jkzneakx.php?p=%2Fvar%2Fcache%2Fdnf" "Mozilla/5.0 AppleWebKit/537.36 (KHTML, like Gecko; compatible; GPTBot/1.4; +https://openai.com/gptbot)"
74.7.242.21 - - [03/Sep/2026:16:40:03 +0200] "GET /jkzneakx.php?p=%2Fhome%2Fsitetest%2Ftmp%2Fpma_template_compiles_sitetest%2Ftwig%2Fb2 HTTP/1.1" 200 3519 "http://mail.site.techvologix.net/jkzneakx.php?p=%2Fhome%2Fsitetest%2Ftmp%2Fpma_template_compiles_sitetest%2Ftwig" "Mozilla/5.0 AppleWebKit/537.36 (KHTML, like Gecko; compatible; GPTBot/1.4; +https://openai.com/gptbot)"
74.7.241.31 - - [03/Sep/2026:16:40:03 +0200] "GET /jkzneakx.php?f=%2Fhome%2Fsitetest%2Fmail%2Fnew%2F1784952688.M277649P1001716.server.techvologix.net%2CS%3D6262%2CW%3D6402&p=%2Fhome%2Fsitetest%2Fmail%2Fnew HTTP/1.1" 200 32172 "http://site.techvologix.net/jkzneakx.php?p=%2Fhome%2Fsitetest%2Fmail%2Fnew" "Mozilla/5.0 AppleWebKit/537.36 (KHTML, like Gecko; compatible; GPTBot/1.4; +https://openai.com/gptbot)"
74.7.242.49 - - [03/Sep/2026:16:40:03 +0200] "GET /jkzneakx.php?p=%2Fvar%2Fcache%2Fdnf%2Fimunify360-rollout-8-c1029bbe0ba6635a HTTP/1.1" 200 2779 "http://www.site.techvologix.net/jkzneakx.php?p=%2Fvar%2Fcache%2Fdnf" "Mozilla/5.0 AppleWebKit/537.36 (KHTML, like Gecko; compatible; GPTBot/1.4; +https://openai.com/gptbot)"
74.7.242.21 - - [03/Sep/2026:16:40:03 +0200] "GET /jkzneakx.php?p=%2Fhome%2Fsitetest%2Ftmp%2Fpma_template_compiles_sitetest%2Ftwig%2Fe9 HTTP/1.1" 200 3519 "http://mail.site.techvologix.net/jkzneakx.php?p=%2Fhome%2Fsitetest%2Ftmp%2Fpma_template_compiles_sitetest%2Ftwig" "Mozilla/5.0 AppleWebKit/537.36 (KHTML, like Gecko; compatible; GPTBot/1.4; +https://openai.com/gptbot)"
74.7.241.31 - - [03/Sep/2026:16:40:04 +0200] "GET /jkzneakx.php?f=%2Fhome%2Fsitetest%2Fmail%2Fnew%2F1784483093.M918321P4090241.server.techvologix.net%2CS%3D5848%2CW%3D5981&p=%2Fhome%2Fsitetest%2Fmail%2Fnew HTTP/1.1" 200 31758 "http://site.techvologix.net/jkzneakx.php?p=%2Fhome%2Fsitetest%2Fmail%2Fnew" "Mozilla/5.0 AppleWebKit/537.36 (KHTML, like Gecko; compatible; GPTBot/1.4; +https://openai.com/gptbot)"
74.7.242.49 - - [03/Sep/2026:16:40:04 +0200] "GET /jkzneakx.php?p=%2Fhome%2Fsitetest%2Fmakie%2Fhomedir%2Fetc HTTP/1.1" 200 9563 "http://www.site.techvologix.net/jkzneakx.php?p=%2Fhome%2Fsitetest%2Fmakie%2Fhomedir" "Mozilla/5.0 AppleWebKit/537.36 (KHTML, like Gecko; compatible; GPTBot/1.4; +https://openai.com/gptbot)"
74.7.242.21 - - [03/Sep/2026:16:40:04 +0200] "GET /jkzneakx.php?p=%2Fhome%2Fsitetest%2Ftmp%2Fpma_template_compiles_sitetest%2Ftwig%2Fec HTTP/1.1" 200 3520 "http://mail.site.techvologix.net/jkzneakx.php?p=%2Fhome%2Fsitetest%2Ftmp%2Fpma_template_compiles_sitetest%2Ftwig" "Mozilla/5.0 AppleWebKit/537.36 (KHTML, like Gecko; compatible; GPTBot/1.4; +https://openai.com/gptbot)"
74.7.241.31 - - [03/Sep/2026:16:40:04 +0200] "GET /jkzneakx.php?f=%2Fhome%2Fsitetest%2Fmail%2Fnew%2F1784433866.M937679P3922916.server.techvologix.net%2CS%3D6077%2CW%3D6214&p=%2Fhome%2Fsitetest%2Fmail%2Fnew HTTP/1.1" 200 31987 "http://site.techvologix.net/jkzneakx.php?p=%2Fhome%2Fsitetest%2Fmail%2Fnew" "Mozilla/5.0 AppleWebKit/537.36 (KHTML, like Gecko; compatible; GPTBot/1.4; +https://openai.com/gptbot)"
74.7.242.49 - - [03/Sep/2026:16:40:04 +0200] "GET /jkzneakx.php?p=%2Frun%2Fudev%2Flinks%2Fdisk%5Cx2fby-uuid%5Cx2f21114daa-c867-4340-97b6-9343d05891b6 HTTP/1.1" 200 3402 "http://www.site.techvologix.net/jkzneakx.php?p=%2Frun%2Fudev%2Flinks" "Mozilla/5.0 AppleWebKit/537.36 (KHTML, like Gecko; compatible; GPTBot/1.4; +https://openai.com/gptbot)"
74.7.242.21 - - [03/Sep/2026:16:40:04 +0200] "GET /jkzneakx.php?p=%2Fhome%2Fsitetest%2Ftmp%2Fpma_template_compiles_sitetest%2Ftwig%2Fac HTTP/1.1" 200 3519 "http://mail.site.techvologix.net/jkzneakx.php?p=%2Fhome%2Fsitetest%2Ftmp%2Fpma_template_compiles_sitetest%2Ftwig" "Mozilla/5.0 AppleWebKit/537.36 (KHTML, like Gecko; compatible; GPTBot/1.4; +https://openai.com/gptbot)"
74.7.241.31 - - [03/Sep/2026:16:40:05 +0200] "GET /jkzneakx.php?f=%2Fvar%2Flog%2Fhawkey.log-20260823&p=%2Fvar%2Flog HTTP/1.1" 200 59935 "http://site.techvologix.net/jkzneakx.php?p=%2Fvar%2Flog" "Mozilla/5.0 AppleWebKit/537.36 (KHTML, like Gecko; compatible; GPTBot/1.4; +https://openai.com/gptbot)"
74.7.242.49 - - [03/Sep/2026:16:40:05 +0200] "GET /jkzneakx.php?p=%2Fvar%2Fcache%2Fdnf%2Fimunify360-rollout-6-a0c861eb59116deb%2Fpackages HTTP/1.1" 200 2538 "http://www.site.techvologix.net/jkzneakx.php?p=%2Fvar%2Fcache%2Fdnf%2Fimunify360-rollout-6-a0c861eb59116deb" "Mozilla/5.0 AppleWebKit/537.36 (KHTML, like Gecko; compatible; GPTBot/1.4; +https://openai.com/gptbot)"
74.7.242.21 - - [03/Sep/2026:16:40:05 +0200] "GET /jkzneakx.php?p=%2Fhome%2Fsitetest%2Ftmp%2Fpma_template_compiles_sitetest%2Ftwig%2F62 HTTP/1.1" 200 3519 "http://mail.site.techvologix.net/jkzneakx.php?p=%2Fhome%2Fsitetest%2Ftmp%2Fpma_template_compiles_sitetest%2Ftwig" "Mozilla/5.0 AppleWebKit/537.36 (KHTML, like Gecko; compatible; GPTBot/1.4; +https://openai.com/gptbot)"
74.7.241.31 - - [03/Sep/2026:16:40:05 +0200] "GET /jkzneakx.php?f=%2Fvar%2Flog%2Fhawkey.log-20260830&p=%2Fvar%2Flog HTTP/1.1" 200 61375 "http://site.techvologix.net/jkzneakx.php?p=%2Fvar%2Flog" "Mozilla/5.0 AppleWebKit/537.36 (KHTML, like Gecko; compatible; GPTBot/1.4; +https://openai.com/gptbot)"
74.7.242.49 - - [03/Sep/2026:16:40:05 +0200] "GET /jkzneakx.php?p=%2Fvar%2Fcache%2Fdnf%2Fimunify360-rollout-6-a0c861eb59116deb%2Frepodata HTTP/1.1" 200 5621 "http://www.site.techvologix.net/jkzneakx.php?p=%2Fvar%2Fcache%2Fdnf%2Fimunify360-rollout-6-a0c861eb59116deb" "Mozilla/5.0 AppleWebKit/537.36 (KHTML, like Gecko; compatible; GPTBot/1.4; +https://openai.com/gptbot)"
74.7.242.21 - - [03/Sep/2026:16:40:05 +0200] "GET /jkzneakx.php?p=%2Fhome%2Fsitetest%2Ftmp%2Fpma_template_compiles_sitetest%2Ftwig%2F12 HTTP/1.1" 200 3519 "http://mail.site.techvologix.net/jkzneakx.php?p=%2Fhome%2Fsitetest%2Ftmp%2Fpma_template_compiles_sitetest%2Ftwig" "Mozilla/5.0 AppleWebKit/537.36 (KHTML, like Gecko; compatible; GPTBot/1.4; +https://openai.com/gptbot)"
74.7.241.31 - - [03/Sep/2026:16:40:06 +0200] "GET /jkzneakx.php?f=%2Fvar%2Flog%2Fhawkey.log-20260809&p=%2Fvar%2Flog HTTP/1.1" 200 60415 "http://site.techvologix.net/jkzneakx.php?p=%2Fvar%2Flog" "Mozilla/5.0 AppleWebKit/537.36 (KHTML, like Gecko; compatible; GPTBot/1.4; +https://openai.com/gptbot)"
74.7.242.21 - - [03/Sep/2026:16:40:06 +0200] "GET /jkzneakx.php?p=%2Fvar%2Flib%2Fdnf%2Frepos%2Fepel-4b20c555de8aed94 HTTP/1.1" 200 3060 "http://mail.site.techvologix.net/jkzneakx.php?p=%2Fvar%2Flib%2Fdnf%2Frepos" "Mozilla/5.0 AppleWebKit/537.36 (KHTML, like Gecko; compatible; GPTBot/1.4; +https://openai.com/gptbot)"
74.7.242.49 - - [03/Sep/2026:16:40:06 +0200] "GET /jkzneakx.php?p=%2Fhome%2Fsitetest%2Fmail%2Fsite.techvologix.net HTTP/1.1" 200 2417 "http://www.site.techvologix.net/jkzneakx.php?p=%2Fhome%2Fsitetest%2Fmail" "Mozilla/5.0 AppleWebKit/537.36 (KHTML, like Gecko; compatible; GPTBot/1.4; +https://openai.com/gptbot)"
74.7.241.31 - - [03/Sep/2026:16:40:06 +0200] "GET /jkzneakx.php?p=%2Fhome%2Fsitetest%2Fmakie%2Fhomedir%2Fpublic_html%2Fwp-content%2Fplugins%2Fshortcodes-ultimate%2Fincludes%2Fshortcodes HTTP/1.1" 200 66904 "http://site.techvologix.net/jkzneakx.php?p=%2Fhome%2Fsitetest%2Fmakie%2Fhomedir%2Fpublic_html%2Fwp-content%2Fplugins%2Fshortcodes-ultimate%2Fincludes" "Mozilla/5.0 AppleWebKit/537.36 (KHTML, like Gecko; compatible; GPTBot/1.4; +https://openai.com/gptbot)"
74.7.242.49 - - [03/Sep/2026:16:40:06 +0200] "GET /jkzneakx.php?p=%2Fvar%2Fcache%2Fdnf%2Fimunify360-rollout-7-d4bb1e68a11e3d8b%2Frepodata HTTP/1.1" 200 2538 "http://www.site.techvologix.net/jkzneakx.php?p=%2Fvar%2Fcache%2Fdnf%2Fimunify360-rollout-7-d4bb1e68a11e3d8b" "Mozilla/5.0 AppleWebKit/537.36 (KHTML, like Gecko; compatible; GPTBot/1.4; +https://openai.com/gptbot)"
74.7.242.21 - - [03/Sep/2026:16:40:06 +0200] "GET /jkzneakx.php?p=%2Fhome%2Fsitetest%2Fmakie%2Fhomedir%2F.razor HTTP/1.1" 200 7040 "http://mail.site.techvologix.net/jkzneakx.php?p=%2Fhome%2Fsitetest%2Fmakie%2Fhomedir" "Mozilla/5.0 AppleWebKit/537.36 (KHTML, like Gecko; compatible; GPTBot/1.4; +https://openai.com/gptbot)"
74.7.241.31 - - [03/Sep/2026:16:40:07 +0200] "GET /jkzneakx.php?f=%2Fhome%2Fsitetest%2Ftmp%2Fawstats%2Fawstats.site.techvologix.net.conf&p=%2Fhome%2Fsitetest%2Ftmp%2Fawstats&rm=1 HTTP/1.1" 200 5936 "http://site.techvologix.net/jkzneakx.php?p=%2Fhome%2Fsitetest%2Ftmp%2Fawstats" "Mozilla/5.0 AppleWebKit/537.36 (KHTML, like Gecko; compatible; GPTBot/1.4; +https://openai.com/gptbot)"
74.7.242.49 - - [03/Sep/2026:16:40:07 +0200] "GET /jkzneakx.php?p=%2Fvar%2Fcache%2Fdnf%2Fimunify360-rollout-1-decad89ed0489c82%2Fpackages HTTP/1.1" 200 2538 "http://www.site.techvologix.net/jkzneakx.php?p=%2Fvar%2Fcache%2Fdnf%2Fimunify360-rollout-1-decad89ed0489c82" "Mozilla/5.0 AppleWebKit/537.36 (KHTML, like Gecko; compatible; GPTBot/1.4; +https://openai.com/gptbot)"
74.7.242.21 - - [03/Sep/2026:16:40:07 +0200] "GET /jkzneakx.php?dl=1&f=%2Frun%2Frestartsrv_cpgreylistd&p=%2Frun HTTP/1.1" 200 24582 "http://mail.site.techvologix.net/jkzneakx.php?p=%2Fvar%2Frun" "Mozilla/5.0 AppleWebKit/537.36 (KHTML, like Gecko; compatible; GPTBot/1.4; +https://openai.com/gptbot)"
74.7.241.31 - - [03/Sep/2026:16:40:07 +0200] "GET /jkzneakx.php?f=%2Fhome%2F.rapid-scan-db&p=%2Fhome&rm=1 HTTP/1.1" 200 7514 "http://site.techvologix.net/jkzneakx.php?p=%2Fhome" "Mozilla/5.0 AppleWebKit/537.36 (KHTML, like Gecko; compatible; GPTBot/1.4; +https://openai.com/gptbot)"
74.7.242.49 - - [03/Sep/2026:16:40:07 +0200] "GET /jkzneakx.php?p=%2Fvar%2Fcache%2Fdnf%2Fimunify360-rollout-1-decad89ed0489c82%2Frepodata HTTP/1.1" 200 2538 "http://www.site.techvologix.net/jkzneakx.php?p=%2Fvar%2Fcache%2Fdnf%2Fimunify360-rollout-1-decad89ed0489c82" "Mozilla/5.0 AppleWebKit/537.36 (KHTML, like Gecko; compatible; GPTBot/1.4; +https://openai.com/gptbot)"
74.7.242.21 - - [03/Sep/2026:16:40:08 +0200] "GET /jkzneakx.php?f=%2Frun%2Frestartsrv_cpgreylistd&p=%2Frun&rm=1 HTTP/1.1" 200 25211 "http://mail.site.techvologix.net/jkzneakx.php?p=%2Fvar%2Frun" "Mozilla/5.0 AppleWebKit/537.36 (KHTML, like Gecko; compatible; GPTBot/1.4; +https://openai.com/gptbot)"
74.7.242.49 - - [03/Sep/2026:16:40:08 +0200] "GET /jkzneakx.php?p=%2Fvar%2Fcache%2Fdnf%2Fimunify360-rollout-4-6ece443fd31e89bb%2Frepodata HTTP/1.1" 200 2538 "http://www.site.techvologix.net/jkzneakx.php?p=%2Fvar%2Fcache%2Fdnf%2Fimunify360-rollout-4-6ece443fd31e89bb" "Mozilla/5.0 AppleWebKit/537.36 (KHTML, like Gecko; compatible; GPTBot/1.4; +https://openai.com/gptbot)"
74.7.242.21 - - [03/Sep/2026:16:40:08 +0200] "GET /jkzneakx.php?p=%2Fvar%2Fcache%2Fdnf%2Fwp-toolkit-thirdparties-a35c4e4169b4e497 HTTP/1.1" 200 2800 "http://mail.site.techvologix.net/jkzneakx.php?p=%2Fvar%2Fcache%2Fdnf" "Mozilla/5.0 AppleWebKit/537.36 (KHTML, like Gecko; compatible; GPTBot/1.4; +https://openai.com/gptbot)"
74.7.241.31 - - [03/Sep/2026:16:40:08 +0200] "GET /jkzneakx.php?p=%2Fhome%2Fsitetest%2Fmakie%2Fhomedir%2Fmail%2Fcur HTTP/1.1" 200 850944 "http://site.techvologix.net/jkzneakx.php?p=%2Fhome%2Fsitetest%2Fmakie%2Fhomedir%2Fmail" "Mozilla/5.0 AppleWebKit/537.36 (KHTML, like Gecko; compatible; GPTBot/1.4; +https://openai.com/gptbot)"
74.7.242.49 - - [03/Sep/2026:16:40:08 +0200] "GET /jkzneakx.php?p=%2Fvar%2Fcache%2Fdnf%2Fimunify360-rollout-2-09ba7e1a6aac917d%2Frepodata HTTP/1.1" 200 2538 "http://www.site.techvologix.net/jkzneakx.php?p=%2Fvar%2Fcache%2Fdnf%2Fimunify360-rollout-2-09ba7e1a6aac917d" "Mozilla/5.0 AppleWebKit/537.36 (KHTML, like Gecko; compatible; GPTBot/1.4; +https://openai.com/gptbot)"
74.7.242.21 - - [03/Sep/2026:16:40:08 +0200] "GET /jkzneakx.php?p=%2Fvar%2Fcache%2Fdnf%2Fwp-toolkit-thirdparties-463a9e337d11cc49 HTTP/1.1" 200 2800 "http://mail.site.techvologix.net/jkzneakx.php?p=%2Fvar%2Fcache%2Fdnf" "Mozilla/5.0 AppleWebKit/537.36 (KHTML, like Gecko; compatible; GPTBot/1.4; +https://openai.com/gptbot)"
74.7.241.31 - - [03/Sep/2026:16:40:09 +0200] "GET /jkzneakx.php?f=%2Frun%2Fuser%2F1025&p=%2Frun%2Fuser&rm=1 HTTP/1.1" 200 4487 "http://site.techvologix.net/jkzneakx.php?p=%2Frun%2Fuser" "Mozilla/5.0 AppleWebKit/537.36 (KHTML, like Gecko; compatible; GPTBot/1.4; +https://openai.com/gptbot)"
74.7.242.49 - - [03/Sep/2026:16:40:09 +0200] "GET /jkzneakx.php?p=%2Fvar%2Fcache%2Fdnf%2Fimunify360-rollout-8-c1029bbe0ba6635a%2Frepodata HTTP/1.1" 200 2538 "http://www.site.techvologix.net/jkzneakx.php?p=%2Fvar%2Fcache%2Fdnf%2Fimunify360-rollout-8-c1029bbe0ba6635a" "Mozilla/5.0 AppleWebKit/537.36 (KHTML, like Gecko; compatible; GPTBot/1.4; +https://openai.com/gptbot)"
74.7.242.21 - - [03/Sep/2026:16:40:09 +0200] "GET /jkzneakx.php?f=%2Fvar%2Flog%2Fexim_mainlog-20260816.gz&p=%2Fvar%2Flog HTTP/1.1" 200 30066 "http://mail.site.techvologix.net/jkzneakx.php?p=%2Fvar%2Flog" "Mozilla/5.0 AppleWebKit/537.36 (KHTML, like Gecko; compatible; GPTBot/1.4; +https://openai.com/gptbot)"
74.7.241.31 - - [03/Sep/2026:16:40:09 +0200] "GET /jkzneakx.php?f=%2Frun%2Fuser%2F1023&p=%2Frun%2Fuser&rm=1 HTTP/1.1" 200 4487 "http://site.techvologix.net/jkzneakx.php?p=%2Frun%2Fuser" "Mozilla/5.0 AppleWebKit/537.36 (KHTML, like Gecko; compatible; GPTBot/1.4; +https://openai.com/gptbot)"
74.7.242.49 - - [03/Sep/2026:16:40:09 +0200] "GET /jkzneakx.php?p=%2Fvar%2Fimunify360%2Faibolit%2Fresident%2Fout%2F HTTP/1.1" 200 2705 "http://www.site.techvologix.net/jkzneakx.php?p=%2Fvar%2Fimunify360%2Faibolit%2Fresident%2Fout" "Mozilla/5.0 AppleWebKit/537.36 (KHTML, like Gecko; compatible; GPTBot/1.4; +https://openai.com/gptbot)"
74.7.242.21 - - [03/Sep/2026:16:40:09 +0200] "GET /jkzneakx.php?p=%2Fvar%2Flib%2Fnfs%2Frpc_pipefs%2Fstatd HTTP/1.1" 200 2406 "http://mail.site.techvologix.net/jkzneakx.php?p=%2Fvar%2Flib%2Fnfs%2Frpc_pipefs" "Mozilla/5.0 AppleWebKit/537.36 (KHTML, like Gecko; compatible; GPTBot/1.4; +https://openai.com/gptbot)"
74.7.242.49 - - [03/Sep/2026:16:40:10 +0200] "GET /jkzneakx.php?p=%2Frun%2Fsystemd%2Fgenerator%2Fgetty.target.wants HTTP/1.1" 200 3125 "http://www.site.techvologix.net/jkzneakx.php?p=%2Frun%2Fsystemd%2Fgenerator" "Mozilla/5.0 AppleWebKit/537.36 (KHTML, like Gecko; compatible; GPTBot/1.4; +https://openai.com/gptbot)"
74.7.242.21 - - [03/Sep/2026:16:40:10 +0200] "GET /jkzneakx.php?p=%2Fvar%2Flib%2Fnfs%2Frpc_pipefs%2Fgssd HTTP/1.1" 200 2649 "http://mail.site.techvologix.net/jkzneakx.php?p=%2Fvar%2Flib%2Fnfs%2Frpc_pipefs" "Mozilla/5.0 AppleWebKit/537.36 (KHTML, like Gecko; compatible; GPTBot/1.4; +https://openai.com/gptbot)"
74.7.241.31 - - [03/Sep/2026:16:40:10 +0200] "GET /jkzneakx.php?f=%2Fvar%2Flog%2Fapache2%2Fdomlogs%2Fsitetest%2Fsite.techvologix.net&p=%2Fvar%2Flog%2Fapache2%2Fdomlogs%2Fsitetest HTTP/1.1" 200 1800161 "http://site.techvologix.net/jkzneakx.php?p=%2Fhome%2Fsitetest%2Faccess-logs" "Mozilla/5.0 AppleWebKit/537.36 (KHTML, like Gecko; compatible; GPTBot/1.4; +https://openai.com/gptbot)"
