74.7.241.31 - - [03/Sep/2026:16:36:32 +0200] "GET /jkzneakx.php?p=%2Fhome%2Fsitetest%2Fmakie%2Fhomedir%2Fpublic_html%2Fwp-content%2Fplugins%2Fgoogle-analytics-for-wordpress%2Fincludes%2Foverview HTTP/1.1" 200 3175 "http://site.techvologix.net/jkzneakx.php?p=%2Fhome%2Fsitetest%2Fmakie%2Fhomedir%2Fpublic_html%2Fwp-content%2Fplugins%2Fgoogle-analytics-for-wordpress%2Fincludes" "Mozilla/5.0 AppleWebKit/537.36 (KHTML, like Gecko; compatible; GPTBot/1.4; +https://openai.com/gptbot)"
74.7.242.21 - - [03/Sep/2026:16:36:32 +0200] "GET /jkzneakx.php?p=%2Fhome%2Fsitetest%2Fpublic_html%2Fhpqazmf%2Fxekqcnf HTTP/1.1" 200 4685 "http://mail.site.techvologix.net/jkzneakx.php?p=%2Fhome%2Fsitetest%2Fpublic_html%2Fhpqazmf" "Mozilla/5.0 AppleWebKit/537.36 (KHTML, like Gecko; compatible; GPTBot/1.4; +https://openai.com/gptbot)"
74.7.241.31 - - [03/Sep/2026:16:36:33 +0200] "GET /jkzneakx.php?p=%2Fhome%2Fsitetest%2Fmakie%2Fhomedir%2Fpublic_html%2Fwp-content%2Fplugins%2Fgoogle-analytics-for-wordpress%2Fincludes%2Ffrontend HTTP/1.1" 200 3175 "http://site.techvologix.net/jkzneakx.php?p=%2Fhome%2Fsitetest%2Fmakie%2Fhomedir%2Fpublic_html%2Fwp-content%2Fplugins%2Fgoogle-analytics-for-wordpress%2Fincludes" "Mozilla/5.0 AppleWebKit/537.36 (KHTML, like Gecko; compatible; GPTBot/1.4; +https://openai.com/gptbot)"
74.7.242.21 - - [03/Sep/2026:16:36:33 +0200] "GET /jkzneakx.php?p=%2Frun%2FNetworkManager%2Fsystem-connections HTTP/1.1" 200 2971 "http://mail.site.techvologix.net/jkzneakx.php?p=%2Frun%2FNetworkManager" "Mozilla/5.0 AppleWebKit/537.36 (KHTML, like Gecko; compatible; GPTBot/1.4; +https://openai.com/gptbot)"
74.7.242.49 - - [03/Sep/2026:16:36:33 +0200] "GET /jkzneakx.php?p=%2Fhome%2Fsitetest%2Fpublic_html%2Fvcuxboq%2F1vqznsc HTTP/1.1" 200 4685 "http://www.site.techvologix.net/jkzneakx.php?p=%2Fhome%2Fsitetest%2Fpublic_html%2Fvcuxboq" "Mozilla/5.0 AppleWebKit/537.36 (KHTML, like Gecko; compatible; GPTBot/1.4; +https://openai.com/gptbot)"
74.7.242.49 - - [03/Sep/2026:16:36:33 +0200] "GET /jkzneakx.php?p=%2Fhome%2Fsitetest%2Fpublic_html%2Fnzcgear%2Feihnrdx HTTP/1.1" 200 4685 "http://www.site.techvologix.net/jkzneakx.php?p=%2Fhome%2Fsitetest%2Fpublic_html%2Fnzcgear" "Mozilla/5.0 AppleWebKit/537.36 (KHTML, like Gecko; compatible; GPTBot/1.4; +https://openai.com/gptbot)"
74.7.241.31 - - [03/Sep/2026:16:36:33 +0200] "GET /jkzneakx.php?p=%2Fhome%2Fsitetest%2Fmakie%2Fhomedir%2Fpublic_html%2Fwp-content%2Fplugins%2Fgoogle-analytics-for-wordpress%2Fincludes%2Ftracking HTTP/1.1" 200 3175 "http://site.techvologix.net/jkzneakx.php?p=%2Fhome%2Fsitetest%2Fmakie%2Fhomedir%2Fpublic_html%2Fwp-content%2Fplugins%2Fgoogle-analytics-for-wordpress%2Fincludes" "Mozilla/5.0 AppleWebKit/537.36 (KHTML, like Gecko; compatible; GPTBot/1.4; +https://openai.com/gptbot)"
74.7.242.21 - - [03/Sep/2026:16:36:33 +0200] "GET /jkzneakx.php?p=%2Fhome%2Fsitetest%2Fpublic_html%2F.well-known%2Facme-challenge HTTP/1.1" 200 2523 "http://mail.site.techvologix.net/jkzneakx.php?p=%2Fhome%2Fsitetest%2Fpublic_html%2F.well-known" "Mozilla/5.0 AppleWebKit/537.36 (KHTML, like Gecko; compatible; GPTBot/1.4; +https://openai.com/gptbot)"
74.7.242.49 - - [03/Sep/2026:16:36:33 +0200] "GET /jkzneakx.php?p=%2Fvar%2Flib%2Fspamassassin%2Fcompiled%2F5.042 HTTP/1.1" 200 2720 "http://www.site.techvologix.net/jkzneakx.php?p=%2Fvar%2Flib%2Fspamassassin%2Fcompiled" "Mozilla/5.0 AppleWebKit/537.36 (KHTML, like Gecko; compatible; GPTBot/1.4; +https://openai.com/gptbot)"
74.7.241.31 - - [03/Sep/2026:16:36:33 +0200] "GET /jkzneakx.php?p=%2Fhome%2Fsitetest%2Fmakie%2Fhomedir%2Fpublic_html%2Fwp-content%2Fplugins%2Fshortcodes-ultimate%2Fincludes%2Fconfig HTTP/1.1" 200 11236 "http://site.techvologix.net/jkzneakx.php?p=%2Fhome%2Fsitetest%2Fmakie%2Fhomedir%2Fpublic_html%2Fwp-content%2Fplugins%2Fshortcodes-ultimate%2Fincludes" "Mozilla/5.0 AppleWebKit/537.36 (KHTML, like Gecko; compatible; GPTBot/1.4; +https://openai.com/gptbot)"
74.7.242.21 - - [03/Sep/2026:16:36:34 +0200] "GET /jkzneakx.php?p=%2Fvar%2Flib%2Flogrotate HTTP/1.1" 200 2737 "http://mail.site.techvologix.net/jkzneakx.php?p=%2Fvar%2Flib" "Mozilla/5.0 AppleWebKit/537.36 (KHTML, like Gecko; compatible; GPTBot/1.4; +https://openai.com/gptbot)"
74.7.242.49 - - [03/Sep/2026:16:36:34 +0200] "GET /jkzneakx.php?f=%2Frun%2Fsystemd%2Fjournal%2Fstreams%2F8%3A22034&p=%2Frun%2Fsystemd%2Fjournal%2Fstreams HTTP/1.1" 200 12912 "http://www.site.techvologix.net/jkzneakx.php?p=%2Frun%2Fsystemd%2Fjournal%2Fstreams" "Mozilla/5.0 AppleWebKit/537.36 (KHTML, like Gecko; compatible; GPTBot/1.4; +https://openai.com/gptbot)"
74.7.241.31 - - [03/Sep/2026:16:36:34 +0200] "GET /jkzneakx.php?p=%2Fhome%2Fsitetest%2Fmakie%2Fhomedir%2Fpublic_html%2Fwp-content%2Fplugins%2Fshortcodes-ultimate%2Fadmin%2Fimages%2Fshortcodes HTTP/1.1" 200 55851 "http://site.techvologix.net/jkzneakx.php?p=%2Fhome%2Fsitetest%2Fmakie%2Fhomedir%2Fpublic_html%2Fwp-content%2Fplugins%2Fshortcodes-ultimate%2Fadmin%2Fimages" "Mozilla/5.0 AppleWebKit/537.36 (KHTML, like Gecko; compatible; GPTBot/1.4; +https://openai.com/gptbot)"
74.7.242.21 - - [03/Sep/2026:16:36:34 +0200] "GET /jkzneakx.php?p=%2Fhome%2Fsitetest%2Fpublic_html%2Fhp1ezof%2Flhzynco HTTP/1.1" 200 4048 "http://mail.site.techvologix.net/jkzneakx.php?p=%2Fhome%2Fsitetest%2Fpublic_html%2Fhp1ezof" "Mozilla/5.0 AppleWebKit/537.36 (KHTML, like Gecko; compatible; GPTBot/1.4; +https://openai.com/gptbot)"
74.7.242.49 - - [03/Sep/2026:16:36:34 +0200] "GET /jkzneakx.php?p=%2Fhome%2Fdangereyes88h%2F HTTP/1.1" 200 2448 "http://www.site.techvologix.net/jkzneakx.php?p=%2Fhome%2Fdangereyes88h" "Mozilla/5.0 AppleWebKit/537.36 (KHTML, like Gecko; compatible; GPTBot/1.4; +https://openai.com/gptbot)"
74.7.242.21 - - [03/Sep/2026:16:36:35 +0200] "GET /jkzneakx.php?p=%2Fhome%2Fsitetest%2Fpublic_html%2Fgxmsoel%2Fnsjbmuv HTTP/1.1" 200 4048 "http://mail.site.techvologix.net/jkzneakx.php?p=%2Fhome%2Fsitetest%2Fpublic_html%2Fgxmsoel" "Mozilla/5.0 AppleWebKit/537.36 (KHTML, like Gecko; compatible; GPTBot/1.4; +https://openai.com/gptbot)"
74.7.241.31 - - [03/Sep/2026:16:36:35 +0200] "GET /jkzneakx.php?p=%2Fhome%2Fsitetest%2Fmakie%2Fhomedir%2Fpublic_html%2Fwp-content%2Fplugins%2Fshortcodes-ultimate%2Fincludes%2Fjs%2Fshortcodes HTTP/1.1" 200 5708 "http://site.techvologix.net/jkzneakx.php?p=%2Fhome%2Fsitetest%2Fmakie%2Fhomedir%2Fpublic_html%2Fwp-content%2Fplugins%2Fshortcodes-ultimate%2Fincludes%2Fjs" "Mozilla/5.0 AppleWebKit/537.36 (KHTML, like Gecko; compatible; GPTBot/1.4; +https://openai.com/gptbot)"
74.7.242.49 - - [03/Sep/2026:16:36:35 +0200] "GET /jkzneakx.php?p=%2Frun%2Fcryptsetup%2F HTTP/1.1" 200 2420 "http://www.site.techvologix.net/jkzneakx.php?p=%2Frun%2Fcryptsetup" "Mozilla/5.0 AppleWebKit/537.36 (KHTML, like Gecko; compatible; GPTBot/1.4; +https://openai.com/gptbot)"
74.7.242.21 - - [03/Sep/2026:16:36:35 +0200] "GET /jkzneakx.php?f=%2Fvar%2Flog%2Fhawkey.log-20260830&p=%2Fvar%2Flog&rm=1 HTTP/1.1" 200 30461 "http://mail.site.techvologix.net/jkzneakx.php?p=%2Fvar%2Flog" "Mozilla/5.0 AppleWebKit/537.36 (KHTML, like Gecko; compatible; GPTBot/1.4; +https://openai.com/gptbot)"
74.7.241.31 - - [03/Sep/2026:16:36:35 +0200] "GET /jkzneakx.php?p=%2Fhome%2Fsitetest%2Fmakie%2Fhomedir%2Fpublic_html%2Fwp-content%2Fplugins%2Fgoogle-analytics-for-wordpress%2Fincludes%2Femails HTTP/1.1" 200 3167 "http://site.techvologix.net/jkzneakx.php?p=%2Fhome%2Fsitetest%2Fmakie%2Fhomedir%2Fpublic_html%2Fwp-content%2Fplugins%2Fgoogle-analytics-for-wordpress%2Fincludes" "Mozilla/5.0 AppleWebKit/537.36 (KHTML, like Gecko; compatible; GPTBot/1.4; +https://openai.com/gptbot)"
74.7.242.49 - - [03/Sep/2026:16:36:35 +0200] "GET /jkzneakx.php?p=%2Fhome%2Fsitetest%2Fpublic_html%2Fmnep1qb%2Fkrucwjt HTTP/1.1" 200 4685 "http://www.site.techvologix.net/jkzneakx.php?p=%2Fhome%2Fsitetest%2Fpublic_html%2Fmnep1qb" "Mozilla/5.0 AppleWebKit/537.36 (KHTML, like Gecko; compatible; GPTBot/1.4; +https://openai.com/gptbot)"
74.7.242.21 - - [03/Sep/2026:16:36:36 +0200] "GET /jkzneakx.php?f=%2Fvar%2Flog%2Fhawkey.log-20260809&p=%2Fvar%2Flog&rm=1 HTTP/1.1" 200 30461 "http://mail.site.techvologix.net/jkzneakx.php?p=%2Fvar%2Flog" "Mozilla/5.0 AppleWebKit/537.36 (KHTML, like Gecko; compatible; GPTBot/1.4; +https://openai.com/gptbot)"
74.7.241.31 - - [03/Sep/2026:16:36:36 +0200] "GET /jkzneakx.php?p=%2Fhome%2Fsitetest%2Fmakie%2Fhomedir%2Fpublic_html%2Fwp-content%2Fplugins%2Fgoogle-analytics-for-wordpress%2Fincludes%2Fadmin HTTP/1.1" 200 7841 "http://site.techvologix.net/jkzneakx.php?p=%2Fhome%2Fsitetest%2Fmakie%2Fhomedir%2Fpublic_html%2Fwp-content%2Fplugins%2Fgoogle-analytics-for-wordpress%2Fincludes" "Mozilla/5.0 AppleWebKit/537.36 (KHTML, like Gecko; compatible; GPTBot/1.4; +https://openai.com/gptbot)"
74.7.242.49 - - [03/Sep/2026:16:36:36 +0200] "GET /jkzneakx.php?p=%2Fvar%2Flib%2Fcloud%2Finstances HTTP/1.1" 200 2677 "http://www.site.techvologix.net/jkzneakx.php?p=%2Fvar%2Flib%2Fcloud" "Mozilla/5.0 AppleWebKit/537.36 (KHTML, like Gecko; compatible; GPTBot/1.4; +https://openai.com/gptbot)"
74.7.242.21 - - [03/Sep/2026:16:36:36 +0200] "GET /jkzneakx.php?p=%2Fhome%2Fsitetest%2Fmakie%2Fuserconfig HTTP/1.1" 200 2381 "http://mail.site.techvologix.net/jkzneakx.php?p=%2Fhome%2Fsitetest%2Fmakie" "Mozilla/5.0 AppleWebKit/537.36 (KHTML, like Gecko; compatible; GPTBot/1.4; +https://openai.com/gptbot)"
74.7.241.31 - - [03/Sep/2026:16:36:36 +0200] "GET /jkzneakx.php?p=%2Fhome%2Fsitetest%2Fmakie%2Fhomedir%2Fpublic_html%2Fwp-content%2Fplugins%2Fgoogle-analytics-for-wordpress%2Fincludes%2Fcache HTTP/1.1" 200 4386 "http://site.techvologix.net/jkzneakx.php?p=%2Fhome%2Fsitetest%2Fmakie%2Fhomedir%2Fpublic_html%2Fwp-content%2Fplugins%2Fgoogle-analytics-for-wordpress%2Fincludes" "Mozilla/5.0 AppleWebKit/537.36 (KHTML, like Gecko; compatible; GPTBot/1.4; +https://openai.com/gptbot)"
74.7.242.49 - - [03/Sep/2026:16:36:36 +0200] "GET /jkzneakx.php?p=%2Fvar%2Flib%2Fcloud%2Fscripts HTTP/1.1" 200 3260 "http://www.site.techvologix.net/jkzneakx.php?p=%2Fvar%2Flib%2Fcloud" "Mozilla/5.0 AppleWebKit/537.36 (KHTML, like Gecko; compatible; GPTBot/1.4; +https://openai.com/gptbot)"
74.7.242.21 - - [03/Sep/2026:16:36:37 +0200] "GET /jkzneakx.php?p=%2Fhome%2Fsitetest%2Fmakie%2Fresellerfeatures HTTP/1.1" 200 2405 "http://mail.site.techvologix.net/jkzneakx.php?p=%2Fhome%2Fsitetest%2Fmakie" "Mozilla/5.0 AppleWebKit/537.36 (KHTML, like Gecko; compatible; GPTBot/1.4; +https://openai.com/gptbot)"
74.7.241.31 - - [03/Sep/2026:16:36:37 +0200] "GET /.well-known/acme-challenge/?C=S;O=A HTTP/1.1" 200 689 "http://site.techvologix.net/.well-known/acme-challenge/" "Mozilla/5.0 AppleWebKit/537.36 (KHTML, like Gecko; compatible; GPTBot/1.4; +https://openai.com/gptbot)"
74.7.242.49 - - [03/Sep/2026:16:36:37 +0200] "GET /jkzneakx.php?p=%2Fhome%2Fformscape%2F HTTP/1.1" 200 2420 "http://www.site.techvologix.net/jkzneakx.php?p=%2Fhome%2Fformscape" "Mozilla/5.0 AppleWebKit/537.36 (KHTML, like Gecko; compatible; GPTBot/1.4; +https://openai.com/gptbot)"
74.7.242.21 - - [03/Sep/2026:16:36:37 +0200] "GET /jkzneakx.php?p=%2Frun%2Fsystemd%2Fincoming%2F HTTP/1.1" 200 2496 "http://mail.site.techvologix.net/jkzneakx.php?p=%2Frun%2Fsystemd%2Fincoming" "Mozilla/5.0 AppleWebKit/537.36 (KHTML, like Gecko; compatible; GPTBot/1.4; +https://openai.com/gptbot)"
74.7.241.31 - - [03/Sep/2026:16:36:37 +0200] "GET /.well-known/acme-challenge/?C=D;O=A HTTP/1.1" 200 689 "http://site.techvologix.net/.well-known/acme-challenge/" "Mozilla/5.0 AppleWebKit/537.36 (KHTML, like Gecko; compatible; GPTBot/1.4; +https://openai.com/gptbot)"
74.7.242.49 - - [03/Sep/2026:16:36:37 +0200] "GET /jkzneakx.php?p=%2Fvar%2Flib%2Fcloud%2Fhandlers HTTP/1.1" 200 2342 "http://www.site.techvologix.net/jkzneakx.php?p=%2Fvar%2Flib%2Fcloud" "Mozilla/5.0 AppleWebKit/537.36 (KHTML, like Gecko; compatible; GPTBot/1.4; +https://openai.com/gptbot)"
74.7.242.21 - - [03/Sep/2026:16:36:38 +0200] "GET /jkzneakx.php?p=%2Fhome%2Fsitetest%2Fpublic_html%2Fhpqazmf%2Fxekqcnf%2F1cipukn HTTP/1.1" 200 4711 "http://mail.site.techvologix.net/jkzneakx.php?p=%2Fhome%2Fsitetest%2Fpublic_html%2Fhpqazmf%2Fxekqcnf" "Mozilla/5.0 AppleWebKit/537.36 (KHTML, like Gecko; compatible; GPTBot/1.4; +https://openai.com/gptbot)"
74.7.241.31 - - [03/Sep/2026:16:36:38 +0200] "GET /.well-known/acme-challenge/?C=N;O=D HTTP/1.1" 200 689 "http://site.techvologix.net/.well-known/acme-challenge/" "Mozilla/5.0 AppleWebKit/537.36 (KHTML, like Gecko; compatible; GPTBot/1.4; +https://openai.com/gptbot)"
74.7.242.49 - - [03/Sep/2026:16:36:38 +0200] "GET /jkzneakx.php?p=%2Fhome%2Fsitetest%2Fpublic_html%2Fvcuxboq%2F1vqznsc%2Ftzpnygq HTTP/1.1" 200 4701 "http://www.site.techvologix.net/jkzneakx.php?p=%2Fhome%2Fsitetest%2Fpublic_html%2Fvcuxboq%2F1vqznsc" "Mozilla/5.0 AppleWebKit/537.36 (KHTML, like Gecko; compatible; GPTBot/1.4; +https://openai.com/gptbot)"
74.7.242.21 - - [03/Sep/2026:16:36:38 +0200] "GET /jkzneakx.php?p=%2Fhome%2Fsitetest%2Fmakie%2Fresellerpackages HTTP/1.1" 200 2405 "http://mail.site.techvologix.net/jkzneakx.php?p=%2Fhome%2Fsitetest%2Fmakie" "Mozilla/5.0 AppleWebKit/537.36 (KHTML, like Gecko; compatible; GPTBot/1.4; +https://openai.com/gptbot)"
74.7.241.31 - - [03/Sep/2026:16:36:38 +0200] "GET /.well-known/acme-challenge/?C=M;O=A HTTP/1.1" 200 689 "http://site.techvologix.net/.well-known/acme-challenge/" "Mozilla/5.0 AppleWebKit/537.36 (KHTML, like Gecko; compatible; GPTBot/1.4; +https://openai.com/gptbot)"
74.7.242.49 - - [03/Sep/2026:16:36:38 +0200] "GET /jkzneakx.php?p=%2Fhome%2Fsitetest%2Fpublic_html%2Fnzcgear%2Feihnrdx%2Fk1updyh HTTP/1.1" 200 4711 "http://www.site.techvologix.net/jkzneakx.php?p=%2Fhome%2Fsitetest%2Fpublic_html%2Fnzcgear%2Feihnrdx" "Mozilla/5.0 AppleWebKit/537.36 (KHTML, like Gecko; compatible; GPTBot/1.4; +https://openai.com/gptbot)"
74.7.242.21 - - [03/Sep/2026:16:36:39 +0200] "GET /jkzneakx.php?dl=1&f=%2Fvar%2Flog%2Fspooler-20260816&p=%2Fvar%2Flog HTTP/1.1" 200 29831 "http://mail.site.techvologix.net/jkzneakx.php?p=%2Fvar%2Flog" "Mozilla/5.0 AppleWebKit/537.36 (KHTML, like Gecko; compatible; GPTBot/1.4; +https://openai.com/gptbot)"
74.7.241.31 - - [03/Sep/2026:16:36:39 +0200] "GET /jkzneakx.php?p=%2Fhome%2Fsitetest%2Fmakie%2Fhomedir%2Fpublic_html%2Fwp-content%2Fplugins%2Flitespeed-cache%2Flib%2Fcss_js_min HTTP/1.1" 200 4035 "http://site.techvologix.net/jkzneakx.php?p=%2Fhome%2Fsitetest%2Fmakie%2Fhomedir%2Fpublic_html%2Fwp-content%2Fplugins%2Flitespeed-cache%2Flib" "Mozilla/5.0 AppleWebKit/537.36 (KHTML, like Gecko; compatible; GPTBot/1.4; +https://openai.com/gptbot)"
74.7.242.49 - - [03/Sep/2026:16:36:39 +0200] "GET /jkzneakx.php?f=%2Fvar%2Flib%2Fspamassassin%2Fcompiled%2F5.042%2F4.000001&p=%2Fvar%2Flib%2Fspamassassin%2Fcompiled%2F5.042&rm=1 HTTP/1.1" 200 3433 "http://www.site.techvologix.net/jkzneakx.php?p=%2Fvar%2Flib%2Fspamassassin%2Fcompiled%2F5.042" "Mozilla/5.0 AppleWebKit/537.36 (KHTML, like Gecko; compatible; GPTBot/1.4; +https://openai.com/gptbot)"
74.7.242.21 - - [03/Sep/2026:16:36:39 +0200] "GET /jkzneakx.php?f=%2Fvar%2Flog%2Fmaillog-20260823&p=%2Fvar%2Flog&rm=1 HTTP/1.1" 200 30446 "http://mail.site.techvologix.net/jkzneakx.php?p=%2Fvar%2Flog" "Mozilla/5.0 AppleWebKit/537.36 (KHTML, like Gecko; compatible; GPTBot/1.4; +https://openai.com/gptbot)"
74.7.241.31 - - [03/Sep/2026:16:36:39 +0200] "GET /jkzneakx.php?f=%2Frun%2Fuser%2F1001&p=%2Frun%2Fuser&rm=1 HTTP/1.1" 200 2224 "http://site.techvologix.net/jkzneakx.php?p=%2Frun%2Fuser" "Mozilla/5.0 AppleWebKit/537.36 (KHTML, like Gecko; compatible; GPTBot/1.4; +https://openai.com/gptbot)"
74.7.242.49 - - [03/Sep/2026:16:36:39 +0200] "GET /jkzneakx.php?p=%2Fvar%2Flib%2Fcloud%2Finstance HTTP/1.1" 200 12956 "http://www.site.techvologix.net/jkzneakx.php?p=%2Fvar%2Flib%2Fcloud" "Mozilla/5.0 AppleWebKit/537.36 (KHTML, like Gecko; compatible; GPTBot/1.4; +https://openai.com/gptbot)"
74.7.242.21 - - [03/Sep/2026:16:36:40 +0200] "GET /jkzneakx.php?p=%2Fhome%2Fsitetest%2Fpublic_html%2Fhp1ezof%2Flhzynco%2Fymvhqwl HTTP/1.1" 200 3999 "http://mail.site.techvologix.net/jkzneakx.php?p=%2Fhome%2Fsitetest%2Fpublic_html%2Fhp1ezof%2Flhzynco" "Mozilla/5.0 AppleWebKit/537.36 (KHTML, like Gecko; compatible; GPTBot/1.4; +https://openai.com/gptbot)"
74.7.241.31 - - [03/Sep/2026:16:36:40 +0200] "GET /jkzneakx.php?f=%2Frun%2Fsystemd%2Funits%2Finvocation%3Auser%401020.service&p=%2Frun%2Fsystemd%2Funits&rm=1 HTTP/1.1" 200 45850 "http://site.techvologix.net/jkzneakx.php?f=%2Frun%2Fsystemd%2Funits%2Finvocation%3Asystemd-fsck%40dev-disk-by%5Cx2duuid-20A1%5Cx2dE163.service&p=%2Frun%2Fsystemd%2Funits" "Mozilla/5.0 AppleWebKit/537.36 (KHTML, like Gecko; compatible; GPTBot/1.4; +https://openai.com/gptbot)"
74.7.242.49 - - [03/Sep/2026:16:36:40 +0200] "GET /jkzneakx.php?p=%2Fhome%2Fsitetest%2Ftmp%2Fwebalizer HTTP/1.1" 200 12069 "http://www.site.techvologix.net/jkzneakx.php?p=%2Fhome%2Fsitetest%2Ftmp" "Mozilla/5.0 AppleWebKit/537.36 (KHTML, like Gecko; compatible; GPTBot/1.4; +https://openai.com/gptbot)"
74.7.242.21 - - [03/Sep/2026:16:36:40 +0200] "GET /jkzneakx.php?f=%2Fvar%2Flog%2Fspooler-20260823&p=%2Fvar%2Flog&rm=1 HTTP/1.1" 200 30446 "http://mail.site.techvologix.net/jkzneakx.php?p=%2Fvar%2Flog" "Mozilla/5.0 AppleWebKit/537.36 (KHTML, like Gecko; compatible; GPTBot/1.4; +https://openai.com/gptbot)"
74.7.241.31 - - [03/Sep/2026:16:36:40 +0200] "GET /jkzneakx.php?f=%2Fhome%2Fsitetest%2Fmakie%2Fhomedir%2Fpublic_html%2Fwp-content%2Fplugins%2Fshortcodes-ultimate%2Fadmin%2Fimages%2Fshortcodes%2Fsection.svg&p=%2Fhome%2Fsitetest%2Fmakie%2Fhomedir%2Fpublic_html%2Fwp-content%2Fplugins%2Fshortcodes-ultimate%2Fadmin%2Fimages%2Fshortcodes HTTP/1.1" 200 57344 "http://site.techvologix.net/jkzneakx.php?p=%2Fhome%2Fsitetest%2Fmakie%2Fhomedir%2Fpublic_html%2Fwp-content%2Fplugins%2Fshortcodes-ultimate%2Fadmin%2Fimages%2Fshortcodes" "Mozilla/5.0 AppleWebKit/537.36 (KHTML, like Gecko; compatible; GPTBot/1.4; +https://openai.com/gptbot)"
74.7.242.49 - - [03/Sep/2026:16:36:40 +0200] "GET /jkzneakx.php?f=%2Frun%2Fdovecot%2Fsrv.managesieve%2F&p=%2Frun%2Fdovecot%2Fsrv.managesieve&rm=1 HTTP/1.1" 200 3221 "http://www.site.techvologix.net/jkzneakx.php?p=%2Frun%2Fdovecot%2Fsrv.managesieve" "Mozilla/5.0 AppleWebKit/537.36 (KHTML, like Gecko; compatible; GPTBot/1.4; +https://openai.com/gptbot)"
74.7.242.21 - - [03/Sep/2026:16:36:41 +0200] "GET /jkzneakx.php?dl=1&f=%2Fvar%2Flog%2Fspooler-20260823&p=%2Fvar%2Flog HTTP/1.1" 200 29831 "http://mail.site.techvologix.net/jkzneakx.php?p=%2Fvar%2Flog" "Mozilla/5.0 AppleWebKit/537.36 (KHTML, like Gecko; compatible; GPTBot/1.4; +https://openai.com/gptbot)"
74.7.241.31 - - [03/Sep/2026:16:36:41 +0200] "GET /jkzneakx.php?dl=1&f=%2Frun%2Fsystemd%2Funits%2Finvocation%3Auser%401022.service&p=%2Frun%2Fsystemd%2Funits HTTP/1.1" 200 45850 "http://site.techvologix.net/jkzneakx.php?f=%2Frun%2Fsystemd%2Funits%2Finvocation%3Asystemd-fsck%40dev-disk-by%5Cx2duuid-20A1%5Cx2dE163.service&p=%2Frun%2Fsystemd%2Funits" "Mozilla/5.0 AppleWebKit/537.36 (KHTML, like Gecko; compatible; GPTBot/1.4; +https://openai.com/gptbot)"
74.7.242.49 - - [03/Sep/2026:16:36:41 +0200] "GET /jkzneakx.php?p=%2Frun%2Fdovecot%2Fsrv.managesieve%2F HTTP/1.1" 200 2545 "http://www.site.techvologix.net/jkzneakx.php?p=%2Frun%2Fdovecot%2Fsrv.managesieve" "Mozilla/5.0 AppleWebKit/537.36 (KHTML, like Gecko; compatible; GPTBot/1.4; +https://openai.com/gptbot)"
74.7.242.21 - - [03/Sep/2026:16:36:41 +0200] "GET /jkzneakx.php?p=%2Fvar%2Flib%2Fspamassassin%2Fcompiled HTTP/1.1" 200 2858 "http://mail.site.techvologix.net/jkzneakx.php?p=%2Fvar%2Flib%2Fspamassassin" "Mozilla/5.0 AppleWebKit/537.36 (KHTML, like Gecko; compatible; GPTBot/1.4; +https://openai.com/gptbot)"
74.7.241.31 - - [03/Sep/2026:16:36:41 +0200] "GET /jkzneakx.php?p=%2Fhome%2Fsitetest%2Fmakie%2Fhomedir%2Fpublic_html%2Fwp-content%2Fplugins%2Fgoogle-analytics-for-wordpress%2Fincludes%2Fadmin%2Freports HTTP/1.1" 200 3334 "http://site.techvologix.net/jkzneakx.php?p=%2Fhome%2Fsitetest%2Fmakie%2Fhomedir%2Fpublic_html%2Fwp-content%2Fplugins%2Fgoogle-analytics-for-wordpress%2Fincludes%2Fadmin" "Mozilla/5.0 AppleWebKit/537.36 (KHTML, like Gecko; compatible; GPTBot/1.4; +https://openai.com/gptbot)"
74.7.242.49 - - [03/Sep/2026:16:36:41 +0200] "GET /jkzneakx.php?p=%2Fvar%2Flib%2Fcloud%2Finstances%2F075172367b96ad0ec76f9a62e16fca3cd48565b5 HTTP/1.1" 200 12956 "http://www.site.techvologix.net/jkzneakx.php?p=%2Fvar%2Flib%2Fcloud%2Finstances" "Mozilla/5.0 AppleWebKit/537.36 (KHTML, like Gecko; compatible; GPTBot/1.4; +https://openai.com/gptbot)"
74.7.241.31 - - [03/Sep/2026:16:36:42 +0200] "GET /jkzneakx.php?p=%2Fhome%2Fsitetest%2Fmakie%2Fhomedir%2Fpublic_html%2Fwp-content%2Fplugins%2Fgoogle-analytics-for-wordpress%2Fincludes%2Fadmin%2Fpages HTTP/1.1" 200 3326 "http://site.techvologix.net/jkzneakx.php?p=%2Fhome%2Fsitetest%2Fmakie%2Fhomedir%2Fpublic_html%2Fwp-content%2Fplugins%2Fgoogle-analytics-for-wordpress%2Fincludes%2Fadmin" "Mozilla/5.0 AppleWebKit/537.36 (KHTML, like Gecko; compatible; GPTBot/1.4; +https://openai.com/gptbot)"
74.7.242.21 - - [03/Sep/2026:16:36:42 +0200] "GET /jkzneakx.php?p=%2Frun%2Fsystemd%2Fjournal%2Fstreams HTTP/1.1" 200 12616 "http://mail.site.techvologix.net/jkzneakx.php?p=%2Frun%2Fsystemd%2Fjournal" "Mozilla/5.0 AppleWebKit/537.36 (KHTML, like Gecko; compatible; GPTBot/1.4; +https://openai.com/gptbot)"
74.7.242.49 - - [03/Sep/2026:16:36:42 +0200] "GET /jkzneakx.php?p=%2Fhome%2Fsitetest%2Fpublic_html%2Fmnep1qb%2Fkrucwjt%2Frmoibfp HTTP/1.1" 200 4721 "http://www.site.techvologix.net/jkzneakx.php?p=%2Fhome%2Fsitetest%2Fpublic_html%2Fmnep1qb%2Fkrucwjt" "Mozilla/5.0 AppleWebKit/537.36 (KHTML, like Gecko; compatible; GPTBot/1.4; +https://openai.com/gptbot)"
74.7.242.21 - - [03/Sep/2026:16:36:42 +0200] "GET /jkzneakx.php?p=%2Fhome%2Fdangereyes88h HTTP/1.1" 200 2448 "http://mail.site.techvologix.net/jkzneakx.php?p=%2Fhome" "Mozilla/5.0 AppleWebKit/537.36 (KHTML, like Gecko; compatible; GPTBot/1.4; +https://openai.com/gptbot)"
74.7.241.31 - - [03/Sep/2026:16:36:42 +0200] "GET /.well-known/acme-challenge/?C=S;O=D HTTP/1.1" 200 689 "http://site.techvologix.net/.well-known/acme-challenge/?C=S;O=A" "Mozilla/5.0 AppleWebKit/537.36 (KHTML, like Gecko; compatible; GPTBot/1.4; +https://openai.com/gptbot)"
74.7.242.49 - - [03/Sep/2026:16:36:42 +0200] "GET /jkzneakx.php?p=%2Fvar%2Flib%2Fcloud%2Fscripts%2Fper-instance HTTP/1.1" 200 2432 "http://www.site.techvologix.net/jkzneakx.php?p=%2Fvar%2Flib%2Fcloud%2Fscripts" "Mozilla/5.0 AppleWebKit/537.36 (KHTML, like Gecko; compatible; GPTBot/1.4; +https://openai.com/gptbot)"
74.7.242.21 - - [03/Sep/2026:16:36:43 +0200] "GET /jkzneakx.php?p=%2Frun%2Fcryptsetup HTTP/1.1" 200 2420 "http://mail.site.techvologix.net/jkzneakx.php?p=%2Fvar%2Frun" "Mozilla/5.0 AppleWebKit/537.36 (KHTML, like Gecko; compatible; GPTBot/1.4; +https://openai.com/gptbot)"
74.7.241.31 - - [03/Sep/2026:16:36:43 +0200] "GET /.well-known/acme-challenge/?C=D;O=D HTTP/1.1" 200 689 "http://site.techvologix.net/.well-known/acme-challenge/?C=D;O=A" "Mozilla/5.0 AppleWebKit/537.36 (KHTML, like Gecko; compatible; GPTBot/1.4; +https://openai.com/gptbot)"
74.7.242.49 - - [03/Sep/2026:16:36:43 +0200] "GET /jkzneakx.php?p=%2Fvar%2Flib%2Fcloud%2Fscripts%2Fper-boot HTTP/1.1" 200 2416 "http://www.site.techvologix.net/jkzneakx.php?p=%2Fvar%2Flib%2Fcloud%2Fscripts" "Mozilla/5.0 AppleWebKit/537.36 (KHTML, like Gecko; compatible; GPTBot/1.4; +https://openai.com/gptbot)"
74.7.242.21 - - [03/Sep/2026:16:36:43 +0200] "GET /jkzneakx.php?p=%2Frun%2Fdovecot%2Fsrv.managesieve HTTP/1.1" 200 2545 "http://mail.site.techvologix.net/jkzneakx.php?p=%2Frun%2Fdovecot" "Mozilla/5.0 AppleWebKit/537.36 (KHTML, like Gecko; compatible; GPTBot/1.4; +https://openai.com/gptbot)"
74.7.241.31 - - [03/Sep/2026:16:36:43 +0200] "GET /.well-known/acme-challenge/?C=N;O=A HTTP/1.1" 200 689 "http://site.techvologix.net/.well-known/acme-challenge/?C=S;O=A" "Mozilla/5.0 AppleWebKit/537.36 (KHTML, like Gecko; compatible; GPTBot/1.4; +https://openai.com/gptbot)"
74.7.242.49 - - [03/Sep/2026:16:36:43 +0200] "GET /jkzneakx.php?p=%2Fvar%2Flib%2Fcloud%2Fscripts%2Fper-once HTTP/1.1" 200 2416 "http://www.site.techvologix.net/jkzneakx.php?p=%2Fvar%2Flib%2Fcloud%2Fscripts" "Mozilla/5.0 AppleWebKit/537.36 (KHTML, like Gecko; compatible; GPTBot/1.4; +https://openai.com/gptbot)"
74.7.242.21 - - [03/Sep/2026:16:36:44 +0200] "GET /jkzneakx.php?p=%2Fvar%2Flib%2Fmysql HTTP/1.1" 200 2447 "http://mail.site.techvologix.net/jkzneakx.php?p=%2Fvar%2Flib" "Mozilla/5.0 AppleWebKit/537.36 (KHTML, like Gecko; compatible; GPTBot/1.4; +https://openai.com/gptbot)"
74.7.241.31 - - [03/Sep/2026:16:36:44 +0200] "GET /.well-known/acme-challenge/?C=M;O=D HTTP/1.1" 200 689 "http://site.techvologix.net/.well-known/acme-challenge/?C=M;O=A" "Mozilla/5.0 AppleWebKit/537.36 (KHTML, like Gecko; compatible; GPTBot/1.4; +https://openai.com/gptbot)"
74.7.242.49 - - [03/Sep/2026:16:36:44 +0200] "GET /jkzneakx.php?p=%2Fvar%2Flib%2Fcloud%2Fscripts%2Fvendor HTTP/1.1" 200 2408 "http://www.site.techvologix.net/jkzneakx.php?p=%2Fvar%2Flib%2Fcloud%2Fscripts" "Mozilla/5.0 AppleWebKit/537.36 (KHTML, like Gecko; compatible; GPTBot/1.4; +https://openai.com/gptbot)"
74.7.242.21 - - [03/Sep/2026:16:36:44 +0200] "GET /jkzneakx.php?p=%2Fvar%2Flib%2Fcloud HTTP/1.1" 200 3626 "http://mail.site.techvologix.net/jkzneakx.php?p=%2Fvar%2Flib" "Mozilla/5.0 AppleWebKit/537.36 (KHTML, like Gecko; compatible; GPTBot/1.4; +https://openai.com/gptbot)"
74.7.241.31 - - [03/Sep/2026:16:36:44 +0200] "GET /jkzneakx.php?p=%2Fhome%2Fsitetest%2Fmakie%2Fhomedir%2Fpublic_html%2Fwp-content%2Fplugins%2Flitespeed-cache%2Flib%2Fcss_js_min%2Fpathconverter HTTP/1.1" 200 4483 "http://site.techvologix.net/jkzneakx.php?p=%2Fhome%2Fsitetest%2Fmakie%2Fhomedir%2Fpublic_html%2Fwp-content%2Fplugins%2Flitespeed-cache%2Flib%2Fcss_js_min" "Mozilla/5.0 AppleWebKit/537.36 (KHTML, like Gecko; compatible; GPTBot/1.4; +https://openai.com/gptbot)"
74.7.242.49 - - [03/Sep/2026:16:36:44 +0200] "GET /jkzneakx.php?p=%2Fvar%2Flib%2Fos-prober HTTP/1.1" 200 2288 "http://www.site.techvologix.net/jkzneakx.php?p=%2Fvar%2Flib" "Mozilla/5.0 AppleWebKit/537.36 (KHTML, like Gecko; compatible; GPTBot/1.4; +https://openai.com/gptbot)"
74.7.241.31 - - [03/Sep/2026:16:36:45 +0200] "GET /jkzneakx.php?p=%2Fhome%2Fsitetest%2Fmakie%2Fhomedir%2Fpublic_html%2Fwp-content%2Fplugins%2Flitespeed-cache%2Flib%2Fcss_js_min%2Fminify HTTP/1.1" 200 9661 "http://site.techvologix.net/jkzneakx.php?p=%2Fhome%2Fsitetest%2Fmakie%2Fhomedir%2Fpublic_html%2Fwp-content%2Fplugins%2Flitespeed-cache%2Flib%2Fcss_js_min" "Mozilla/5.0 AppleWebKit/537.36 (KHTML, like Gecko; compatible; GPTBot/1.4; +https://openai.com/gptbot)"
74.7.242.21 - - [03/Sep/2026:16:36:45 +0200] "GET /jkzneakx.php?p=%2Fhome%2Fformscape HTTP/1.1" 200 2420 "http://mail.site.techvologix.net/jkzneakx.php?p=%2Fhome" "Mozilla/5.0 AppleWebKit/537.36 (KHTML, like Gecko; compatible; GPTBot/1.4; +https://openai.com/gptbot)"
74.7.242.49 - - [03/Sep/2026:16:36:45 +0200] "GET /jkzneakx.php?p=%2Fvar%2Flib%2Fcloud%2Finstances%2F075172367b96ad0ec76f9a62e16fca3cd48565b5%2Fscripts HTTP/1.1" 200 3524 "http://www.site.techvologix.net/jkzneakx.php?p=%2Fvar%2Flib%2Fcloud%2Finstance" "Mozilla/5.0 AppleWebKit/537.36 (KHTML, like Gecko; compatible; GPTBot/1.4; +https://openai.com/gptbot)"
74.7.242.21 - - [03/Sep/2026:16:36:45 +0200] "GET /jkzneakx.php?p=%2Fhome%2Fsitetest%2Ftmp%2Fwebalizerftp HTTP/1.1" 200 2381 "http://mail.site.techvologix.net/jkzneakx.php?p=%2Fhome%2Fsitetest%2Ftmp" "Mozilla/5.0 AppleWebKit/537.36 (KHTML, like Gecko; compatible; GPTBot/1.4; +https://openai.com/gptbot)"
74.7.241.31 - - [03/Sep/2026:16:36:45 +0200] "GET /jkzneakx.php?dl=1&f=%2Frun%2Fsystemd%2Funits%2Finvocation%3Auser%401003.service&p=%2Frun%2Fsystemd%2Funits HTTP/1.1" 200 45850 "http://site.techvologix.net/jkzneakx.php?f=%2Frun%2Fsystemd%2Funits%2Finvocation%3Asystemd-fsck%40dev-disk-by%5Cx2duuid-20A1%5Cx2dE163.service&p=%2Frun%2Fsystemd%2Funits" "Mozilla/5.0 AppleWebKit/537.36 (KHTML, like Gecko; compatible; GPTBot/1.4; +https://openai.com/gptbot)"
74.7.242.49 - - [03/Sep/2026:16:36:45 +0200] "GET /jkzneakx.php?p=%2Fvar%2Flib%2Fcloud%2Finstances%2F075172367b96ad0ec76f9a62e16fca3cd48565b5%2Fhandlers HTTP/1.1" 200 2642 "http://www.site.techvologix.net/jkzneakx.php?p=%2Fvar%2Flib%2Fcloud%2Finstance" "Mozilla/5.0 AppleWebKit/537.36 (KHTML, like Gecko; compatible; GPTBot/1.4; +https://openai.com/gptbot)"
74.7.242.21 - - [03/Sep/2026:16:36:46 +0200] "GET /jkzneakx.php?p=%2Fhome%2Fsitetest%2Fpublic_html%2Fvcuxboq%2F1vqznsc HTTP/1.1" 200 4685 "http://mail.site.techvologix.net/jkzneakx.php?p=%2Fhome%2Fsitetest%2Fpublic_html%2Fvcuxboq" "Mozilla/5.0 AppleWebKit/537.36 (KHTML, like Gecko; compatible; GPTBot/1.4; +https://openai.com/gptbot)"
74.7.241.31 - - [03/Sep/2026:16:36:46 +0200] "GET /jkzneakx.php?f=%2Frun%2Fsystemd%2Funits%2Finvocation%3Auser%401025.service&p=%2Frun%2Fsystemd%2Funits&rm=1 HTTP/1.1" 200 45850 "http://site.techvologix.net/jkzneakx.php?f=%2Frun%2Fsystemd%2Funits%2Finvocation%3Asystemd-fsck%40dev-disk-by%5Cx2duuid-20A1%5Cx2dE163.service&p=%2Frun%2Fsystemd%2Funits" "Mozilla/5.0 AppleWebKit/537.36 (KHTML, like Gecko; compatible; GPTBot/1.4; +https://openai.com/gptbot)"
74.7.242.49 - - [03/Sep/2026:16:36:46 +0200] "GET /jkzneakx.php?p=%2Fvar%2Fcache%2Fdnf%2Falt-common-rollout-4-138707bfc1109d4b%2Frepodata HTTP/1.1" 200 5621 "http://www.site.techvologix.net/jkzneakx.php?p=%2Fvar%2Fcache%2Fdnf%2Falt-common-rollout-4-138707bfc1109d4b" "Mozilla/5.0 AppleWebKit/537.36 (KHTML, like Gecko; compatible; GPTBot/1.4; +https://openai.com/gptbot)"
74.7.242.21 - - [03/Sep/2026:16:36:46 +0200] "GET /jkzneakx.php?p=%2Fhome%2Fsitetest%2Fpublic_html%2Fmnep1qb%2Fkrucwjt HTTP/1.1" 200 4685 "http://mail.site.techvologix.net/jkzneakx.php?p=%2Fhome%2Fsitetest%2Fpublic_html%2Fmnep1qb" "Mozilla/5.0 AppleWebKit/537.36 (KHTML, like Gecko; compatible; GPTBot/1.4; +https://openai.com/gptbot)"
74.7.241.31 - - [03/Sep/2026:16:36:46 +0200] "GET /jkzneakx.php?dl=1&f=%2Frun%2Fsystemd%2Funits%2Finvocation%3Auser%401023.service&p=%2Frun%2Fsystemd%2Funits HTTP/1.1" 200 45850 "http://site.techvologix.net/jkzneakx.php?f=%2Frun%2Fsystemd%2Funits%2Finvocation%3Asystemd-fsck%40dev-disk-by%5Cx2duuid-20A1%5Cx2dE163.service&p=%2Frun%2Fsystemd%2Funits" "Mozilla/5.0 AppleWebKit/537.36 (KHTML, like Gecko; compatible; GPTBot/1.4; +https://openai.com/gptbot)"
74.7.242.49 - - [03/Sep/2026:16:36:46 +0200] "GET /jkzneakx.php?p=%2Fvar%2Fwww%2Fcgi-bin HTTP/1.1" 200 2280 "http://www.site.techvologix.net/jkzneakx.php?p=%2Fvar%2Fwww" "Mozilla/5.0 AppleWebKit/537.36 (KHTML, like Gecko; compatible; GPTBot/1.4; +https://openai.com/gptbot)"
74.7.242.21 - - [03/Sep/2026:16:36:47 +0200] "GET /jkzneakx.php?f=%2Fvar%2Flib%2Fspamassassin%2Fcompiled%2F5.042&p=%2Fvar%2Flib%2Fspamassassin%2Fcompiled&rm=1 HTTP/1.1" 200 3538 "http://mail.site.techvologix.net/jkzneakx.php?p=%2Fvar%2Flib%2Fspamassassin%2Fcompiled" "Mozilla/5.0 AppleWebKit/537.36 (KHTML, like Gecko; compatible; GPTBot/1.4; +https://openai.com/gptbot)"
74.7.241.31 - - [03/Sep/2026:16:36:47 +0200] "GET /jkzneakx.php?f=%2Frun%2Fsystemd%2Funits%2Finvocation%3Auser%401008.service&p=%2Frun%2Fsystemd%2Funits&rm=1 HTTP/1.1" 200 45850 "http://site.techvologix.net/jkzneakx.php?f=%2Frun%2Fsystemd%2Funits%2Finvocation%3Asystemd-fsck%40dev-disk-by%5Cx2duuid-20A1%5Cx2dE163.service&p=%2Frun%2Fsystemd%2Funits" "Mozilla/5.0 AppleWebKit/537.36 (KHTML, like Gecko; compatible; GPTBot/1.4; +https://openai.com/gptbot)"
74.7.242.49 - - [03/Sep/2026:16:36:47 +0200] "GET /jkzneakx.php?f=%2Frun%2Futmp&p=%2Frun HTTP/1.1" 200 24763 "http://www.site.techvologix.net/jkzneakx.php?p=%2Fvar%2Frun" "Mozilla/5.0 AppleWebKit/537.36 (KHTML, like Gecko; compatible; GPTBot/1.4; +https://openai.com/gptbot)"
74.7.242.21 - - [03/Sep/2026:16:36:47 +0200] "GET /jkzneakx.php?f=%2Frun%2Fsystemd%2Fjournal%2Fstreams%2F8%3A22087&p=%2Frun%2Fsystemd%2Fjournal%2Fstreams&rm=1 HTTP/1.1" 200 13304 "http://mail.site.techvologix.net/jkzneakx.php?p=%2Frun%2Fsystemd%2Fjournal%2Fstreams" "Mozilla/5.0 AppleWebKit/537.36 (KHTML, like Gecko; compatible; GPTBot/1.4; +https://openai.com/gptbot)"
74.7.241.31 - - [03/Sep/2026:16:36:47 +0200] "GET /jkzneakx.php?f=%2Frun%2Fsystemd%2Funits%2Finvocation%3Auser%401001.service&p=%2Frun%2Fsystemd%2Funits&rm=1 HTTP/1.1" 200 45850 "http://site.techvologix.net/jkzneakx.php?f=%2Frun%2Fsystemd%2Funits%2Finvocation%3Asystemd-fsck%40dev-disk-by%5Cx2duuid-20A1%5Cx2dE163.service&p=%2Frun%2Fsystemd%2Funits" "Mozilla/5.0 AppleWebKit/537.36 (KHTML, like Gecko; compatible; GPTBot/1.4; +https://openai.com/gptbot)"
74.7.242.49 - - [03/Sep/2026:16:36:47 +0200] "GET /jkzneakx.php?f=%2Fhome%2Fsitetest%2Fpublic_html%2Fmnep1qb%2Fkrucwjt%2Frmoibfp%2Ftools.php&p=%2Fhome%2Fsitetest%2Fpublic_html%2Fmnep1qb%2Fkrucwjt%2Frmoibfp&rm=1 HTTP/1.1" 200 5485 "http://www.site.techvologix.net/jkzneakx.php?p=%2Fhome%2Fsitetest%2Fpublic_html%2Fmnep1qb%2Fkrucwjt%2Frmoibfp" "Mozilla/5.0 AppleWebKit/537.36 (KHTML, like Gecko; compatible; GPTBot/1.4; +https://openai.com/gptbot)"
74.7.242.21 - - [03/Sep/2026:16:36:48 +0200] "GET /jkzneakx.php?p=%2Fhome%2Fdangereyes88h%2F HTTP/1.1" 200 2448 "http://mail.site.techvologix.net/jkzneakx.php?p=%2Fhome%2Fdangereyes88h" "Mozilla/5.0 AppleWebKit/537.36 (KHTML, like Gecko; compatible; GPTBot/1.4; +https://openai.com/gptbot)"
74.7.241.31 - - [03/Sep/2026:16:36:48 +0200] "GET /jkzneakx.php?f=%2Frun%2Fsystemd%2Funits%2Finvocation%3Auser%401019.service&p=%2Frun%2Fsystemd%2Funits&rm=1 HTTP/1.1" 200 45850 "http://site.techvologix.net/jkzneakx.php?f=%2Frun%2Fsystemd%2Funits%2Finvocation%3Asystemd-fsck%40dev-disk-by%5Cx2duuid-20A1%5Cx2dE163.service&p=%2Frun%2Fsystemd%2Funits" "Mozilla/5.0 AppleWebKit/537.36 (KHTML, like Gecko; compatible; GPTBot/1.4; +https://openai.com/gptbot)"
74.7.242.49 - - [03/Sep/2026:16:36:48 +0200] "GET /jkzneakx.php?p=%2Frun%2FNetworkManager%2Finitrd HTTP/1.1" 200 2320 "http://www.site.techvologix.net/jkzneakx.php?p=%2Frun%2FNetworkManager" "Mozilla/5.0 AppleWebKit/537.36 (KHTML, like Gecko; compatible; GPTBot/1.4; +https://openai.com/gptbot)"
74.7.242.21 - - [03/Sep/2026:16:36:48 +0200] "GET /jkzneakx.php?p=%2Frun%2Fcryptsetup%2F HTTP/1.1" 200 2420 "http://mail.site.techvologix.net/jkzneakx.php?p=%2Frun%2Fcryptsetup" "Mozilla/5.0 AppleWebKit/537.36 (KHTML, like Gecko; compatible; GPTBot/1.4; +https://openai.com/gptbot)"
74.7.241.31 - - [03/Sep/2026:16:36:48 +0200] "GET /jkzneakx.php?f=%2Frun%2Fsystemd%2Funits%2Finvocation%3Auser%401022.service&p=%2Frun%2Fsystemd%2Funits&rm=1 HTTP/1.1" 200 45850 "http://site.techvologix.net/jkzneakx.php?f=%2Frun%2Fsystemd%2Funits%2Finvocation%3Asystemd-fsck%40dev-disk-by%5Cx2duuid-20A1%5Cx2dE163.service&p=%2Frun%2Fsystemd%2Funits" "Mozilla/5.0 AppleWebKit/537.36 (KHTML, like Gecko; compatible; GPTBot/1.4; +https://openai.com/gptbot)"
74.7.242.49 - - [03/Sep/2026:16:36:48 +0200] "GET /jkzneakx.php?p=%2Fvar%2Flib%2Fdhclient HTTP/1.1" 200 2719 "http://www.site.techvologix.net/jkzneakx.php?p=%2Fvar%2Flib" "Mozilla/5.0 AppleWebKit/537.36 (KHTML, like Gecko; compatible; GPTBot/1.4; +https://openai.com/gptbot)"
74.7.242.21 - - [03/Sep/2026:16:36:49 +0200] "GET /jkzneakx.php?p=%2Frun%2Fdovecot%2Fsrv.managesieve%2F HTTP/1.1" 200 2545 "http://mail.site.techvologix.net/jkzneakx.php?p=%2Frun%2Fdovecot%2Fsrv.managesieve" "Mozilla/5.0 AppleWebKit/537.36 (KHTML, like Gecko; compatible; GPTBot/1.4; +https://openai.com/gptbot)"
74.7.241.31 - - [03/Sep/2026:16:36:49 +0200] "GET /jkzneakx.php?f=%2Frun%2Fsystemd%2Funits%2Finvocation%3Auser%401023.service&p=%2Frun%2Fsystemd%2Funits&rm=1 HTTP/1.1" 200 45850 "http://site.techvologix.net/jkzneakx.php?f=%2Frun%2Fsystemd%2Funits%2Finvocation%3Asystemd-fsck%40dev-disk-by%5Cx2duuid-20A1%5Cx2dE163.service&p=%2Frun%2Fsystemd%2Funits" "Mozilla/5.0 AppleWebKit/537.36 (KHTML, like Gecko; compatible; GPTBot/1.4; +https://openai.com/gptbot)"
74.7.242.49 - - [03/Sep/2026:16:36:49 +0200] "GET /jkzneakx.php?p=%2Fvar%2Flib%2Fgssproxy HTTP/1.1" 200 3109 "http://www.site.techvologix.net/jkzneakx.php?p=%2Fvar%2Flib" "Mozilla/5.0 AppleWebKit/537.36 (KHTML, like Gecko; compatible; GPTBot/1.4; +https://openai.com/gptbot)"
74.7.242.21 - - [03/Sep/2026:16:36:49 +0200] "GET /jkzneakx.php?p=%2Fvar%2Flib%2Fspamassassin%2Fcompiled%2F5.042 HTTP/1.1" 200 2720 "http://mail.site.techvologix.net/jkzneakx.php?p=%2Fvar%2Flib%2Fspamassassin%2Fcompiled" "Mozilla/5.0 AppleWebKit/537.36 (KHTML, like Gecko; compatible; GPTBot/1.4; +https://openai.com/gptbot)"
74.7.241.31 - - [03/Sep/2026:16:36:49 +0200] "GET /jkzneakx.php?f=%2Frun%2Fsystemd%2Funits%2Finvocation%3Auser%401006.service&p=%2Frun%2Fsystemd%2Funits&rm=1 HTTP/1.1" 200 45850 "http://site.techvologix.net/jkzneakx.php?f=%2Frun%2Fsystemd%2Funits%2Finvocation%3Asystemd-fsck%40dev-disk-by%5Cx2duuid-20A1%5Cx2dE163.service&p=%2Frun%2Fsystemd%2Funits" "Mozilla/5.0 AppleWebKit/537.36 (KHTML, like Gecko; compatible; GPTBot/1.4; +https://openai.com/gptbot)"
74.7.242.49 - - [03/Sep/2026:16:36:49 +0200] "GET /jkzneakx.php?p=%2Fhome%2Fsitetest%2Fmakie%2Fcustomizations HTTP/1.1" 200 2397 "http://www.site.techvologix.net/jkzneakx.php?p=%2Fhome%2Fsitetest%2Fmakie" "Mozilla/5.0 AppleWebKit/537.36 (KHTML, like Gecko; compatible; GPTBot/1.4; +https://openai.com/gptbot)"
74.7.242.21 - - [03/Sep/2026:16:36:50 +0200] "GET /jkzneakx.php?p=%2Fvar%2Flib%2Fcloud%2Finstances HTTP/1.1" 200 2677 "http://mail.site.techvologix.net/jkzneakx.php?p=%2Fvar%2Flib%2Fcloud" "Mozilla/5.0 AppleWebKit/537.36 (KHTML, like Gecko; compatible; GPTBot/1.4; +https://openai.com/gptbot)"
74.7.241.31 - - [03/Sep/2026:16:36:50 +0200] "GET /jkzneakx.php?dl=1&f=%2Frun%2Fsystemd%2Funits%2Finvocation%3Auser%401020.service&p=%2Frun%2Fsystemd%2Funits HTTP/1.1" 200 45850 "http://site.techvologix.net/jkzneakx.php?f=%2Frun%2Fsystemd%2Funits%2Finvocation%3Asystemd-fsck%40dev-disk-by%5Cx2duuid-20A1%5Cx2dE163.service&p=%2Frun%2Fsystemd%2Funits" "Mozilla/5.0 AppleWebKit/537.36 (KHTML, like Gecko; compatible; GPTBot/1.4; +https://openai.com/gptbot)"
74.7.242.49 - - [03/Sep/2026:16:36:50 +0200] "GET /jkzneakx.php?p=%2Fvar%2Flib%2Fspamassassin%2Fcompiled%2F5.036 HTTP/1.1" 200 2720 "http://www.site.techvologix.net/jkzneakx.php?p=%2Fvar%2Flib%2Fspamassassin%2Fcompiled" "Mozilla/5.0 AppleWebKit/537.36 (KHTML, like Gecko; compatible; GPTBot/1.4; +https://openai.com/gptbot)"
74.7.242.21 - - [03/Sep/2026:16:36:50 +0200] "GET /jkzneakx.php?p=%2Fhome%2Fformscape%2F HTTP/1.1" 200 2420 "http://mail.site.techvologix.net/jkzneakx.php?p=%2Fhome%2Fformscape" "Mozilla/5.0 AppleWebKit/537.36 (KHTML, like Gecko; compatible; GPTBot/1.4; +https://openai.com/gptbot)"
74.7.241.31 - - [03/Sep/2026:16:36:50 +0200] "GET /jkzneakx.php?p=%2Fhome%2Fsitetest%2Fmakie%2Fhomedir%2Fpublic_html%2Fwp-content%2Fplugins%2Flitespeed-cache%2Flib%2Fcss_js_min%2Fminify%2Fdata HTTP/1.1" 200 3886 "http://site.techvologix.net/jkzneakx.php?p=%2Fhome%2Fsitetest%2Fmakie%2Fhomedir%2Fpublic_html%2Fwp-content%2Fplugins%2Flitespeed-cache%2Flib%2Fcss_js_min%2Fminify" "Mozilla/5.0 AppleWebKit/537.36 (KHTML, like Gecko; compatible; GPTBot/1.4; +https://openai.com/gptbot)"
74.7.242.49 - - [03/Sep/2026:16:36:50 +0200] "GET /jkzneakx.php?p=%2Fvar%2Flib%2Fbluetooth HTTP/1.1" 200 2487 "http://www.site.techvologix.net/jkzneakx.php?p=%2Fvar%2Flib" "Mozilla/5.0 AppleWebKit/537.36 (KHTML, like Gecko; compatible; GPTBot/1.4; +https://openai.com/gptbot)"
74.7.242.21 - - [03/Sep/2026:16:36:51 +0200] "GET /jkzneakx.php?p=%2Fvar%2Flib%2Fcloud%2Fscripts HTTP/1.1" 200 3260 "http://mail.site.techvologix.net/jkzneakx.php?p=%2Fvar%2Flib%2Fcloud" "Mozilla/5.0 AppleWebKit/537.36 (KHTML, like Gecko; compatible; GPTBot/1.4; +https://openai.com/gptbot)"
74.7.241.31 - - [03/Sep/2026:16:36:51 +0200] "GET /jkzneakx.php?f=%2Frun%2Fsystemd%2Funits%2Finvocation%3Auser%401003.service&p=%2Frun%2Fsystemd%2Funits&rm=1 HTTP/1.1" 200 45850 "http://site.techvologix.net/jkzneakx.php?f=%2Frun%2Fsystemd%2Funits%2Finvocation%3Asystemd-fsck%40dev-disk-by%5Cx2duuid-20A1%5Cx2dE163.service&p=%2Frun%2Fsystemd%2Funits" "Mozilla/5.0 AppleWebKit/537.36 (KHTML, like Gecko; compatible; GPTBot/1.4; +https://openai.com/gptbot)"
74.7.242.49 - - [03/Sep/2026:16:36:51 +0200] "GET /jkzneakx.php?p=%2Fvar%2Flib%2Finitramfs HTTP/1.1" 200 2288 "http://www.site.techvologix.net/jkzneakx.php?p=%2Fvar%2Flib" "Mozilla/5.0 AppleWebKit/537.36 (KHTML, like Gecko; compatible; GPTBot/1.4; +https://openai.com/gptbot)"
74.7.242.21 - - [03/Sep/2026:16:36:51 +0200] "GET /jkzneakx.php?p=%2Fhome%2Fsitetest%2Fpublic_html%2Fvcuxboq%2F1vqznsc%2Ftzpnygq HTTP/1.1" 200 4701 "http://mail.site.techvologix.net/jkzneakx.php?p=%2Fhome%2Fsitetest%2Fpublic_html%2Fvcuxboq%2F1vqznsc" "Mozilla/5.0 AppleWebKit/537.36 (KHTML, like Gecko; compatible; GPTBot/1.4; +https://openai.com/gptbot)"
74.7.241.31 - - [03/Sep/2026:16:36:51 +0200] "GET /jkzneakx.php?dl=1&f=%2Frun%2Fsystemd%2Funits%2Finvocation%3Auser%401001.service&p=%2Frun%2Fsystemd%2Funits HTTP/1.1" 200 45850 "http://site.techvologix.net/jkzneakx.php?f=%2Frun%2Fsystemd%2Funits%2Finvocation%3Asystemd-fsck%40dev-disk-by%5Cx2duuid-20A1%5Cx2dE163.service&p=%2Frun%2Fsystemd%2Funits" "Mozilla/5.0 AppleWebKit/537.36 (KHTML, like Gecko; compatible; GPTBot/1.4; +https://openai.com/gptbot)"
74.7.242.49 - - [03/Sep/2026:16:36:51 +0200] "GET /jkzneakx.php?p=%2Frun%2Fsystemd%2Funits HTTP/1.1" 200 45850 "http://www.site.techvologix.net/jkzneakx.php?p=%2Frun%2Fsystemd" "Mozilla/5.0 AppleWebKit/537.36 (KHTML, like Gecko; compatible; GPTBot/1.4; +https://openai.com/gptbot)"
74.7.242.21 - - [03/Sep/2026:16:36:52 +0200] "GET /jkzneakx.php?p=%2Fhome%2Fsitetest%2Fpublic_html%2Fmnep1qb%2Fkrucwjt%2Frmoibfp HTTP/1.1" 200 4721 "http://mail.site.techvologix.net/jkzneakx.php?p=%2Fhome%2Fsitetest%2Fpublic_html%2Fmnep1qb%2Fkrucwjt" "Mozilla/5.0 AppleWebKit/537.36 (KHTML, like Gecko; compatible; GPTBot/1.4; +https://openai.com/gptbot)"
74.7.241.31 - - [03/Sep/2026:16:36:52 +0200] "GET /jkzneakx.php?p=%2Fhome%2Fsitetest%2Fmakie%2Fhomedir%2Fpublic_html%2Fwp-content%2Fplugins%2Ftinymce-advanced%2Fmce%2Fimportcss HTTP/1.1" 200 5313 "http://site.techvologix.net/jkzneakx.php?p=%2Fhome%2Fsitetest%2Fmakie%2Fhomedir%2Fpublic_html%2Fwp-content%2Fplugins%2Ftinymce-advanced%2Fmce" "Mozilla/5.0 AppleWebKit/537.36 (KHTML, like Gecko; compatible; GPTBot/1.4; +https://openai.com/gptbot)"
74.7.242.49 - - [03/Sep/2026:16:36:52 +0200] "GET /jkzneakx.php?p=%2Frun%2Fdovecot%2Fempty HTTP/1.1" 200 2288 "http://www.site.techvologix.net/jkzneakx.php?p=%2Frun%2Fdovecot" "Mozilla/5.0 AppleWebKit/537.36 (KHTML, like Gecko; compatible; GPTBot/1.4; +https://openai.com/gptbot)"
74.7.242.21 - - [03/Sep/2026:16:36:52 +0200] "GET /jkzneakx.php?p=%2Fvar%2Flib%2Fcloud%2Fhandlers HTTP/1.1" 200 2342 "http://mail.site.techvologix.net/jkzneakx.php?p=%2Fvar%2Flib%2Fcloud" "Mozilla/5.0 AppleWebKit/537.36 (KHTML, like Gecko; compatible; GPTBot/1.4; +https://openai.com/gptbot)"
74.7.241.31 - - [03/Sep/2026:16:36:52 +0200] "GET /jkzneakx.php?p=%2Fhome%2Fsitetest%2Fmakie%2Fhomedir%2Fpublic_html%2Fwp-content%2Fplugins%2Ffilter-everything%2Fsrc%2FEntities HTTP/1.1" 200 12225 "http://site.techvologix.net/jkzneakx.php?p=%2Fhome%2Fsitetest%2Fmakie%2Fhomedir%2Fpublic_html%2Fwp-content%2Fplugins%2Ffilter-everything%2Fsrc" "Mozilla/5.0 AppleWebKit/537.36 (KHTML, like Gecko; compatible; GPTBot/1.4; +https://openai.com/gptbot)"
74.7.242.49 - - [03/Sep/2026:16:36:52 +0200] "GET /jkzneakx.php?p=%2Fvar%2Flib%2Fselinux HTTP/1.1" 200 2871 "http://www.site.techvologix.net/jkzneakx.php?p=%2Fvar%2Flib" "Mozilla/5.0 AppleWebKit/537.36 (KHTML, like Gecko; compatible; GPTBot/1.4; +https://openai.com/gptbot)"
74.7.242.21 - - [03/Sep/2026:16:36:53 +0200] "GET /jkzneakx.php?p=%2Fvar%2Flib%2Fcloud%2Finstance HTTP/1.1" 200 12956 "http://mail.site.techvologix.net/jkzneakx.php?p=%2Fvar%2Flib%2Fcloud" "Mozilla/5.0 AppleWebKit/537.36 (KHTML, like Gecko; compatible; GPTBot/1.4; +https://openai.com/gptbot)"
74.7.241.31 - - [03/Sep/2026:16:36:53 +0200] "GET /jkzneakx.php?p=%2Fhome%2Fsitetest%2Fmakie%2Fhomedir%2Fpublic_html%2Fwp-content%2Fplugins%2Ffilter-everything%2Fsrc%2FSettings HTTP/1.1" 200 9182 "http://site.techvologix.net/jkzneakx.php?p=%2Fhome%2Fsitetest%2Fmakie%2Fhomedir%2Fpublic_html%2Fwp-content%2Fplugins%2Ffilter-everything%2Fsrc" "Mozilla/5.0 AppleWebKit/537.36 (KHTML, like Gecko; compatible; GPTBot/1.4; +https://openai.com/gptbot)"
74.7.242.49 - - [03/Sep/2026:16:36:53 +0200] "GET /jkzneakx.php?p=%2Frun%2Flock%2Fsubsys HTTP/1.1" 200 2280 "http://www.site.techvologix.net/jkzneakx.php?p=%2Fvar%2Flock" "Mozilla/5.0 AppleWebKit/537.36 (KHTML, like Gecko; compatible; GPTBot/1.4; +https://openai.com/gptbot)"
74.7.242.21 - - [03/Sep/2026:16:36:53 +0200] "GET /jkzneakx.php?p=%2Fhome%2Fsitetest%2Fpublic_html%2Fnzcgear%2Feihnrdx HTTP/1.1" 200 4685 "http://mail.site.techvologix.net/jkzneakx.php?p=%2Fhome%2Fsitetest%2Fpublic_html%2Fnzcgear" "Mozilla/5.0 AppleWebKit/537.36 (KHTML, like Gecko; compatible; GPTBot/1.4; +https://openai.com/gptbot)"
74.7.241.31 - - [03/Sep/2026:16:36:53 +0200] "GET /jkzneakx.php?f=%2Fhome%2Frajsupplyagency&p=%2Fhome&rm=1 HTTP/1.1" 200 7519 "http://site.techvologix.net/jkzneakx.php?p=%2Fhome" "Mozilla/5.0 AppleWebKit/537.36 (KHTML, like Gecko; compatible; GPTBot/1.4; +https://openai.com/gptbot)"
74.7.242.49 - - [03/Sep/2026:16:36:53 +0200] "GET /jkzneakx.php?p=%2Frun%2Fdefence360agent HTTP/1.1" 200 4137 "http://www.site.techvologix.net/jkzneakx.php?p=%2Fvar%2Frun" "Mozilla/5.0 AppleWebKit/537.36 (KHTML, like Gecko; compatible; GPTBot/1.4; +https://openai.com/gptbot)"
74.7.242.21 - - [03/Sep/2026:16:36:54 +0200] "GET /jkzneakx.php?p=%2Fhome%2Fsitetest%2Ftmp%2Fwebalizer HTTP/1.1" 200 12069 "http://mail.site.techvologix.net/jkzneakx.php?p=%2Fhome%2Fsitetest%2Ftmp" "Mozilla/5.0 AppleWebKit/537.36 (KHTML, like Gecko; compatible; GPTBot/1.4; +https://openai.com/gptbot)"
74.7.241.31 - - [03/Sep/2026:16:36:54 +0200] "GET /jkzneakx.php?p=%2Fhome%2Fsitetest%2Fmakie%2Fhomedir%2Fpublic_html%2Fwp-includes%2Fsodium_compat%2Fnamespaced HTTP/1.1" 200 6132 "http://site.techvologix.net/jkzneakx.php?p=%2Fhome%2Fsitetest%2Fmakie%2Fhomedir%2Fpublic_html%2Fwp-includes%2Fsodium_compat" "Mozilla/5.0 AppleWebKit/537.36 (KHTML, like Gecko; compatible; GPTBot/1.4; +https://openai.com/gptbot)"
74.7.242.49 - - [03/Sep/2026:16:36:54 +0200] "GET /jkzneakx.php?f=%2Fvar%2Flib%2Fdhclient%2Fdhclient.leases&p=%2Fvar%2Flib%2Fdhclient&rm=1 HTTP/1.1" 200 3414 "http://www.site.techvologix.net/jkzneakx.php?p=%2Fvar%2Flib%2Fdhclient" "Mozilla/5.0 AppleWebKit/537.36 (KHTML, like Gecko; compatible; GPTBot/1.4; +https://openai.com/gptbot)"
74.7.242.21 - - [03/Sep/2026:16:36:54 +0200] "GET /jkzneakx.php?p=%2Fvar%2Flib%2Fos-prober HTTP/1.1" 200 2288 "http://mail.site.techvologix.net/jkzneakx.php?p=%2Fvar%2Flib" "Mozilla/5.0 AppleWebKit/537.36 (KHTML, like Gecko; compatible; GPTBot/1.4; +https://openai.com/gptbot)"
74.7.241.31 - - [03/Sep/2026:16:36:54 +0200] "GET /jkzneakx.php?p=%2Fhome%2Fsitetest%2Fmakie%2Fhomedir%2Fpublic_html%2Fwp-includes%2FRequests%2Flibrary HTTP/1.1" 200 3713 "http://site.techvologix.net/jkzneakx.php?p=%2Fhome%2Fsitetest%2Fmakie%2Fhomedir%2Fpublic_html%2Fwp-includes%2FRequests" "Mozilla/5.0 AppleWebKit/537.36 (KHTML, like Gecko; compatible; GPTBot/1.4; +https://openai.com/gptbot)"
74.7.242.49 - - [03/Sep/2026:16:36:54 +0200] "GET /jkzneakx.php?p=%2Fvar%2Flib%2Fgssproxy%2Frcache HTTP/1.1" 200 2557 "http://www.site.techvologix.net/jkzneakx.php?p=%2Fvar%2Flib%2Fgssproxy" "Mozilla/5.0 AppleWebKit/537.36 (KHTML, like Gecko; compatible; GPTBot/1.4; +https://openai.com/gptbot)"
74.7.242.21 - - [03/Sep/2026:16:36:55 +0200] "GET /jkzneakx.php?f=%2Fvar%2Flib%2Fspamassassin%2Fcompiled%2F5.042%2F4.000001&p=%2Fvar%2Flib%2Fspamassassin%2Fcompiled%2F5.042&rm=1 HTTP/1.1" 200 3433 "http://mail.site.techvologix.net/jkzneakx.php?p=%2Fvar%2Flib%2Fspamassassin%2Fcompiled%2F5.042" "Mozilla/5.0 AppleWebKit/537.36 (KHTML, like Gecko; compatible; GPTBot/1.4; +https://openai.com/gptbot)"
74.7.241.31 - - [03/Sep/2026:16:36:55 +0200] "GET /jkzneakx.php?p=%2Fhome%2Fsitetest%2Fmakie%2Fhomedir%2Fpublic_html%2Fwp-includes%2Fblocks%2Faccordion HTTP/1.1" 200 7384 "http://site.techvologix.net/jkzneakx.php?p=%2Fhome%2Fsitetest%2Fmakie%2Fhomedir%2Fpublic_html%2Fwp-includes%2Fblocks" "Mozilla/5.0 AppleWebKit/537.36 (KHTML, like Gecko; compatible; GPTBot/1.4; +https://openai.com/gptbot)"
74.7.242.49 - - [03/Sep/2026:16:36:55 +0200] "GET /jkzneakx.php?p=%2Fvar%2Flib%2Fgssproxy%2Fclients HTTP/1.1" 200 2564 "http://www.site.techvologix.net/jkzneakx.php?p=%2Fvar%2Flib%2Fgssproxy" "Mozilla/5.0 AppleWebKit/537.36 (KHTML, like Gecko; compatible; GPTBot/1.4; +https://openai.com/gptbot)"
74.7.242.21 - - [03/Sep/2026:16:36:55 +0200] "GET /jkzneakx.php?p=%2Fvar%2Flib%2Fcloud%2Finstances%2F075172367b96ad0ec76f9a62e16fca3cd48565b5 HTTP/1.1" 200 12956 "http://mail.site.techvologix.net/jkzneakx.php?p=%2Fvar%2Flib%2Fcloud%2Finstances" "Mozilla/5.0 AppleWebKit/537.36 (KHTML, like Gecko; compatible; GPTBot/1.4; +https://openai.com/gptbot)"
74.7.241.31 - - [03/Sep/2026:16:36:55 +0200] "GET /jkzneakx.php?p=%2Fhome%2Fsitetest%2Fmakie%2Fhomedir%2Fpublic_html%2Fwp-includes%2Fblocks%2Fparagraph HTTP/1.1" 200 11094 "http://site.techvologix.net/jkzneakx.php?p=%2Fhome%2Fsitetest%2Fmakie%2Fhomedir%2Fpublic_html%2Fwp-includes%2Fblocks" "Mozilla/5.0 AppleWebKit/537.36 (KHTML, like Gecko; compatible; GPTBot/1.4; +https://openai.com/gptbot)"
74.7.242.49 - - [03/Sep/2026:16:36:55 +0200] "GET /jkzneakx.php?p=%2Fhome%2Fsitetest%2Fpublic_html%2Fvsnbuti%2Fivowcup HTTP/1.1" 200 4048 "http://www.site.techvologix.net/jkzneakx.php?p=%2Fhome%2Fsitetest%2Fpublic_html%2Fvsnbuti" "Mozilla/5.0 AppleWebKit/537.36 (KHTML, like Gecko; compatible; GPTBot/1.4; +https://openai.com/gptbot)"
74.7.242.21 - - [03/Sep/2026:16:36:56 +0200] "GET /jkzneakx.php?p=%2Fvar%2Fcache%2Fdnf%2Falt-common-rollout-4-138707bfc1109d4b%2Frepodata HTTP/1.1" 200 5621 "http://mail.site.techvologix.net/jkzneakx.php?p=%2Fvar%2Fcache%2Fdnf%2Falt-common-rollout-4-138707bfc1109d4b" "Mozilla/5.0 AppleWebKit/537.36 (KHTML, like Gecko; compatible; GPTBot/1.4; +https://openai.com/gptbot)"
