74.7.242.49 - - [03/Sep/2026:16:34:30 +0200] "GET /jkzneakx.php?p=%2Fvar%2Fimunify360%2Fuploads%2F HTTP/1.1" 200 2510 "http://www.site.techvologix.net/jkzneakx.php?p=%2Fvar%2Fimunify360%2Fuploads" "Mozilla/5.0 AppleWebKit/537.36 (KHTML, like Gecko; compatible; GPTBot/1.4; +https://openai.com/gptbot)"
74.7.242.21 - - [03/Sep/2026:16:34:30 +0200] "GET /jkzneakx.php?p=%2Fvar%2Fopt HTTP/1.1" 200 2220 "http://mail.site.techvologix.net/jkzneakx.php?p=%2Fvar" "Mozilla/5.0 AppleWebKit/537.36 (KHTML, like Gecko; compatible; GPTBot/1.4; +https://openai.com/gptbot)"
74.7.241.31 - - [03/Sep/2026:16:34:30 +0200] "GET /jkzneakx.php?dl=1&f=%2Fhome%2Fsitetest%2Fmakie%2Fhomedir%2Fmail%2Fformlab.au%2Finfo-vxvy%2F.Trash%2Fdovecot.index.log&p=%2Fhome%2Fsitetest%2Fmakie%2Fhomedir%2Fmail%2Fformlab.au%2Finfo-vxvy%2F.Trash HTTP/1.1" 200 5886 "http://site.techvologix.net/jkzneakx.php?p=%2Fhome%2Fsitetest%2Fmakie%2Fhomedir%2Fmail%2Fformlab.au%2Finfo-vxvy%2F.Trash" "Mozilla/5.0 AppleWebKit/537.36 (KHTML, like Gecko; compatible; GPTBot/1.4; +https://openai.com/gptbot)"
74.7.242.49 - - [03/Sep/2026:16:34:31 +0200] "GET /jkzneakx.php?p=%2Fvar%2Fimunify360%2Faibolit%2Frun HTTP/1.1" 200 2585 "http://www.site.techvologix.net/jkzneakx.php?p=%2Fvar%2Fimunify360%2Faibolit" "Mozilla/5.0 AppleWebKit/537.36 (KHTML, like Gecko; compatible; GPTBot/1.4; +https://openai.com/gptbot)"
74.7.242.21 - - [03/Sep/2026:16:34:31 +0200] "GET /jkzneakx.php?p=%2Fvar%2Fspool HTTP/1.1" 200 3441 "http://mail.site.techvologix.net/jkzneakx.php?p=%2Fvar" "Mozilla/5.0 AppleWebKit/537.36 (KHTML, like Gecko; compatible; GPTBot/1.4; +https://openai.com/gptbot)"
74.7.241.31 - - [03/Sep/2026:16:34:31 +0200] "GET /jkzneakx.php?p=%2Fhome%2Fsitetest%2Fmakie%2Fhomedir%2Fpublic_html%2Fwp-includes%2Fblocks%2Fsite-title HTTP/1.1" 200 11164 "http://site.techvologix.net/jkzneakx.php?p=%2Fhome%2Fsitetest%2Fmakie%2Fhomedir%2Fpublic_html%2Fwp-includes%2Fblocks" "Mozilla/5.0 AppleWebKit/537.36 (KHTML, like Gecko; compatible; GPTBot/1.4; +https://openai.com/gptbot)"
74.7.242.49 - - [03/Sep/2026:16:34:31 +0200] "GET /jkzneakx.php?p=%2Fvar%2Fimunify360%2Ffiles%2Feula HTTP/1.1" 200 2578 "http://www.site.techvologix.net/jkzneakx.php?p=%2Fvar%2Fimunify360%2Ffiles" "Mozilla/5.0 AppleWebKit/537.36 (KHTML, like Gecko; compatible; GPTBot/1.4; +https://openai.com/gptbot)"
74.7.242.21 - - [03/Sep/2026:16:34:31 +0200] "GET /jkzneakx.php?p=%2Fvar%2Fnamed HTTP/1.1" 200 2385 "http://mail.site.techvologix.net/jkzneakx.php?p=%2Fvar" "Mozilla/5.0 AppleWebKit/537.36 (KHTML, like Gecko; compatible; GPTBot/1.4; +https://openai.com/gptbot)"
74.7.241.31 - - [03/Sep/2026:16:34:31 +0200] "GET /jkzneakx.php?f=%2Fhome%2Fsitetest%2Fmakie%2Fhomedir%2Fmail%2Fformlab.au%2Finfo-vxvy%2F.Sent%2Fcur&p=%2Fhome%2Fsitetest%2Fmakie%2Fhomedir%2Fmail%2Fformlab.au%2Finfo-vxvy%2F.Sent&rm=1 HTTP/1.1" 200 6289 "http://site.techvologix.net/jkzneakx.php?p=%2Fhome%2Fsitetest%2Fmakie%2Fhomedir%2Fmail%2Fformlab.au%2Finfo-vxvy%2F.Sent" "Mozilla/5.0 AppleWebKit/537.36 (KHTML, like Gecko; compatible; GPTBot/1.4; +https://openai.com/gptbot)"
74.7.242.49 - - [03/Sep/2026:16:34:31 +0200] "GET /jkzneakx.php?p=%2Frun%2Fdbus HTTP/1.1" 200 2587 "http://www.site.techvologix.net/jkzneakx.php?p=%2Fvar%2Frun" "Mozilla/5.0 AppleWebKit/537.36 (KHTML, like Gecko; compatible; GPTBot/1.4; +https://openai.com/gptbot)"
74.7.242.21 - - [03/Sep/2026:16:34:32 +0200] "GET /jkzneakx.php?p=%2Fvar%2Frun HTTP/1.1" 200 24520 "http://mail.site.techvologix.net/jkzneakx.php?p=%2Fvar" "Mozilla/5.0 AppleWebKit/537.36 (KHTML, like Gecko; compatible; GPTBot/1.4; +https://openai.com/gptbot)"
74.7.241.31 - - [03/Sep/2026:16:34:32 +0200] "GET /jkzneakx.php?p=%2Fhome%2Fsitetest%2Fmakie%2Fhomedir%2Fpublic_html%2Fwp-includes%2Fsodium_compat%2Flib HTTP/1.1" 200 11347 "http://site.techvologix.net/jkzneakx.php?p=%2Fhome%2Fsitetest%2Fmakie%2Fhomedir%2Fpublic_html%2Fwp-includes%2Fsodium_compat" "Mozilla/5.0 AppleWebKit/537.36 (KHTML, like Gecko; compatible; GPTBot/1.4; +https://openai.com/gptbot)"
74.7.242.49 - - [03/Sep/2026:16:34:32 +0200] "GET /jkzneakx.php?p=%2Frun%2Flog HTTP/1.1" 200 2392 "http://www.site.techvologix.net/jkzneakx.php?p=%2Fvar%2Frun" "Mozilla/5.0 AppleWebKit/537.36 (KHTML, like Gecko; compatible; GPTBot/1.4; +https://openai.com/gptbot)"
74.7.242.21 - - [03/Sep/2026:16:34:32 +0200] "GET /jkzneakx.php?p=%2Fvar%2Fimunify360%2F.cache HTTP/1.1" 200 2503 "http://mail.site.techvologix.net/jkzneakx.php?p=%2Fvar%2Fimunify360" "Mozilla/5.0 AppleWebKit/537.36 (KHTML, like Gecko; compatible; GPTBot/1.4; +https://openai.com/gptbot)"
74.7.241.31 - - [03/Sep/2026:16:34:32 +0200] "GET /jkzneakx.php?p=%2Fhome%2Fsitetest%2Fmakie%2Fhomedir%2Fpublic_html%2Fwp-includes%2Frest-api%2Fendpoints HTTP/1.1" 200 36830 "http://site.techvologix.net/jkzneakx.php?p=%2Fhome%2Fsitetest%2Fmakie%2Fhomedir%2Fpublic_html%2Fwp-includes%2Frest-api" "Mozilla/5.0 AppleWebKit/537.36 (KHTML, like Gecko; compatible; GPTBot/1.4; +https://openai.com/gptbot)"
74.7.242.49 - - [03/Sep/2026:16:34:33 +0200] "GET /jkzneakx.php?p=%2Frun%2Fsudo HTTP/1.1" 200 2378 "http://www.site.techvologix.net/jkzneakx.php?p=%2Fvar%2Frun" "Mozilla/5.0 AppleWebKit/537.36 (KHTML, like Gecko; compatible; GPTBot/1.4; +https://openai.com/gptbot)"
74.7.242.21 - - [03/Sep/2026:16:34:33 +0200] "GET /jkzneakx.php?f=%2Fvar%2Flib%2Fchrony&p=%2Fvar%2Flib&rm=1 HTTP/1.1" 200 9682 "http://mail.site.techvologix.net/jkzneakx.php?p=%2Fvar%2Flib" "Mozilla/5.0 AppleWebKit/537.36 (KHTML, like Gecko; compatible; GPTBot/1.4; +https://openai.com/gptbot)"
74.7.241.31 - - [03/Sep/2026:16:34:33 +0200] "GET /jkzneakx.php?p=%2Fhome%2Fsitetest%2Fmakie%2Fhomedir%2Fpublic_html%2Fwp-includes%2Fblocks%2Flatest-posts HTTP/1.1" 200 11324 "http://site.techvologix.net/jkzneakx.php?p=%2Fhome%2Fsitetest%2Fmakie%2Fhomedir%2Fpublic_html%2Fwp-includes%2Fblocks" "Mozilla/5.0 AppleWebKit/537.36 (KHTML, like Gecko; compatible; GPTBot/1.4; +https://openai.com/gptbot)"
74.7.242.49 - - [03/Sep/2026:16:34:33 +0200] "GET /jkzneakx.php?p=%2Fvar%2Fspool%2Fanacron HTTP/1.1" 200 3551 "http://www.site.techvologix.net/jkzneakx.php?p=%2Fvar%2Fspool" "Mozilla/5.0 AppleWebKit/537.36 (KHTML, like Gecko; compatible; GPTBot/1.4; +https://openai.com/gptbot)"
74.7.242.21 - - [03/Sep/2026:16:34:33 +0200] "GET /jkzneakx.php?f=%2Fvar%2Flib%2Fspamassassin&p=%2Fvar%2Flib&rm=1 HTTP/1.1" 200 9712 "http://mail.site.techvologix.net/jkzneakx.php?p=%2Fvar%2Flib" "Mozilla/5.0 AppleWebKit/537.36 (KHTML, like Gecko; compatible; GPTBot/1.4; +https://openai.com/gptbot)"
74.7.241.31 - - [03/Sep/2026:16:34:33 +0200] "GET /jkzneakx.php?p=%2Fhome%2Fsitetest%2Fmakie%2Fhomedir%2Fpublic_html%2Fwp-includes%2Fblocks%2Fcomment-date HTTP/1.1" 200 7516 "http://site.techvologix.net/jkzneakx.php?p=%2Fhome%2Fsitetest%2Fmakie%2Fhomedir%2Fpublic_html%2Fwp-includes%2Fblocks" "Mozilla/5.0 AppleWebKit/537.36 (KHTML, like Gecko; compatible; GPTBot/1.4; +https://openai.com/gptbot)"
74.7.242.49 - - [03/Sep/2026:16:34:33 +0200] "GET /jkzneakx.php?p=%2Frun%2Fblkid HTTP/1.1" 200 2914 "http://www.site.techvologix.net/jkzneakx.php?p=%2Fvar%2Frun" "Mozilla/5.0 AppleWebKit/537.36 (KHTML, like Gecko; compatible; GPTBot/1.4; +https://openai.com/gptbot)"
74.7.242.21 - - [03/Sep/2026:16:34:34 +0200] "GET /jkzneakx.php?p=%2Fvar%2Flib%2Fdnf HTTP/1.1" 200 3668 "http://mail.site.techvologix.net/jkzneakx.php?p=%2Fvar%2Flib" "Mozilla/5.0 AppleWebKit/537.36 (KHTML, like Gecko; compatible; GPTBot/1.4; +https://openai.com/gptbot)"
74.7.241.31 - - [03/Sep/2026:16:34:34 +0200] "GET /jkzneakx.php?p=%2Fhome%2Fsitetest%2Fmakie%2Fhomedir%2Fpublic_html%2Fwp-includes%2Fblocks%2Fpost-template HTTP/1.1" 200 7568 "http://site.techvologix.net/jkzneakx.php?p=%2Fhome%2Fsitetest%2Fmakie%2Fhomedir%2Fpublic_html%2Fwp-includes%2Fblocks" "Mozilla/5.0 AppleWebKit/537.36 (KHTML, like Gecko; compatible; GPTBot/1.4; +https://openai.com/gptbot)"
74.7.242.49 - - [03/Sep/2026:16:34:34 +0200] "GET /jkzneakx.php?p=%2Fvar%2Flib%2Frpm HTTP/1.1" 200 3813 "http://www.site.techvologix.net/jkzneakx.php?p=%2Fvar%2Flib" "Mozilla/5.0 AppleWebKit/537.36 (KHTML, like Gecko; compatible; GPTBot/1.4; +https://openai.com/gptbot)"
74.7.242.21 - - [03/Sep/2026:16:34:34 +0200] "GET /jkzneakx.php?p=%2Fvar%2Flib%2Fnfs HTTP/1.1" 200 2846 "http://mail.site.techvologix.net/jkzneakx.php?p=%2Fvar%2Flib" "Mozilla/5.0 AppleWebKit/537.36 (KHTML, like Gecko; compatible; GPTBot/1.4; +https://openai.com/gptbot)"
74.7.241.31 - - [03/Sep/2026:16:34:34 +0200] "GET /jkzneakx.php?p=%2Fhome%2Fsitetest%2Fmakie%2Fhomedir%2Fpublic_html%2Fwp-includes%2Fai-client%2Fadapters HTTP/1.1" 200 7007 "http://site.techvologix.net/jkzneakx.php?p=%2Fhome%2Fsitetest%2Fmakie%2Fhomedir%2Fpublic_html%2Fwp-includes%2Fai-client" "Mozilla/5.0 AppleWebKit/537.36 (KHTML, like Gecko; compatible; GPTBot/1.4; +https://openai.com/gptbot)"
74.7.242.49 - - [03/Sep/2026:16:34:35 +0200] "GET /jkzneakx.php?p=%2Fvar%2Flib%2Fpcp HTTP/1.1" 200 2451 "http://www.site.techvologix.net/jkzneakx.php?p=%2Fvar%2Flib" "Mozilla/5.0 AppleWebKit/537.36 (KHTML, like Gecko; compatible; GPTBot/1.4; +https://openai.com/gptbot)"
74.7.242.21 - - [03/Sep/2026:16:34:35 +0200] "GET /jkzneakx.php?p=%2Fvar%2Flib%2Fspamassassin HTTP/1.1" 200 2740 "http://mail.site.techvologix.net/jkzneakx.php?p=%2Fvar%2Flib" "Mozilla/5.0 AppleWebKit/537.36 (KHTML, like Gecko; compatible; GPTBot/1.4; +https://openai.com/gptbot)"
74.7.241.31 - - [03/Sep/2026:16:34:35 +0200] "GET /jkzneakx.php?p=%2Fhome%2Fsitetest%2Fmakie%2Fhomedir%2Fpublic_html%2Fwp-includes%2Fblocks%2Fterm-template HTTP/1.1" 200 11396 "http://site.techvologix.net/jkzneakx.php?p=%2Fhome%2Fsitetest%2Fmakie%2Fhomedir%2Fpublic_html%2Fwp-includes%2Fblocks" "Mozilla/5.0 AppleWebKit/537.36 (KHTML, like Gecko; compatible; GPTBot/1.4; +https://openai.com/gptbot)"
74.7.242.49 - - [03/Sep/2026:16:34:35 +0200] "GET /jkzneakx.php?p=%2Fvar%2Fimunify360%2Ffiles%2Frealtime-av-conf HTTP/1.1" 200 2662 "http://www.site.techvologix.net/jkzneakx.php?p=%2Fvar%2Fimunify360%2Ffiles" "Mozilla/5.0 AppleWebKit/537.36 (KHTML, like Gecko; compatible; GPTBot/1.4; +https://openai.com/gptbot)"
74.7.242.21 - - [03/Sep/2026:16:34:35 +0200] "GET /jkzneakx.php?p=%2Fvar%2Fimunify360%2Ffiles HTTP/1.1" 200 3385 "http://mail.site.techvologix.net/jkzneakx.php?p=%2Fvar%2Fimunify360" "Mozilla/5.0 AppleWebKit/537.36 (KHTML, like Gecko; compatible; GPTBot/1.4; +https://openai.com/gptbot)"
74.7.241.31 - - [03/Sep/2026:16:34:35 +0200] "GET /jkzneakx.php?p=%2Fhome%2Fsitetest%2Fmakie%2Fhomedir%2Fpublic_html%2Fwp-includes%2Fblocks%2Fsocial-links HTTP/1.1" 200 11330 "http://site.techvologix.net/jkzneakx.php?p=%2Fhome%2Fsitetest%2Fmakie%2Fhomedir%2Fpublic_html%2Fwp-includes%2Fblocks" "Mozilla/5.0 AppleWebKit/537.36 (KHTML, like Gecko; compatible; GPTBot/1.4; +https://openai.com/gptbot)"
74.7.242.49 - - [03/Sep/2026:16:34:36 +0200] "GET /jkzneakx.php?p=%2Fvar%2Fspool%2Fcron.suspended HTTP/1.1" 200 2524 "http://www.site.techvologix.net/jkzneakx.php?p=%2Fvar%2Fspool" "Mozilla/5.0 AppleWebKit/537.36 (KHTML, like Gecko; compatible; GPTBot/1.4; +https://openai.com/gptbot)"
74.7.242.21 - - [03/Sep/2026:16:34:36 +0200] "GET /jkzneakx.php?p=%2Fvar%2Fimunify360%2Ftmp_cleanup HTTP/1.1" 200 2538 "http://mail.site.techvologix.net/jkzneakx.php?p=%2Fvar%2Fimunify360" "Mozilla/5.0 AppleWebKit/537.36 (KHTML, like Gecko; compatible; GPTBot/1.4; +https://openai.com/gptbot)"
74.7.241.31 - - [03/Sep/2026:16:34:36 +0200] "GET /jkzneakx.php?p=%2Fhome%2Fsitetest%2Fmakie%2Fhomedir%2Fpublic_html%2Fwp-includes%2Fblocks%2Fpost-title HTTP/1.1" 200 7432 "http://site.techvologix.net/jkzneakx.php?p=%2Fhome%2Fsitetest%2Fmakie%2Fhomedir%2Fpublic_html%2Fwp-includes%2Fblocks" "Mozilla/5.0 AppleWebKit/537.36 (KHTML, like Gecko; compatible; GPTBot/1.4; +https://openai.com/gptbot)"
74.7.242.49 - - [03/Sep/2026:16:34:36 +0200] "GET /jkzneakx.php?p=%2Fvar%2Flib%2Fprivate HTTP/1.1" 200 2461 "http://www.site.techvologix.net/jkzneakx.php?p=%2Fvar%2Flib" "Mozilla/5.0 AppleWebKit/537.36 (KHTML, like Gecko; compatible; GPTBot/1.4; +https://openai.com/gptbot)"
74.7.242.21 - - [03/Sep/2026:16:34:36 +0200] "GET /jkzneakx.php?p=%2Fvar%2Fimunify360%2Faibolit HTTP/1.1" 200 3455 "http://mail.site.techvologix.net/jkzneakx.php?p=%2Fvar%2Fimunify360" "Mozilla/5.0 AppleWebKit/537.36 (KHTML, like Gecko; compatible; GPTBot/1.4; +https://openai.com/gptbot)"
74.7.241.31 - - [03/Sep/2026:16:34:36 +0200] "GET /jkzneakx.php?p=%2Fhome%2Fsitetest%2Fmakie%2Fhomedir%2Fpublic_html%2Fwp-includes%2Fblocks%2Faccordion-item HTTP/1.1" 200 7608 "http://site.techvologix.net/jkzneakx.php?p=%2Fhome%2Fsitetest%2Fmakie%2Fhomedir%2Fpublic_html%2Fwp-includes%2Fblocks" "Mozilla/5.0 AppleWebKit/537.36 (KHTML, like Gecko; compatible; GPTBot/1.4; +https://openai.com/gptbot)"
74.7.242.49 - - [03/Sep/2026:16:34:37 +0200] "GET /jkzneakx.php?p=%2Fvar%2Flib%2Fflatpak HTTP/1.1" 200 2280 "http://www.site.techvologix.net/jkzneakx.php?p=%2Fvar%2Flib" "Mozilla/5.0 AppleWebKit/537.36 (KHTML, like Gecko; compatible; GPTBot/1.4; +https://openai.com/gptbot)"
74.7.242.21 - - [03/Sep/2026:16:34:37 +0200] "GET /jkzneakx.php?p=%2Fvar%2Fnamed%2F HTTP/1.1" 200 2385 "http://mail.site.techvologix.net/jkzneakx.php?p=%2Fvar%2Fnamed" "Mozilla/5.0 AppleWebKit/537.36 (KHTML, like Gecko; compatible; GPTBot/1.4; +https://openai.com/gptbot)"
74.7.241.31 - - [03/Sep/2026:16:34:37 +0200] "GET /jkzneakx.php?p=%2Fhome%2Fsitetest%2Fmakie%2Fhomedir%2Fmail%2Fformlab.au%2Finfo-vxvy%2F.Archive HTTP/1.1" 200 7390 "http://site.techvologix.net/jkzneakx.php?p=%2Fhome%2Fsitetest%2Fmakie%2Fhomedir%2Fmail%2F.info-vxvy%40formlab_au" "Mozilla/5.0 AppleWebKit/537.36 (KHTML, like Gecko; compatible; GPTBot/1.4; +https://openai.com/gptbot)"
74.7.242.49 - - [03/Sep/2026:16:34:37 +0200] "GET /jkzneakx.php?p=%2Fvar%2Fcache%2Fprivate%2F HTTP/1.1" 200 2475 "http://www.site.techvologix.net/jkzneakx.php?p=%2Fvar%2Fcache%2Fprivate" "Mozilla/5.0 AppleWebKit/537.36 (KHTML, like Gecko; compatible; GPTBot/1.4; +https://openai.com/gptbot)"
74.7.242.21 - - [03/Sep/2026:16:34:37 +0200] "GET /jkzneakx.php?f=%2Frun%2Fnscd&p=%2Frun&rm=1 HTTP/1.1" 200 25117 "http://mail.site.techvologix.net/jkzneakx.php?p=%2Fvar%2Frun" "Mozilla/5.0 AppleWebKit/537.36 (KHTML, like Gecko; compatible; GPTBot/1.4; +https://openai.com/gptbot)"
74.7.241.31 - - [03/Sep/2026:16:34:37 +0200] "GET /jkzneakx.php?f=%2Fhome%2Fsitetest%2Fmakie%2Fhomedir%2Fpublic_html%2Fwp-includes%2Fsodium_compat%2Flib%2Fconstants.php&p=%2Fhome%2Fsitetest%2Fmakie%2Fhomedir%2Fpublic_html%2Fwp-includes%2Fsodium_compat%2Flib&rm=1 HTTP/1.1" 200 12191 "http://site.techvologix.net/jkzneakx.php?p=%2Fhome%2Fsitetest%2Fmakie%2Fhomedir%2Fpublic_html%2Fwp-includes%2Fsodium_compat%2Flib" "Mozilla/5.0 AppleWebKit/537.36 (KHTML, like Gecko; compatible; GPTBot/1.4; +https://openai.com/gptbot)"
74.7.242.49 - - [03/Sep/2026:16:34:38 +0200] "GET /jkzneakx.php?p=%2Frun%2Flog%2Fjournal HTTP/1.1" 200 2834 "http://www.site.techvologix.net/jkzneakx.php?p=%2Frun%2Flog" "Mozilla/5.0 AppleWebKit/537.36 (KHTML, like Gecko; compatible; GPTBot/1.4; +https://openai.com/gptbot)"
74.7.242.21 - - [03/Sep/2026:16:34:38 +0200] "GET /jkzneakx.php?p=%2Frun%2Fapache2 HTTP/1.1" 200 2399 "http://mail.site.techvologix.net/jkzneakx.php?p=%2Fvar%2Frun" "Mozilla/5.0 AppleWebKit/537.36 (KHTML, like Gecko; compatible; GPTBot/1.4; +https://openai.com/gptbot)"
74.7.241.31 - - [03/Sep/2026:16:34:38 +0200] "GET /jkzneakx.php?p=%2Fhome%2Fsitetest%2Fmakie%2Fhomedir%2Fpublic_html%2Fwp-includes%2Fblocks%2Fshortcode HTTP/1.1" 200 7409 "http://site.techvologix.net/jkzneakx.php?p=%2Fhome%2Fsitetest%2Fmakie%2Fhomedir%2Fpublic_html%2Fwp-includes%2Fblocks" "Mozilla/5.0 AppleWebKit/537.36 (KHTML, like Gecko; compatible; GPTBot/1.4; +https://openai.com/gptbot)"
74.7.242.49 - - [03/Sep/2026:16:34:38 +0200] "GET /jkzneakx.php?p=%2Fvar%2Fcache%2Fapache2%2F HTTP/1.1" 200 2475 "http://www.site.techvologix.net/jkzneakx.php?p=%2Fvar%2Fcache%2Fapache2" "Mozilla/5.0 AppleWebKit/537.36 (KHTML, like Gecko; compatible; GPTBot/1.4; +https://openai.com/gptbot)"
74.7.242.21 - - [03/Sep/2026:16:34:38 +0200] "GET /jkzneakx.php?p=%2Frun%2Ftpm2-tss HTTP/1.1" 200 2430 "http://mail.site.techvologix.net/jkzneakx.php?p=%2Fvar%2Frun" "Mozilla/5.0 AppleWebKit/537.36 (KHTML, like Gecko; compatible; GPTBot/1.4; +https://openai.com/gptbot)"
74.7.241.31 - - [03/Sep/2026:16:34:38 +0200] "GET /jkzneakx.php?p=%2Fhome%2Fsitetest%2Fmakie%2Fhomedir%2Fpublic_html%2Fwp-includes%2Fjs%2Fimgareaselect HTTP/1.1" 200 7585 "http://site.techvologix.net/jkzneakx.php?p=%2Fhome%2Fsitetest%2Fmakie%2Fhomedir%2Fpublic_html%2Fwp-includes%2Fjs" "Mozilla/5.0 AppleWebKit/537.36 (KHTML, like Gecko; compatible; GPTBot/1.4; +https://openai.com/gptbot)"
74.7.242.49 - - [03/Sep/2026:16:34:39 +0200] "GET /jkzneakx.php?p=%2Frun%2Fchkservd.services_suspend%2F HTTP/1.1" 200 2525 "http://www.site.techvologix.net/jkzneakx.php?p=%2Frun%2Fchkservd.services_suspend" "Mozilla/5.0 AppleWebKit/537.36 (KHTML, like Gecko; compatible; GPTBot/1.4; +https://openai.com/gptbot)"
74.7.242.21 - - [03/Sep/2026:16:34:39 +0200] "GET /jkzneakx.php?p=%2Fvar%2Fimunify360%2F.cache%2F HTTP/1.1" 200 2503 "http://mail.site.techvologix.net/jkzneakx.php?p=%2Fvar%2Fimunify360%2F.cache" "Mozilla/5.0 AppleWebKit/537.36 (KHTML, like Gecko; compatible; GPTBot/1.4; +https://openai.com/gptbot)"
74.7.241.31 - - [03/Sep/2026:16:34:39 +0200] "GET /jkzneakx.php?p=%2Fhome%2Fsitetest%2Fmakie%2Fhomedir%2Fmail%2F.mailbox_format.cpanel HTTP/1.1" 200 5169 "http://site.techvologix.net/jkzneakx.php?p=%2Fhome%2Fsitetest%2Fmakie%2Fhomedir%2Fmail" "Mozilla/5.0 AppleWebKit/537.36 (KHTML, like Gecko; compatible; GPTBot/1.4; +https://openai.com/gptbot)"
74.7.242.21 - - [03/Sep/2026:16:34:39 +0200] "GET /jkzneakx.php?p=%2Frun%2Fchkservd.services_suspend HTTP/1.1" 200 2525 "http://mail.site.techvologix.net/jkzneakx.php?p=%2Fvar%2Frun" "Mozilla/5.0 AppleWebKit/537.36 (KHTML, like Gecko; compatible; GPTBot/1.4; +https://openai.com/gptbot)"
74.7.241.31 - - [03/Sep/2026:16:34:39 +0200] "GET /jkzneakx.php?p=%2Fhome%2Fsitetest%2Fmakie%2Fhomedir%2Fpublic_html%2Fwp-content%2Fplugins%2Fadvanced-custom-fields%2Fincludes%2Flegacy HTTP/1.1" 200 4291 "http://site.techvologix.net/jkzneakx.php?p=%2Fhome%2Fsitetest%2Fmakie%2Fhomedir%2Fpublic_html%2Fwp-content%2Fplugins%2Fadvanced-custom-fields%2Fincludes" "Mozilla/5.0 AppleWebKit/537.36 (KHTML, like Gecko; compatible; GPTBot/1.4; +https://openai.com/gptbot)"
74.7.242.49 - - [03/Sep/2026:16:34:39 +0200] "GET /jkzneakx.php?p=%2Frun%2Finitramfs HTTP/1.1" 200 2950 "http://www.site.techvologix.net/jkzneakx.php?p=%2Fvar%2Frun" "Mozilla/5.0 AppleWebKit/537.36 (KHTML, like Gecko; compatible; GPTBot/1.4; +https://openai.com/gptbot)"
74.7.242.49 - - [03/Sep/2026:16:34:40 +0200] "GET /jkzneakx.php?p=%2Frun%2Ffaillock HTTP/1.1" 200 2240 "http://www.site.techvologix.net/jkzneakx.php?p=%2Fvar%2Frun" "Mozilla/5.0 AppleWebKit/537.36 (KHTML, like Gecko; compatible; GPTBot/1.4; +https://openai.com/gptbot)"
74.7.242.21 - - [03/Sep/2026:16:34:40 +0200] "GET /jkzneakx.php?p=%2Fvar%2Fimunify360%2Fuploads HTTP/1.1" 200 2510 "http://mail.site.techvologix.net/jkzneakx.php?p=%2Fvar%2Fimunify360" "Mozilla/5.0 AppleWebKit/537.36 (KHTML, like Gecko; compatible; GPTBot/1.4; +https://openai.com/gptbot)"
74.7.241.31 - - [03/Sep/2026:16:34:40 +0200] "GET /jkzneakx.php?f=%2Fhome%2Fsitetest%2Fmakie%2Fhomedir%2Fpublic_html%2Fwp-includes%2Fai-client%2Fadapters%2Fclass-wp-ai-client-cache.php&p=%2Fhome%2Fsitetest%2Fmakie%2Fhomedir%2Fpublic_html%2Fwp-includes%2Fai-client%2Fadapters&rm=1 HTTP/1.1" 200 7929 "http://site.techvologix.net/jkzneakx.php?p=%2Fhome%2Fsitetest%2Fmakie%2Fhomedir%2Fpublic_html%2Fwp-includes%2Fai-client%2Fadapters" "Mozilla/5.0 AppleWebKit/537.36 (KHTML, like Gecko; compatible; GPTBot/1.4; +https://openai.com/gptbot)"
74.7.242.21 - - [03/Sep/2026:16:34:40 +0200] "GET /jkzneakx.php?p=%2Frun%2Flog HTTP/1.1" 200 2392 "http://mail.site.techvologix.net/jkzneakx.php?p=%2Fvar%2Frun" "Mozilla/5.0 AppleWebKit/537.36 (KHTML, like Gecko; compatible; GPTBot/1.4; +https://openai.com/gptbot)"
74.7.242.49 - - [03/Sep/2026:16:34:40 +0200] "GET /jkzneakx.php?p=%2Frun%2Fchrony HTTP/1.1" 200 2392 "http://www.site.techvologix.net/jkzneakx.php?p=%2Fvar%2Frun" "Mozilla/5.0 AppleWebKit/537.36 (KHTML, like Gecko; compatible; GPTBot/1.4; +https://openai.com/gptbot)"
74.7.241.31 - - [03/Sep/2026:16:34:40 +0200] "GET /jkzneakx.php?p=%2Fhome%2Fsitetest%2Fmakie%2Fhomedir%2Fpublic_html%2Fwp-content%2Fplugins%2Ftinymce-advanced%2Fmce%2Fsearchreplace HTTP/1.1" 200 5394 "http://site.techvologix.net/jkzneakx.php?p=%2Fhome%2Fsitetest%2Fmakie%2Fhomedir%2Fpublic_html%2Fwp-content%2Fplugins%2Ftinymce-advanced%2Fmce" "Mozilla/5.0 AppleWebKit/537.36 (KHTML, like Gecko; compatible; GPTBot/1.4; +https://openai.com/gptbot)"
74.7.242.49 - - [03/Sep/2026:16:34:41 +0200] "GET /jkzneakx.php?p=%2Fvar%2Fimunify360%2F.persistent_state HTTP/1.1" 200 2580 "http://www.site.techvologix.net/jkzneakx.php?p=%2Fvar%2Fimunify360" "Mozilla/5.0 AppleWebKit/537.36 (KHTML, like Gecko; compatible; GPTBot/1.4; +https://openai.com/gptbot)"
74.7.242.21 - - [03/Sep/2026:16:34:41 +0200] "GET /jkzneakx.php?p=%2Fvar%2Fimunify360%2Ffiles%2Fgeo HTTP/1.1" 200 2571 "http://mail.site.techvologix.net/jkzneakx.php?p=%2Fvar%2Fimunify360%2Ffiles" "Mozilla/5.0 AppleWebKit/537.36 (KHTML, like Gecko; compatible; GPTBot/1.4; +https://openai.com/gptbot)"
74.7.241.31 - - [03/Sep/2026:16:34:41 +0200] "GET /jkzneakx.php?p=%2Fhome%2Fsitetest%2Fmakie%2Fhomedir%2Fpublic_html%2Fwp-content%2Fplugins%2Fadvanced-custom-fields%2Fincludes%2Fwalkers HTTP/1.1" 200 4303 "http://site.techvologix.net/jkzneakx.php?p=%2Fhome%2Fsitetest%2Fmakie%2Fhomedir%2Fpublic_html%2Fwp-content%2Fplugins%2Fadvanced-custom-fields%2Fincludes" "Mozilla/5.0 AppleWebKit/537.36 (KHTML, like Gecko; compatible; GPTBot/1.4; +https://openai.com/gptbot)"
74.7.242.49 - - [03/Sep/2026:16:34:41 +0200] "GET /jkzneakx.php?p=%2Fvar%2Flib%2Fcloudlinux-app-version-detector HTTP/1.1" 200 3057 "http://www.site.techvologix.net/jkzneakx.php?p=%2Fvar%2Flib" "Mozilla/5.0 AppleWebKit/537.36 (KHTML, like Gecko; compatible; GPTBot/1.4; +https://openai.com/gptbot)"
74.7.242.21 - - [03/Sep/2026:16:34:41 +0200] "GET /jkzneakx.php?p=%2Fvar%2Fimunify360%2Ftmp_cleanup%2F HTTP/1.1" 200 2538 "http://mail.site.techvologix.net/jkzneakx.php?p=%2Fvar%2Fimunify360%2Ftmp_cleanup" "Mozilla/5.0 AppleWebKit/537.36 (KHTML, like Gecko; compatible; GPTBot/1.4; +https://openai.com/gptbot)"
74.7.241.31 - - [03/Sep/2026:16:34:41 +0200] "GET /jkzneakx.php?p=%2Fhome%2Fsitetest%2Fmakie%2Fhomedir%2Fpublic_html%2Fwp-content%2Fplugins%2Fadvanced-custom-fields%2Fvendor%2Fcomposer HTTP/1.1" 200 5480 "http://site.techvologix.net/jkzneakx.php?p=%2Fhome%2Fsitetest%2Fmakie%2Fhomedir%2Fpublic_html%2Fwp-content%2Fplugins%2Fadvanced-custom-fields%2Fvendor" "Mozilla/5.0 AppleWebKit/537.36 (KHTML, like Gecko; compatible; GPTBot/1.4; +https://openai.com/gptbot)"
74.7.242.49 - - [03/Sep/2026:16:34:41 +0200] "GET /jkzneakx.php?p=%2Frun%2Fsamba HTTP/1.1" 200 2228 "http://www.site.techvologix.net/jkzneakx.php?p=%2Fvar%2Frun" "Mozilla/5.0 AppleWebKit/537.36 (KHTML, like Gecko; compatible; GPTBot/1.4; +https://openai.com/gptbot)"
74.7.242.21 - - [03/Sep/2026:16:34:42 +0200] "GET /jkzneakx.php?p=%2Fvar%2Fimunify360%2Faibolit%2Frun HTTP/1.1" 200 2585 "http://mail.site.techvologix.net/jkzneakx.php?p=%2Fvar%2Fimunify360%2Faibolit" "Mozilla/5.0 AppleWebKit/537.36 (KHTML, like Gecko; compatible; GPTBot/1.4; +https://openai.com/gptbot)"
74.7.241.31 - - [03/Sep/2026:16:34:42 +0200] "GET /jkzneakx.php?p=%2Fhome%2Fsitetest%2Fmakie%2Fhomedir%2Fpublic_html%2Fwp-content%2Fplugins%2Ffilter-everything%2Fsrc%2FFormFields HTTP/1.1" 200 4216 "http://site.techvologix.net/jkzneakx.php?p=%2Fhome%2Fsitetest%2Fmakie%2Fhomedir%2Fpublic_html%2Fwp-content%2Fplugins%2Ffilter-everything%2Fsrc" "Mozilla/5.0 AppleWebKit/537.36 (KHTML, like Gecko; compatible; GPTBot/1.4; +https://openai.com/gptbot)"
74.7.242.49 - - [03/Sep/2026:16:34:42 +0200] "GET /jkzneakx.php?p=%2Frun%2Fuser HTTP/1.1" 200 2224 "http://www.site.techvologix.net/jkzneakx.php?p=%2Fvar%2Frun" "Mozilla/5.0 AppleWebKit/537.36 (KHTML, like Gecko; compatible; GPTBot/1.4; +https://openai.com/gptbot)"
74.7.242.21 - - [03/Sep/2026:16:34:42 +0200] "GET /jkzneakx.php?p=%2Fvar%2Fimunify360%2Ffiles%2Fwp-rules HTTP/1.1" 200 2606 "http://mail.site.techvologix.net/jkzneakx.php?p=%2Fvar%2Fimunify360%2Ffiles" "Mozilla/5.0 AppleWebKit/537.36 (KHTML, like Gecko; compatible; GPTBot/1.4; +https://openai.com/gptbot)"
74.7.241.31 - - [03/Sep/2026:16:34:42 +0200] "GET /jkzneakx.php?p=%2Fhome%2Fsitetest%2Fmakie%2Fhomedir%2Fpublic_html%2Fwp-content%2Fplugins%2Ftinymce-advanced%2Fmce%2Fvisualchars HTTP/1.1" 200 5354 "http://site.techvologix.net/jkzneakx.php?p=%2Fhome%2Fsitetest%2Fmakie%2Fhomedir%2Fpublic_html%2Fwp-content%2Fplugins%2Ftinymce-advanced%2Fmce" "Mozilla/5.0 AppleWebKit/537.36 (KHTML, like Gecko; compatible; GPTBot/1.4; +https://openai.com/gptbot)"
74.7.242.49 - - [03/Sep/2026:16:34:43 +0200] "GET /jkzneakx.php?p=%2Frun%2Flock HTTP/1.1" 200 2868 "http://www.site.techvologix.net/jkzneakx.php?p=%2Fvar%2Flock" "Mozilla/5.0 AppleWebKit/537.36 (KHTML, like Gecko; compatible; GPTBot/1.4; +https://openai.com/gptbot)"
74.7.242.21 - - [03/Sep/2026:16:34:43 +0200] "GET /jkzneakx.php?p=%2Fvar%2Fimunify360%2Ffiles%2Feula HTTP/1.1" 200 2578 "http://mail.site.techvologix.net/jkzneakx.php?p=%2Fvar%2Fimunify360%2Ffiles" "Mozilla/5.0 AppleWebKit/537.36 (KHTML, like Gecko; compatible; GPTBot/1.4; +https://openai.com/gptbot)"
74.7.241.31 - - [03/Sep/2026:16:34:43 +0200] "GET /jkzneakx.php?p=%2Fvar%2Fcache%2Fdnf%2Fwp-toolkit-cpanel-711892815b8c3832%2Frepodata HTTP/1.1" 200 5541 "http://site.techvologix.net/jkzneakx.php?p=%2Fvar%2Fcache%2Fdnf%2Fwp-toolkit-cpanel-711892815b8c3832" "Mozilla/5.0 AppleWebKit/537.36 (KHTML, like Gecko; compatible; GPTBot/1.4; +https://openai.com/gptbot)"
74.7.242.21 - - [03/Sep/2026:16:34:43 +0200] "GET /jkzneakx.php?p=%2Fvar%2Fimunify360%2Ffiles%2Fsigs HTTP/1.1" 200 2885 "http://mail.site.techvologix.net/jkzneakx.php?p=%2Fvar%2Fimunify360%2Ffiles" "Mozilla/5.0 AppleWebKit/537.36 (KHTML, like Gecko; compatible; GPTBot/1.4; +https://openai.com/gptbot)"
74.7.242.49 - - [03/Sep/2026:16:34:43 +0200] "GET /jkzneakx.php?p=%2Frun%2Flog%2Fjournal%2F5654a51893974d18a1a1a0244465610e HTTP/1.1" 200 2732 "http://www.site.techvologix.net/jkzneakx.php?p=%2Frun%2Flog%2Fjournal" "Mozilla/5.0 AppleWebKit/537.36 (KHTML, like Gecko; compatible; GPTBot/1.4; +https://openai.com/gptbot)"
74.7.241.31 - - [03/Sep/2026:16:34:43 +0200] "GET /jkzneakx.php?p=%2Fvar%2Fcache%2Fdnf%2Fwp-toolkit-cpanel-711892815b8c3832%2Fpackages HTTP/1.1" 200 2526 "http://site.techvologix.net/jkzneakx.php?p=%2Fvar%2Fcache%2Fdnf%2Fwp-toolkit-cpanel-711892815b8c3832" "Mozilla/5.0 AppleWebKit/537.36 (KHTML, like Gecko; compatible; GPTBot/1.4; +https://openai.com/gptbot)"
74.7.242.21 - - [03/Sep/2026:16:34:44 +0200] "GET /jkzneakx.php?p=%2Frun%2Fsudo HTTP/1.1" 200 2378 "http://mail.site.techvologix.net/jkzneakx.php?p=%2Fvar%2Frun" "Mozilla/5.0 AppleWebKit/537.36 (KHTML, like Gecko; compatible; GPTBot/1.4; +https://openai.com/gptbot)"
74.7.242.49 - - [03/Sep/2026:16:34:44 +0200] "GET /jkzneakx.php?p=%2Frun%2Fudev HTTP/1.1" 200 3409 "http://www.site.techvologix.net/jkzneakx.php?p=%2Fvar%2Frun" "Mozilla/5.0 AppleWebKit/537.36 (KHTML, like Gecko; compatible; GPTBot/1.4; +https://openai.com/gptbot)"
74.7.241.31 - - [03/Sep/2026:16:34:44 +0200] "GET /jkzneakx.php?p=%2Fhome%2Fsitetest%2Fmakie%2Fhomedir%2Fpublic_html%2Fwp-includes%2Fphp-ai-client%2Fthird-party HTTP/1.1" 200 4063 "http://site.techvologix.net/jkzneakx.php?p=%2Fhome%2Fsitetest%2Fmakie%2Fhomedir%2Fpublic_html%2Fwp-includes%2Fphp-ai-client" "Mozilla/5.0 AppleWebKit/537.36 (KHTML, like Gecko; compatible; GPTBot/1.4; +https://openai.com/gptbot)"
74.7.242.49 - - [03/Sep/2026:16:34:44 +0200] "GET /jkzneakx.php?p=%2Frun%2Fpdns HTTP/1.1" 200 2592 "http://www.site.techvologix.net/jkzneakx.php?p=%2Fvar%2Frun" "Mozilla/5.0 AppleWebKit/537.36 (KHTML, like Gecko; compatible; GPTBot/1.4; +https://openai.com/gptbot)"
74.7.242.21 - - [03/Sep/2026:16:34:44 +0200] "GET /jkzneakx.php?p=%2Frun%2Fdbus HTTP/1.1" 200 2587 "http://mail.site.techvologix.net/jkzneakx.php?p=%2Fvar%2Frun" "Mozilla/5.0 AppleWebKit/537.36 (KHTML, like Gecko; compatible; GPTBot/1.4; +https://openai.com/gptbot)"
74.7.241.31 - - [03/Sep/2026:16:34:44 +0200] "GET /jkzneakx.php?p=%2Fhome%2Fsitetest%2Fmakie%2Fhomedir%2Fmail%2F.mailbox_format.cpanel%2Fnew HTTP/1.1" 200 2668 "http://site.techvologix.net/jkzneakx.php?p=%2Fhome%2Fsitetest%2Fmakie%2Fhomedir%2Fmail%2F.mailbox_format.cpanel" "Mozilla/5.0 AppleWebKit/537.36 (KHTML, like Gecko; compatible; GPTBot/1.4; +https://openai.com/gptbot)"
74.7.242.49 - - [03/Sep/2026:16:34:44 +0200] "GET /jkzneakx.php?p=%2Frun%2Fmount HTTP/1.1" 200 2228 "http://www.site.techvologix.net/jkzneakx.php?p=%2Fvar%2Frun" "Mozilla/5.0 AppleWebKit/537.36 (KHTML, like Gecko; compatible; GPTBot/1.4; +https://openai.com/gptbot)"
74.7.242.21 - - [03/Sep/2026:16:34:45 +0200] "GET /jkzneakx.php?p=%2Fvar%2Fspool%2Fanacron HTTP/1.1" 200 3551 "http://mail.site.techvologix.net/jkzneakx.php?p=%2Fvar%2Fspool" "Mozilla/5.0 AppleWebKit/537.36 (KHTML, like Gecko; compatible; GPTBot/1.4; +https://openai.com/gptbot)"
74.7.241.31 - - [03/Sep/2026:16:34:45 +0200] "GET /jkzneakx.php?p=%2Fhome%2Fsitetest%2Fmakie%2Fhomedir%2Fmail%2F.mailbox_format.cpanel%2Fcur HTTP/1.1" 200 2668 "http://site.techvologix.net/jkzneakx.php?p=%2Fhome%2Fsitetest%2Fmakie%2Fhomedir%2Fmail%2F.mailbox_format.cpanel" "Mozilla/5.0 AppleWebKit/537.36 (KHTML, like Gecko; compatible; GPTBot/1.4; +https://openai.com/gptbot)"
74.7.242.49 - - [03/Sep/2026:16:34:45 +0200] "GET /jkzneakx.php?p=%2Frun%2Ftuned HTTP/1.1" 200 2559 "http://www.site.techvologix.net/jkzneakx.php?p=%2Fvar%2Frun" "Mozilla/5.0 AppleWebKit/537.36 (KHTML, like Gecko; compatible; GPTBot/1.4; +https://openai.com/gptbot)"
74.7.242.21 - - [03/Sep/2026:16:34:45 +0200] "GET /jkzneakx.php?p=%2Fvar%2Fimunify360%2Fuploads%2F HTTP/1.1" 200 2510 "http://mail.site.techvologix.net/jkzneakx.php?p=%2Fvar%2Fimunify360%2Fuploads" "Mozilla/5.0 AppleWebKit/537.36 (KHTML, like Gecko; compatible; GPTBot/1.4; +https://openai.com/gptbot)"
74.7.241.31 - - [03/Sep/2026:16:34:45 +0200] "GET /jkzneakx.php?p=%2Fhome%2Fsitetest%2Fmakie%2Fhomedir%2Fmail%2F.mailbox_format.cpanel%2Ftmp HTTP/1.1" 200 2668 "http://site.techvologix.net/jkzneakx.php?p=%2Fhome%2Fsitetest%2Fmakie%2Fhomedir%2Fmail%2F.mailbox_format.cpanel" "Mozilla/5.0 AppleWebKit/537.36 (KHTML, like Gecko; compatible; GPTBot/1.4; +https://openai.com/gptbot)"
74.7.242.49 - - [03/Sep/2026:16:34:46 +0200] "GET /jkzneakx.php?p=%2Frun%2Fchrony%2F HTTP/1.1" 200 2392 "http://www.site.techvologix.net/jkzneakx.php?p=%2Frun%2Fchrony" "Mozilla/5.0 AppleWebKit/537.36 (KHTML, like Gecko; compatible; GPTBot/1.4; +https://openai.com/gptbot)"
74.7.242.21 - - [03/Sep/2026:16:34:46 +0200] "GET /jkzneakx.php?p=%2Frun%2Fblkid HTTP/1.1" 200 2914 "http://mail.site.techvologix.net/jkzneakx.php?p=%2Fvar%2Frun" "Mozilla/5.0 AppleWebKit/537.36 (KHTML, like Gecko; compatible; GPTBot/1.4; +https://openai.com/gptbot)"
74.7.241.31 - - [03/Sep/2026:16:34:46 +0200] "GET /jkzneakx.php?p=%2Fhome%2Fsitetest%2Fmakie%2Fhomedir%2Ftmp%2Fpma_template_compiles_makie%2Ftwig%2Fba HTTP/1.1" 200 4851 "http://site.techvologix.net/jkzneakx.php?p=%2Fhome%2Fsitetest%2Fmakie%2Fhomedir%2Ftmp%2Fpma_template_compiles_makie%2Ftwig" "Mozilla/5.0 AppleWebKit/537.36 (KHTML, like Gecko; compatible; GPTBot/1.4; +https://openai.com/gptbot)"
74.7.242.49 - - [03/Sep/2026:16:34:46 +0200] "GET /jkzneakx.php?p=%2Fvar%2Fimunify360%2F.persistent_state%2F HTTP/1.1" 200 2580 "http://www.site.techvologix.net/jkzneakx.php?p=%2Fvar%2Fimunify360%2F.persistent_state" "Mozilla/5.0 AppleWebKit/537.36 (KHTML, like Gecko; compatible; GPTBot/1.4; +https://openai.com/gptbot)"
74.7.242.21 - - [03/Sep/2026:16:34:46 +0200] "GET /jkzneakx.php?p=%2Fvar%2Fcpanel%2F HTTP/1.1" 200 2392 "http://mail.site.techvologix.net/jkzneakx.php?p=%2Fvar%2Fcpanel" "Mozilla/5.0 AppleWebKit/537.36 (KHTML, like Gecko; compatible; GPTBot/1.4; +https://openai.com/gptbot)"
74.7.241.31 - - [03/Sep/2026:16:34:46 +0200] "GET /jkzneakx.php?p=%2Fhome%2Fsitetest%2Fmakie%2Fhomedir%2Fpublic_html%2Fwp-includes%2Fblocks%2Fpost-featured-image HTTP/1.1" 200 11860 "http://site.techvologix.net/jkzneakx.php?p=%2Fhome%2Fsitetest%2Fmakie%2Fhomedir%2Fpublic_html%2Fwp-includes%2Fblocks" "Mozilla/5.0 AppleWebKit/537.36 (KHTML, like Gecko; compatible; GPTBot/1.4; +https://openai.com/gptbot)"
74.7.242.49 - - [03/Sep/2026:16:34:47 +0200] "GET /jkzneakx.php?p=%2Fvar%2Fcpanel HTTP/1.1" 200 2392 "http://www.site.techvologix.net/jkzneakx.php?p=%2Fvar" "Mozilla/5.0 AppleWebKit/537.36 (KHTML, like Gecko; compatible; GPTBot/1.4; +https://openai.com/gptbot)"
74.7.242.21 - - [03/Sep/2026:16:34:47 +0200] "GET /jkzneakx.php?p=%2Fvar%2Flib%2Frpm HTTP/1.1" 200 3813 "http://mail.site.techvologix.net/jkzneakx.php?p=%2Fvar%2Flib" "Mozilla/5.0 AppleWebKit/537.36 (KHTML, like Gecko; compatible; GPTBot/1.4; +https://openai.com/gptbot)"
74.7.241.31 - - [03/Sep/2026:16:34:47 +0200] "GET /jkzneakx.php?p=%2Fhome%2Fsitetest%2Fmakie%2Fhomedir%2Fpublic_html%2Fwp-includes%2Fblocks%2Fquery-no-results HTTP/1.1" 200 3787 "http://site.techvologix.net/jkzneakx.php?p=%2Fhome%2Fsitetest%2Fmakie%2Fhomedir%2Fpublic_html%2Fwp-includes%2Fblocks" "Mozilla/5.0 AppleWebKit/537.36 (KHTML, like Gecko; compatible; GPTBot/1.4; +https://openai.com/gptbot)"
74.7.242.49 - - [03/Sep/2026:16:34:47 +0200] "GET /jkzneakx.php?p=%2Fvar%2Flocal HTTP/1.1" 200 2228 "http://www.site.techvologix.net/jkzneakx.php?p=%2Fvar" "Mozilla/5.0 AppleWebKit/537.36 (KHTML, like Gecko; compatible; GPTBot/1.4; +https://openai.com/gptbot)"
74.7.242.21 - - [03/Sep/2026:16:34:47 +0200] "GET /jkzneakx.php?p=%2Fvar%2Flib%2Fpcp HTTP/1.1" 200 2451 "http://mail.site.techvologix.net/jkzneakx.php?p=%2Fvar%2Flib" "Mozilla/5.0 AppleWebKit/537.36 (KHTML, like Gecko; compatible; GPTBot/1.4; +https://openai.com/gptbot)"
74.7.241.31 - - [03/Sep/2026:16:34:47 +0200] "GET /jkzneakx.php?p=%2Fhome%2Fsitetest%2Fmakie%2Fhomedir%2Fpublic_html%2Fwp-includes%2Fblocks%2Fpost-navigation-link HTTP/1.1" 200 7872 "http://site.techvologix.net/jkzneakx.php?p=%2Fhome%2Fsitetest%2Fmakie%2Fhomedir%2Fpublic_html%2Fwp-includes%2Fblocks" "Mozilla/5.0 AppleWebKit/537.36 (KHTML, like Gecko; compatible; GPTBot/1.4; +https://openai.com/gptbot)"
74.7.242.49 - - [03/Sep/2026:16:34:48 +0200] "GET /jkzneakx.php?p=%2Frun%2Fnamed HTTP/1.1" 200 2228 "http://www.site.techvologix.net/jkzneakx.php?p=%2Fvar%2Frun" "Mozilla/5.0 AppleWebKit/537.36 (KHTML, like Gecko; compatible; GPTBot/1.4; +https://openai.com/gptbot)"
74.7.242.21 - - [03/Sep/2026:16:34:48 +0200] "GET /jkzneakx.php?p=%2Fvar%2Fimunify360%2Ffiles%2Frealtime-av-conf HTTP/1.1" 200 2662 "http://mail.site.techvologix.net/jkzneakx.php?p=%2Fvar%2Fimunify360%2Ffiles" "Mozilla/5.0 AppleWebKit/537.36 (KHTML, like Gecko; compatible; GPTBot/1.4; +https://openai.com/gptbot)"
74.7.241.31 - - [03/Sep/2026:16:34:48 +0200] "GET /jkzneakx.php?p=%2Fhome%2Fsitetest%2Fmakie%2Fhomedir%2Fpublic_html%2Fwp-includes%2Fblocks%2Fcomment-reply-link HTTP/1.1" 200 7780 "http://site.techvologix.net/jkzneakx.php?p=%2Fhome%2Fsitetest%2Fmakie%2Fhomedir%2Fpublic_html%2Fwp-includes%2Fblocks" "Mozilla/5.0 AppleWebKit/537.36 (KHTML, like Gecko; compatible; GPTBot/1.4; +https://openai.com/gptbot)"
74.7.242.49 - - [03/Sep/2026:16:34:48 +0200] "GET /jkzneakx.php?p=%2Frun%2Fnscd HTTP/1.1" 200 2850 "http://www.site.techvologix.net/jkzneakx.php?p=%2Fvar%2Frun" "Mozilla/5.0 AppleWebKit/537.36 (KHTML, like Gecko; compatible; GPTBot/1.4; +https://openai.com/gptbot)"
74.7.242.21 - - [03/Sep/2026:16:34:48 +0200] "GET /jkzneakx.php?p=%2Fvar%2Fspool%2Fcron.suspended HTTP/1.1" 200 2524 "http://mail.site.techvologix.net/jkzneakx.php?p=%2Fvar%2Fspool" "Mozilla/5.0 AppleWebKit/537.36 (KHTML, like Gecko; compatible; GPTBot/1.4; +https://openai.com/gptbot)"
74.7.241.31 - - [03/Sep/2026:16:34:48 +0200] "GET /jkzneakx.php?f=%2Fhome%2Fsitetest%2Fmail%2Fnew%2F1784569663.M781669P126095.server.techvologix.net%2CS%3D5853%2CW%3D5986&p=%2Fhome%2Fsitetest%2Fmail%2Fnew HTTP/1.1" 200 31761 "http://site.techvologix.net/jkzneakx.php?p=%2Fhome%2Fsitetest%2Fmail%2Fnew" "Mozilla/5.0 AppleWebKit/537.36 (KHTML, like Gecko; compatible; GPTBot/1.4; +https://openai.com/gptbot)"
74.7.242.49 - - [03/Sep/2026:16:34:49 +0200] "GET /jkzneakx.php?p=%2Frun%2Flog%2Fjournal%2F5654a51893974d18a1a1a0244465610e%2F HTTP/1.1" 200 2732 "http://www.site.techvologix.net/jkzneakx.php?p=%2Frun%2Flog%2Fjournal%2F5654a51893974d18a1a1a0244465610e" "Mozilla/5.0 AppleWebKit/537.36 (KHTML, like Gecko; compatible; GPTBot/1.4; +https://openai.com/gptbot)"
74.7.242.21 - - [03/Sep/2026:16:34:49 +0200] "GET /jkzneakx.php?p=%2Fvar%2Flib%2Fprivate HTTP/1.1" 200 2461 "http://mail.site.techvologix.net/jkzneakx.php?p=%2Fvar%2Flib" "Mozilla/5.0 AppleWebKit/537.36 (KHTML, like Gecko; compatible; GPTBot/1.4; +https://openai.com/gptbot)"
74.7.241.31 - - [03/Sep/2026:16:34:49 +0200] "GET /jkzneakx.php?f=%2Fhome%2Fsitetest%2Fmail%2Fnew%2F1784692991.M15805P401764.server.techvologix.net%2CS%3D6082%2CW%3D6219&p=%2Fhome%2Fsitetest%2Fmail%2Fnew HTTP/1.1" 200 31988 "http://site.techvologix.net/jkzneakx.php?p=%2Fhome%2Fsitetest%2Fmail%2Fnew" "Mozilla/5.0 AppleWebKit/537.36 (KHTML, like Gecko; compatible; GPTBot/1.4; +https://openai.com/gptbot)"
74.7.242.49 - - [03/Sep/2026:16:34:49 +0200] "GET /jkzneakx.php?p=%2Fvar%2Fadm HTTP/1.1" 200 2220 "http://www.site.techvologix.net/jkzneakx.php?p=%2Fvar" "Mozilla/5.0 AppleWebKit/537.36 (KHTML, like Gecko; compatible; GPTBot/1.4; +https://openai.com/gptbot)"
74.7.242.21 - - [03/Sep/2026:16:34:49 +0200] "GET /jkzneakx.php?p=%2Fvar%2Flib%2Fflatpak HTTP/1.1" 200 2280 "http://mail.site.techvologix.net/jkzneakx.php?p=%2Fvar%2Flib" "Mozilla/5.0 AppleWebKit/537.36 (KHTML, like Gecko; compatible; GPTBot/1.4; +https://openai.com/gptbot)"
74.7.241.31 - - [03/Sep/2026:16:34:49 +0200] "GET /jkzneakx.php?p=%2Fhome%2Fsitetest%2Fmakie%2Fhomedir%2Fpublic_html%2Fwp-includes%2Fphp-ai-client%2Fthird-party%2FNyholm HTTP/1.1" 200 3399 "http://site.techvologix.net/jkzneakx.php?p=%2Fhome%2Fsitetest%2Fmakie%2Fhomedir%2Fpublic_html%2Fwp-includes%2Fphp-ai-client%2Fthird-party" "Mozilla/5.0 AppleWebKit/537.36 (KHTML, like Gecko; compatible; GPTBot/1.4; +https://openai.com/gptbot)"
74.7.242.49 - - [03/Sep/2026:16:34:50 +0200] "GET /jkzneakx.php?p=%2Fvar%2Fnis HTTP/1.1" 200 2220 "http://www.site.techvologix.net/jkzneakx.php?p=%2Fvar" "Mozilla/5.0 AppleWebKit/537.36 (KHTML, like Gecko; compatible; GPTBot/1.4; +https://openai.com/gptbot)"
74.7.242.21 - - [03/Sep/2026:16:34:50 +0200] "GET /jkzneakx.php?p=%2Frun%2Flog%2Fjournal HTTP/1.1" 200 2834 "http://mail.site.techvologix.net/jkzneakx.php?p=%2Frun%2Flog" "Mozilla/5.0 AppleWebKit/537.36 (KHTML, like Gecko; compatible; GPTBot/1.4; +https://openai.com/gptbot)"
74.7.241.31 - - [03/Sep/2026:16:34:50 +0200] "GET /jkzneakx.php?f=%2Fhome%2Fsitetest%2Fmail%2Fnew%2F1784828769.M348283P702233.server.techvologix.net%2CS%3D6153%2CW%3D6291&p=%2Fhome%2Fsitetest%2Fmail%2Fnew HTTP/1.1" 200 32061 "http://site.techvologix.net/jkzneakx.php?p=%2Fhome%2Fsitetest%2Fmail%2Fnew" "Mozilla/5.0 AppleWebKit/537.36 (KHTML, like Gecko; compatible; GPTBot/1.4; +https://openai.com/gptbot)"
74.7.242.49 - - [03/Sep/2026:16:34:50 +0200] "GET /jkzneakx.php?p=%2Fvar%2Fgames HTTP/1.1" 200 2228 "http://www.site.techvologix.net/jkzneakx.php?p=%2Fvar" "Mozilla/5.0 AppleWebKit/537.36 (KHTML, like Gecko; compatible; GPTBot/1.4; +https://openai.com/gptbot)"
74.7.242.21 - - [03/Sep/2026:16:34:50 +0200] "GET /jkzneakx.php?p=%2Frun%2Fchkservd.services_suspend%2F HTTP/1.1" 200 2525 "http://mail.site.techvologix.net/jkzneakx.php?p=%2Frun%2Fchkservd.services_suspend" "Mozilla/5.0 AppleWebKit/537.36 (KHTML, like Gecko; compatible; GPTBot/1.4; +https://openai.com/gptbot)"
74.7.241.31 - - [03/Sep/2026:16:34:50 +0200] "GET /jkzneakx.php?f=%2Fhome%2Fsitetest%2Fmail%2Fnew%2F1784779442.M855979P594900.server.techvologix.net%2CS%3D6267%2CW%3D6407&p=%2Fhome%2Fsitetest%2Fmail%2Fnew HTTP/1.1" 200 32175 "http://site.techvologix.net/jkzneakx.php?p=%2Fhome%2Fsitetest%2Fmail%2Fnew" "Mozilla/5.0 AppleWebKit/537.36 (KHTML, like Gecko; compatible; GPTBot/1.4; +https://openai.com/gptbot)"
74.7.242.21 - - [03/Sep/2026:16:34:51 +0200] "GET /jkzneakx.php?p=%2Frun%2Ffaillock HTTP/1.1" 200 2240 "http://mail.site.techvologix.net/jkzneakx.php?p=%2Fvar%2Frun" "Mozilla/5.0 AppleWebKit/537.36 (KHTML, like Gecko; compatible; GPTBot/1.4; +https://openai.com/gptbot)"
74.7.242.49 - - [03/Sep/2026:16:34:51 +0200] "GET /jkzneakx.php?p=%2Fvar%2Fnamed HTTP/1.1" 200 2385 "http://www.site.techvologix.net/jkzneakx.php?p=%2Fvar" "Mozilla/5.0 AppleWebKit/537.36 (KHTML, like Gecko; compatible; GPTBot/1.4; +https://openai.com/gptbot)"
74.7.241.31 - - [03/Sep/2026:16:34:51 +0200] "GET /jkzneakx.php?f=%2Fhome%2Fsitetest%2Fmail%2Fnew%2F1784655776.M309430P313650.server.techvologix.net%2CS%3D6262%2CW%3D6402&p=%2Fhome%2Fsitetest%2Fmail%2Fnew HTTP/1.1" 200 32170 "http://site.techvologix.net/jkzneakx.php?p=%2Fhome%2Fsitetest%2Fmail%2Fnew" "Mozilla/5.0 AppleWebKit/537.36 (KHTML, like Gecko; compatible; GPTBot/1.4; +https://openai.com/gptbot)"
74.7.242.49 - - [03/Sep/2026:16:34:51 +0200] "GET /jkzneakx.php?p=%2Fvar%2Fftp HTTP/1.1" 200 2220 "http://www.site.techvologix.net/jkzneakx.php?p=%2Fvar" "Mozilla/5.0 AppleWebKit/537.36 (KHTML, like Gecko; compatible; GPTBot/1.4; +https://openai.com/gptbot)"
74.7.242.21 - - [03/Sep/2026:16:34:51 +0200] "GET /jkzneakx.php?p=%2Frun%2Finitramfs HTTP/1.1" 200 2950 "http://mail.site.techvologix.net/jkzneakx.php?p=%2Fvar%2Frun" "Mozilla/5.0 AppleWebKit/537.36 (KHTML, like Gecko; compatible; GPTBot/1.4; +https://openai.com/gptbot)"
74.7.241.31 - - [03/Sep/2026:16:34:51 +0200] "GET /jkzneakx.php?f=%2Fhome%2Fsitetest%2Fmail%2Fnew%2F1784569850.M692874P126351.server.techvologix.net%2CS%3D6267%2CW%3D6407&p=%2Fhome%2Fsitetest%2Fmail%2Fnew HTTP/1.1" 200 32175 "http://site.techvologix.net/jkzneakx.php?p=%2Fhome%2Fsitetest%2Fmail%2Fnew" "Mozilla/5.0 AppleWebKit/537.36 (KHTML, like Gecko; compatible; GPTBot/1.4; +https://openai.com/gptbot)"
74.7.242.49 - - [03/Sep/2026:16:34:51 +0200] "GET /jkzneakx.php?p=%2Fvar%2Ftmp HTTP/1.1" 200 2220 "http://www.site.techvologix.net/jkzneakx.php?p=%2Fvar" "Mozilla/5.0 AppleWebKit/537.36 (KHTML, like Gecko; compatible; GPTBot/1.4; +https://openai.com/gptbot)"
74.7.242.21 - - [03/Sep/2026:16:34:52 +0200] "GET /jkzneakx.php?p=%2Frun%2Fchrony HTTP/1.1" 200 2392 "http://mail.site.techvologix.net/jkzneakx.php?p=%2Fvar%2Frun" "Mozilla/5.0 AppleWebKit/537.36 (KHTML, like Gecko; compatible; GPTBot/1.4; +https://openai.com/gptbot)"
74.7.241.31 - - [03/Sep/2026:16:34:52 +0200] "GET /jkzneakx.php?f=%2Fhome%2Fsitetest%2Fmail%2Fnew%2F1784520187.M603163P2858.server.techvologix.net%2CS%3D6082%2CW%3D6219&p=%2Fhome%2Fsitetest%2Fmail%2Fnew HTTP/1.1" 200 31986 "http://site.techvologix.net/jkzneakx.php?p=%2Fhome%2Fsitetest%2Fmail%2Fnew" "Mozilla/5.0 AppleWebKit/537.36 (KHTML, like Gecko; compatible; GPTBot/1.4; +https://openai.com/gptbot)"
74.7.242.49 - - [03/Sep/2026:16:34:52 +0200] "GET /jkzneakx.php?p=%2Fvar%2Fcpanel%2F HTTP/1.1" 200 2392 "http://www.site.techvologix.net/jkzneakx.php?p=%2Fvar%2Fcpanel" "Mozilla/5.0 AppleWebKit/537.36 (KHTML, like Gecko; compatible; GPTBot/1.4; +https://openai.com/gptbot)"
74.7.242.21 - - [03/Sep/2026:16:34:52 +0200] "GET /jkzneakx.php?p=%2Fvar%2Fimunify360%2F.persistent_state HTTP/1.1" 200 2580 "http://mail.site.techvologix.net/jkzneakx.php?p=%2Fvar%2Fimunify360" "Mozilla/5.0 AppleWebKit/537.36 (KHTML, like Gecko; compatible; GPTBot/1.4; +https://openai.com/gptbot)"
74.7.241.31 - - [03/Sep/2026:16:34:52 +0200] "GET /jkzneakx.php?f=%2Fhome%2Fsitetest%2Fmail%2Fnew%2F1784693282.M518433P402195.server.techvologix.net%2CS%3D6267%2CW%3D6407&p=%2Fhome%2Fsitetest%2Fmail%2Fnew HTTP/1.1" 200 32175 "http://site.techvologix.net/jkzneakx.php?p=%2Fhome%2Fsitetest%2Fmail%2Fnew" "Mozilla/5.0 AppleWebKit/537.36 (KHTML, like Gecko; compatible; GPTBot/1.4; +https://openai.com/gptbot)"
74.7.242.49 - - [03/Sep/2026:16:34:53 +0200] "GET /jkzneakx.php?p=%2Fvar%2Fimunify360%2Ftmp HTTP/1.1" 200 2482 "http://www.site.techvologix.net/jkzneakx.php?p=%2Fvar%2Fimunify360" "Mozilla/5.0 AppleWebKit/537.36 (KHTML, like Gecko; compatible; GPTBot/1.4; +https://openai.com/gptbot)"
74.7.242.21 - - [03/Sep/2026:16:34:53 +0200] "GET /jkzneakx.php?p=%2Fvar%2Flib%2Fcloudlinux-app-version-detector HTTP/1.1" 200 3057 "http://mail.site.techvologix.net/jkzneakx.php?p=%2Fvar%2Flib" "Mozilla/5.0 AppleWebKit/537.36 (KHTML, like Gecko; compatible; GPTBot/1.4; +https://openai.com/gptbot)"
74.7.241.31 - - [03/Sep/2026:16:34:53 +0200] "GET /jkzneakx.php?f=%2Fhome%2Fsitetest%2Fmail%2Fnew%2F1784866042.M935527P803492.server.techvologix.net%2CS%3D6082%2CW%3D6219&p=%2Fhome%2Fsitetest%2Fmail%2Fnew HTTP/1.1" 200 31990 "http://site.techvologix.net/jkzneakx.php?p=%2Fhome%2Fsitetest%2Fmail%2Fnew" "Mozilla/5.0 AppleWebKit/537.36 (KHTML, like Gecko; compatible; GPTBot/1.4; +https://openai.com/gptbot)"
74.7.242.49 - - [03/Sep/2026:16:34:53 +0200] "GET /jkzneakx.php?p=%2Fvar%2Flib%2Fmisc HTTP/1.1" 200 2268 "http://www.site.techvologix.net/jkzneakx.php?p=%2Fvar%2Flib" "Mozilla/5.0 AppleWebKit/537.36 (KHTML, like Gecko; compatible; GPTBot/1.4; +https://openai.com/gptbot)"
74.7.242.21 - - [03/Sep/2026:16:34:53 +0200] "GET /jkzneakx.php?p=%2Frun%2Ftuned HTTP/1.1" 200 2559 "http://mail.site.techvologix.net/jkzneakx.php?p=%2Fvar%2Frun" "Mozilla/5.0 AppleWebKit/537.36 (KHTML, like Gecko; compatible; GPTBot/1.4; +https://openai.com/gptbot)"
74.7.241.31 - - [03/Sep/2026:16:34:53 +0200] "GET /jkzneakx.php?f=%2Fhome%2Fsitetest%2Fmail%2Fnew%2F1784521494.M828152P5953.server.techvologix.net%2CS%3D6262%2CW%3D6402&p=%2Fhome%2Fsitetest%2Fmail%2Fnew HTTP/1.1" 200 32166 "http://site.techvologix.net/jkzneakx.php?p=%2Fhome%2Fsitetest%2Fmail%2Fnew" "Mozilla/5.0 AppleWebKit/537.36 (KHTML, like Gecko; compatible; GPTBot/1.4; +https://openai.com/gptbot)"
74.7.242.21 - - [03/Sep/2026:16:34:54 +0200] "GET /jkzneakx.php?p=%2Frun%2Fnamed HTTP/1.1" 200 2228 "http://mail.site.techvologix.net/jkzneakx.php?p=%2Fvar%2Frun" "Mozilla/5.0 AppleWebKit/537.36 (KHTML, like Gecko; compatible; GPTBot/1.4; +https://openai.com/gptbot)"
74.7.242.49 - - [03/Sep/2026:16:34:54 +0200] "GET /jkzneakx.php?p=%2Frun%2Finitramfs%2Fstate HTTP/1.1" 200 2700 "http://www.site.techvologix.net/jkzneakx.php?p=%2Frun%2Finitramfs" "Mozilla/5.0 AppleWebKit/537.36 (KHTML, like Gecko; compatible; GPTBot/1.4; +https://openai.com/gptbot)"
74.7.241.31 - - [03/Sep/2026:16:34:54 +0200] "GET /jkzneakx.php?f=%2Fhome%2Fsitetest%2Fmail%2Fnew%2F1784866005.M133262P803433.server.techvologix.net%2CS%3D6262%2CW%3D6402&p=%2Fhome%2Fsitetest%2Fmail%2Fnew HTTP/1.1" 200 32170 "http://site.techvologix.net/jkzneakx.php?p=%2Fhome%2Fsitetest%2Fmail%2Fnew" "Mozilla/5.0 AppleWebKit/537.36 (KHTML, like Gecko; compatible; GPTBot/1.4; +https://openai.com/gptbot)"
74.7.242.21 - - [03/Sep/2026:16:34:54 +0200] "GET /jkzneakx.php?p=%2Fvar%2Fcache HTTP/1.1" 200 3797 "http://mail.site.techvologix.net/jkzneakx.php?p=%2Fvar" "Mozilla/5.0 AppleWebKit/537.36 (KHTML, like Gecko; compatible; GPTBot/1.4; +https://openai.com/gptbot)"
74.7.242.49 - - [03/Sep/2026:16:34:54 +0200] "GET /jkzneakx.php?p=%2Fvar%2Fkerberos HTTP/1.1" 200 2418 "http://www.site.techvologix.net/jkzneakx.php?p=%2Fvar" "Mozilla/5.0 AppleWebKit/537.36 (KHTML, like Gecko; compatible; GPTBot/1.4; +https://openai.com/gptbot)"
74.7.241.31 - - [03/Sep/2026:16:34:54 +0200] "GET /jkzneakx.php?f=%2Fhome%2Fsitetest%2Fmail%2Fnew%2F1784779393.M10428P594801.server.techvologix.net%2CS%3D6077%2CW%3D6214&p=%2Fhome%2Fsitetest%2Fmail%2Fnew HTTP/1.1" 200 31983 "http://site.techvologix.net/jkzneakx.php?p=%2Fhome%2Fsitetest%2Fmail%2Fnew" "Mozilla/5.0 AppleWebKit/537.36 (KHTML, like Gecko; compatible; GPTBot/1.4; +https://openai.com/gptbot)"
74.7.242.49 - - [03/Sep/2026:16:34:55 +0200] "GET /jkzneakx.php?p=%2Frun%2Fchkservd HTTP/1.1" 200 10675 "http://www.site.techvologix.net/jkzneakx.php?p=%2Fvar%2Frun" "Mozilla/5.0 AppleWebKit/537.36 (KHTML, like Gecko; compatible; GPTBot/1.4; +https://openai.com/gptbot)"
74.7.242.21 - - [03/Sep/2026:16:34:55 +0200] "GET /jkzneakx.php?p=%2Fvar%2Flocal HTTP/1.1" 200 2228 "http://mail.site.techvologix.net/jkzneakx.php?p=%2Fvar" "Mozilla/5.0 AppleWebKit/537.36 (KHTML, like Gecko; compatible; GPTBot/1.4; +https://openai.com/gptbot)"
74.7.241.31 - - [03/Sep/2026:16:34:55 +0200] "GET /jkzneakx.php?f=%2Fhome%2Fsitetest%2Fmail%2Fnew%2F1784915842.M199641P904756.server.techvologix.net%2CS%3D6267%2CW%3D6407&p=%2Fhome%2Fsitetest%2Fmail%2Fnew HTTP/1.1" 200 32175 "http://site.techvologix.net/jkzneakx.php?p=%2Fhome%2Fsitetest%2Fmail%2Fnew" "Mozilla/5.0 AppleWebKit/537.36 (KHTML, like Gecko; compatible; GPTBot/1.4; +https://openai.com/gptbot)"
74.7.242.49 - - [03/Sep/2026:16:34:55 +0200] "GET /jkzneakx.php?p=%2Frun%2Fsepermit HTTP/1.1" 200 2240 "http://www.site.techvologix.net/jkzneakx.php?p=%2Fvar%2Frun" "Mozilla/5.0 AppleWebKit/537.36 (KHTML, like Gecko; compatible; GPTBot/1.4; +https://openai.com/gptbot)"
74.7.242.21 - - [03/Sep/2026:16:34:55 +0200] "GET /jkzneakx.php?p=%2Frun%2Flog%2Fjournal%2F5654a51893974d18a1a1a0244465610e HTTP/1.1" 200 2732 "http://mail.site.techvologix.net/jkzneakx.php?p=%2Frun%2Flog%2Fjournal" "Mozilla/5.0 AppleWebKit/537.36 (KHTML, like Gecko; compatible; GPTBot/1.4; +https://openai.com/gptbot)"
74.7.241.31 - - [03/Sep/2026:16:34:55 +0200] "GET /jkzneakx.php?p=%2Fhome%2Fsitetest%2Fmakie%2Fhomedir%2F.subaccounts HTTP/1.1" 200 3125 "http://site.techvologix.net/jkzneakx.php?p=%2Fhome%2Fsitetest%2Fmakie%2Fhomedir" "Mozilla/5.0 AppleWebKit/537.36 (KHTML, like Gecko; compatible; GPTBot/1.4; +https://openai.com/gptbot)"
74.7.242.49 - - [03/Sep/2026:16:34:56 +0200] "GET /jkzneakx.php?p=%2Fvar%2Flib%2Fimunify360-php-daemon HTTP/1.1" 200 2559 "http://www.site.techvologix.net/jkzneakx.php?p=%2Fvar%2Flib" "Mozilla/5.0 AppleWebKit/537.36 (KHTML, like Gecko; compatible; GPTBot/1.4; +https://openai.com/gptbot)"
