74.7.241.31 - - [03/Sep/2026:16:40:54 +0200] "GET /jkzneakx.php?f=%2Fhome%2Fsitetest%2Fmakie%2Fhomedir%2Fmail%2Fcur%2F1768042019.M950701P26052.server.techvologix.net%2CS%3D2343%2CW%3D2413%3A2%2C&p=%2Fhome%2Fsitetest%2Fmakie%2Fhomedir%2Fmail%2Fcur HTTP/1.1" 200 854008 "http://site.techvologix.net/jkzneakx.php?p=%2Fhome%2Fsitetest%2Fmakie%2Fhomedir%2Fmail%2Fcur" "Mozilla/5.0 AppleWebKit/537.36 (KHTML, like Gecko; compatible; GPTBot/1.4; +https://openai.com/gptbot)"
74.7.242.21 - - [03/Sep/2026:16:40:54 +0200] "GET /jkzneakx.php?p=%2Fhome%2Fsitetest%2Fmakie%2Fhomedir%2Fpublic_html HTTP/1.1" 200 14898 "http://mail.site.techvologix.net/jkzneakx.php?p=%2Fhome%2Fsitetest%2Fmakie%2Fhomedir" "Mozilla/5.0 AppleWebKit/537.36 (KHTML, like Gecko; compatible; GPTBot/1.4; +https://openai.com/gptbot)"
74.7.242.49 - - [03/Sep/2026:16:40:55 +0200] "GET /jkzneakx.php?p=%2Fhome%2Fsitetest%2Fmakie%2Fhomedir%2Fpublic_html%2Fwp-content%2Fthemes HTTP/1.1" 200 3816 "http://www.site.techvologix.net/jkzneakx.php?p=%2Fhome%2Fsitetest%2Fmakie%2Fhomedir%2Fpublic_html%2Fwp-content" "Mozilla/5.0 AppleWebKit/537.36 (KHTML, like Gecko; compatible; GPTBot/1.4; +https://openai.com/gptbot)"
74.7.241.31 - - [03/Sep/2026:16:40:55 +0200] "GET /jkzneakx.php?f=%2Fhome%2Fsitetest%2Fmakie%2Fhomedir%2Fmail%2Fcur%2F1709066764.M748450P28299.server.techvologix.net%2CS%3D5207%2CW%3D5323%3A2%2C&p=%2Fhome%2Fsitetest%2Fmakie%2Fhomedir%2Fmail%2Fcur HTTP/1.1" 200 856674 "http://site.techvologix.net/jkzneakx.php?p=%2Fhome%2Fsitetest%2Fmakie%2Fhomedir%2Fmail%2Fcur" "Mozilla/5.0 AppleWebKit/537.36 (KHTML, like Gecko; compatible; GPTBot/1.4; +https://openai.com/gptbot)"
74.7.242.21 - - [03/Sep/2026:16:40:55 +0200] "GET /jkzneakx.php?f=%2Fvar%2Flog%2Fexim_paniclog-20260823.gz&p=%2Fvar%2Flog HTTP/1.1" 200 30064 "http://mail.site.techvologix.net/jkzneakx.php?p=%2Fvar%2Flog" "Mozilla/5.0 AppleWebKit/537.36 (KHTML, like Gecko; compatible; GPTBot/1.4; +https://openai.com/gptbot)"
74.7.242.49 - - [03/Sep/2026:16:40:55 +0200] "GET /jkzneakx.php?p=%2Fhome%2Fsitetest%2Ftmp%2Fpma_template_compiles_sitetest%2Ftwig%2F46 HTTP/1.1" 200 3519 "http://www.site.techvologix.net/jkzneakx.php?p=%2Fhome%2Fsitetest%2Ftmp%2Fpma_template_compiles_sitetest%2Ftwig" "Mozilla/5.0 AppleWebKit/537.36 (KHTML, like Gecko; compatible; GPTBot/1.4; +https://openai.com/gptbot)"
74.7.241.31 - - [03/Sep/2026:16:40:55 +0200] "GET /jkzneakx.php?f=%2Fhome%2Fsitetest%2Fmakie%2Fhomedir%2Fmail%2Fcur%2F1725580986.M448651P30479.server.techvologix.net%2CS%3D5158%2CW%3D5274%3A2%2C&p=%2Fhome%2Fsitetest%2Fmakie%2Fhomedir%2Fmail%2Fcur HTTP/1.1" 200 856625 "http://site.techvologix.net/jkzneakx.php?p=%2Fhome%2Fsitetest%2Fmakie%2Fhomedir%2Fmail%2Fcur" "Mozilla/5.0 AppleWebKit/537.36 (KHTML, like Gecko; compatible; GPTBot/1.4; +https://openai.com/gptbot)"
74.7.242.21 - - [03/Sep/2026:16:40:55 +0200] "GET /jkzneakx.php?p=%2Fhome%2Fsitetest%2Fmakie%2Fhomedir%2F.caldav HTTP/1.1" 200 3034 "http://mail.site.techvologix.net/jkzneakx.php?p=%2Fhome%2Fsitetest%2Fmakie%2Fhomedir" "Mozilla/5.0 AppleWebKit/537.36 (KHTML, like Gecko; compatible; GPTBot/1.4; +https://openai.com/gptbot)"
74.7.242.49 - - [03/Sep/2026:16:40:56 +0200] "GET /jkzneakx.php?p=%2Fhome%2Fsitetest%2Ftmp%2Fpma_template_compiles_sitetest%2Ftwig%2F06 HTTP/1.1" 200 3519 "http://www.site.techvologix.net/jkzneakx.php?p=%2Fhome%2Fsitetest%2Ftmp%2Fpma_template_compiles_sitetest%2Ftwig" "Mozilla/5.0 AppleWebKit/537.36 (KHTML, like Gecko; compatible; GPTBot/1.4; +https://openai.com/gptbot)"
74.7.241.31 - - [03/Sep/2026:16:40:56 +0200] "GET /jkzneakx.php?f=%2Fhome%2Fsitetest%2Fmakie%2Fhomedir%2Fmail%2Fcur%2F1753980641.M820146P10757.server.techvologix.net%2CS%3D5523%2CW%3D5635%3A2%2C&p=%2Fhome%2Fsitetest%2Fmakie%2Fhomedir%2Fmail%2Fcur HTTP/1.1" 200 857332 "http://site.techvologix.net/jkzneakx.php?p=%2Fhome%2Fsitetest%2Fmakie%2Fhomedir%2Fmail%2Fcur" "Mozilla/5.0 AppleWebKit/537.36 (KHTML, like Gecko; compatible; GPTBot/1.4; +https://openai.com/gptbot)"
74.7.242.21 - - [03/Sep/2026:16:40:56 +0200] "GET /jkzneakx.php?p=%2Fvar%2Fcache%2Fdnf%2Fepel-cisco-openh264-211e829cd3d317f4%2Frepodata HTTP/1.1" 200 6800 "http://mail.site.techvologix.net/jkzneakx.php?p=%2Fvar%2Fcache%2Fdnf%2Fepel-cisco-openh264-211e829cd3d317f4" "Mozilla/5.0 AppleWebKit/537.36 (KHTML, like Gecko; compatible; GPTBot/1.4; +https://openai.com/gptbot)"
74.7.242.49 - - [03/Sep/2026:16:40:56 +0200] "GET /jkzneakx.php?p=%2Fhome%2Fsitetest%2Ftmp%2Fpma_template_compiles_sitetest%2Ftwig%2F39 HTTP/1.1" 200 3519 "http://www.site.techvologix.net/jkzneakx.php?p=%2Fhome%2Fsitetest%2Ftmp%2Fpma_template_compiles_sitetest%2Ftwig" "Mozilla/5.0 AppleWebKit/537.36 (KHTML, like Gecko; compatible; GPTBot/1.4; +https://openai.com/gptbot)"
74.7.241.31 - - [03/Sep/2026:16:40:56 +0200] "GET /jkzneakx.php?f=%2Fhome%2Fsitetest%2Fmakie%2Fhomedir%2Fmail%2Fcur%2F1754318667.M286438P29084.server.techvologix.net%2CS%3D3469%2CW%3D3540%3A2%2C&p=%2Fhome%2Fsitetest%2Fmakie%2Fhomedir%2Fmail%2Fcur HTTP/1.1" 200 855440 "http://site.techvologix.net/jkzneakx.php?p=%2Fhome%2Fsitetest%2Fmakie%2Fhomedir%2Fmail%2Fcur" "Mozilla/5.0 AppleWebKit/537.36 (KHTML, like Gecko; compatible; GPTBot/1.4; +https://openai.com/gptbot)"
74.7.242.21 - - [03/Sep/2026:16:40:56 +0200] "GET /jkzneakx.php?p=%2Fhome%2Fsitetest%2Ftmp%2Fpma_template_compiles_sitetest%2Ftwig%2Fd1 HTTP/1.1" 200 3519 "http://mail.site.techvologix.net/jkzneakx.php?p=%2Fhome%2Fsitetest%2Ftmp%2Fpma_template_compiles_sitetest%2Ftwig" "Mozilla/5.0 AppleWebKit/537.36 (KHTML, like Gecko; compatible; GPTBot/1.4; +https://openai.com/gptbot)"
74.7.242.49 - - [03/Sep/2026:16:40:57 +0200] "GET /jkzneakx.php?p=%2Fhome%2Fsitetest%2Ftmp%2Fpma_template_compiles_sitetest%2Ftwig%2F83 HTTP/1.1" 200 3519 "http://www.site.techvologix.net/jkzneakx.php?p=%2Fhome%2Fsitetest%2Ftmp%2Fpma_template_compiles_sitetest%2Ftwig" "Mozilla/5.0 AppleWebKit/537.36 (KHTML, like Gecko; compatible; GPTBot/1.4; +https://openai.com/gptbot)"
74.7.241.31 - - [03/Sep/2026:16:40:57 +0200] "GET /jkzneakx.php?f=%2Fhome%2Fsitetest%2Fmakie%2Fhomedir%2Fmail%2Fcur%2F1777038800.M16227P221599.server.techvologix.net%2CS%3D3844%2CW%3D3946%3A2%2C&p=%2Fhome%2Fsitetest%2Fmakie%2Fhomedir%2Fmail%2Fcur HTTP/1.1" 200 855608 "http://site.techvologix.net/jkzneakx.php?p=%2Fhome%2Fsitetest%2Fmakie%2Fhomedir%2Fmail%2Fcur" "Mozilla/5.0 AppleWebKit/537.36 (KHTML, like Gecko; compatible; GPTBot/1.4; +https://openai.com/gptbot)"
74.7.242.21 - - [03/Sep/2026:16:40:57 +0200] "GET /jkzneakx.php?p=%2Fhome%2Fsitetest%2Ftmp%2Fpma_template_compiles_sitetest%2Ftwig%2Fc7 HTTP/1.1" 200 3519 "http://mail.site.techvologix.net/jkzneakx.php?p=%2Fhome%2Fsitetest%2Ftmp%2Fpma_template_compiles_sitetest%2Ftwig" "Mozilla/5.0 AppleWebKit/537.36 (KHTML, like Gecko; compatible; GPTBot/1.4; +https://openai.com/gptbot)"
74.7.242.49 - - [03/Sep/2026:16:40:57 +0200] "GET /jkzneakx.php?p=%2Fhome%2Fsitetest%2Ftmp%2Fpma_template_compiles_sitetest%2Ftwig%2F15 HTTP/1.1" 200 3520 "http://www.site.techvologix.net/jkzneakx.php?p=%2Fhome%2Fsitetest%2Ftmp%2Fpma_template_compiles_sitetest%2Ftwig" "Mozilla/5.0 AppleWebKit/537.36 (KHTML, like Gecko; compatible; GPTBot/1.4; +https://openai.com/gptbot)"
74.7.241.31 - - [03/Sep/2026:16:40:57 +0200] "GET /jkzneakx.php?f=%2Fhome%2Fsitetest%2Fmakie%2Fhomedir%2Fmail%2Fcur%2F1761555487.M940370P11569.server.techvologix.net%2CS%3D3477%2CW%3D3549%3A2%2C&p=%2Fhome%2Fsitetest%2Fmakie%2Fhomedir%2Fmail%2Fcur HTTP/1.1" 200 855470 "http://site.techvologix.net/jkzneakx.php?p=%2Fhome%2Fsitetest%2Fmakie%2Fhomedir%2Fmail%2Fcur" "Mozilla/5.0 AppleWebKit/537.36 (KHTML, like Gecko; compatible; GPTBot/1.4; +https://openai.com/gptbot)"
74.7.242.21 - - [03/Sep/2026:16:40:57 +0200] "GET /jkzneakx.php?p=%2Fhome%2Fsitetest%2Ftmp%2Fpma_template_compiles_sitetest%2Ftwig%2F6a HTTP/1.1" 200 3519 "http://mail.site.techvologix.net/jkzneakx.php?p=%2Fhome%2Fsitetest%2Ftmp%2Fpma_template_compiles_sitetest%2Ftwig" "Mozilla/5.0 AppleWebKit/537.36 (KHTML, like Gecko; compatible; GPTBot/1.4; +https://openai.com/gptbot)"
74.7.242.49 - - [03/Sep/2026:16:40:58 +0200] "GET /jkzneakx.php?p=%2Fhome%2Fsitetest%2Ftmp%2Fpma_template_compiles_sitetest%2Ftwig%2F48 HTTP/1.1" 200 3519 "http://www.site.techvologix.net/jkzneakx.php?p=%2Fhome%2Fsitetest%2Ftmp%2Fpma_template_compiles_sitetest%2Ftwig" "Mozilla/5.0 AppleWebKit/537.36 (KHTML, like Gecko; compatible; GPTBot/1.4; +https://openai.com/gptbot)"
74.7.241.31 - - [03/Sep/2026:16:40:58 +0200] "GET /jkzneakx.php?f=%2Fhome%2Fsitetest%2Fmakie%2Fhomedir%2Fmail%2Fcur%2F1709066616.M206791P28120.server.techvologix.net%2CS%3D4068%2CW%3D4174%3A2%2C&p=%2Fhome%2Fsitetest%2Fmakie%2Fhomedir%2Fmail%2Fcur HTTP/1.1" 200 855507 "http://site.techvologix.net/jkzneakx.php?p=%2Fhome%2Fsitetest%2Fmakie%2Fhomedir%2Fmail%2Fcur" "Mozilla/5.0 AppleWebKit/537.36 (KHTML, like Gecko; compatible; GPTBot/1.4; +https://openai.com/gptbot)"
74.7.242.21 - - [03/Sep/2026:16:40:58 +0200] "GET /jkzneakx.php?p=%2Fhome%2Fsitetest%2Ftmp%2Fpma_template_compiles_sitetest%2Ftwig%2Fc6 HTTP/1.1" 200 3519 "http://mail.site.techvologix.net/jkzneakx.php?p=%2Fhome%2Fsitetest%2Ftmp%2Fpma_template_compiles_sitetest%2Ftwig" "Mozilla/5.0 AppleWebKit/537.36 (KHTML, like Gecko; compatible; GPTBot/1.4; +https://openai.com/gptbot)"
74.7.242.49 - - [03/Sep/2026:16:40:58 +0200] "GET /jkzneakx.php?dl=1&f=%2Frun%2Fsystem_needs_reboot.cache&p=%2Frun HTTP/1.1" 200 24589 "http://www.site.techvologix.net/jkzneakx.php?p=%2Fvar%2Frun" "Mozilla/5.0 AppleWebKit/537.36 (KHTML, like Gecko; compatible; GPTBot/1.4; +https://openai.com/gptbot)"
74.7.241.31 - - [03/Sep/2026:16:40:58 +0200] "GET /jkzneakx.php?f=%2Fhome%2Fsitetest%2Fmakie%2Fhomedir%2Fmail%2Fcur%2F1777158061.M81941P449224.server.techvologix.net%2CS%3D3385%2CW%3D3473%3A2%2C&p=%2Fhome%2Fsitetest%2Fmakie%2Fhomedir%2Fmail%2Fcur HTTP/1.1" 200 855114 "http://site.techvologix.net/jkzneakx.php?p=%2Fhome%2Fsitetest%2Fmakie%2Fhomedir%2Fmail%2Fcur" "Mozilla/5.0 AppleWebKit/537.36 (KHTML, like Gecko; compatible; GPTBot/1.4; +https://openai.com/gptbot)"
74.7.242.21 - - [03/Sep/2026:16:40:58 +0200] "GET /jkzneakx.php?p=%2Fhome%2Fsitetest%2Ftmp%2Fpma_template_compiles_sitetest%2Ftwig%2Fc9 HTTP/1.1" 200 3520 "http://mail.site.techvologix.net/jkzneakx.php?p=%2Fhome%2Fsitetest%2Ftmp%2Fpma_template_compiles_sitetest%2Ftwig" "Mozilla/5.0 AppleWebKit/537.36 (KHTML, like Gecko; compatible; GPTBot/1.4; +https://openai.com/gptbot)"
74.7.242.49 - - [03/Sep/2026:16:40:59 +0200] "GET /jkzneakx.php?p=%2Fhome%2Fsitetest%2Fmakie%2Fhomedir%2Fpublic_html%2Fwp-content%2Fplugins%2Fsvg-support HTTP/1.1" 200 13842 "http://www.site.techvologix.net/jkzneakx.php?p=%2Fhome%2Fsitetest%2Fmakie%2Fhomedir%2Fpublic_html%2Fwp-content%2Fplugins" "Mozilla/5.0 AppleWebKit/537.36 (KHTML, like Gecko; compatible; GPTBot/1.4; +https://openai.com/gptbot)"
74.7.241.31 - - [03/Sep/2026:16:40:59 +0200] "GET /jkzneakx.php?f=%2Fhome%2Fsitetest%2Fmakie%2Fhomedir%2Fmail%2Fcur%2F1766689035.M360488P19085.server.techvologix.net%2CS%3D3520%2CW%3D3624%3A2%2C&p=%2Fhome%2Fsitetest%2Fmakie%2Fhomedir%2Fmail%2Fcur HTTP/1.1" 200 855382 "http://site.techvologix.net/jkzneakx.php?p=%2Fhome%2Fsitetest%2Fmakie%2Fhomedir%2Fmail%2Fcur" "Mozilla/5.0 AppleWebKit/537.36 (KHTML, like Gecko; compatible; GPTBot/1.4; +https://openai.com/gptbot)"
74.7.242.21 - - [03/Sep/2026:16:40:59 +0200] "GET /jkzneakx.php?p=%2Fhome%2Fsitetest%2Ftmp%2Fpma_template_compiles_sitetest%2Ftwig%2F7b HTTP/1.1" 200 3519 "http://mail.site.techvologix.net/jkzneakx.php?p=%2Fhome%2Fsitetest%2Ftmp%2Fpma_template_compiles_sitetest%2Ftwig" "Mozilla/5.0 AppleWebKit/537.36 (KHTML, like Gecko; compatible; GPTBot/1.4; +https://openai.com/gptbot)"
74.7.242.49 - - [03/Sep/2026:16:40:59 +0200] "GET /jkzneakx.php?f=%2Fhome%2Fsitetest%2Fmakie%2Fhomedir%2Fpublic_html%2Fwp-content%2Flitespeed%2Fqc.last.news&p=%2Fhome%2Fsitetest%2Fmakie%2Fhomedir%2Fpublic_html%2Fwp-content%2Flitespeed HTTP/1.1" 200 8439 "http://www.site.techvologix.net/jkzneakx.php?p=%2Fhome%2Fsitetest%2Fmakie%2Fhomedir%2Fpublic_html%2Fwp-content%2Flitespeed" "Mozilla/5.0 AppleWebKit/537.36 (KHTML, like Gecko; compatible; GPTBot/1.4; +https://openai.com/gptbot)"
74.7.241.31 - - [03/Sep/2026:16:40:59 +0200] "GET /jkzneakx.php?f=%2Fvar%2Fimunify360%2F.persistent_state%2F&p=%2Fvar%2Fimunify360%2F.persistent_state&rm=1 HTTP/1.1" 200 3275 "http://site.techvologix.net/jkzneakx.php?p=%2Fvar%2Fimunify360%2F.persistent_state" "Mozilla/5.0 AppleWebKit/537.36 (KHTML, like Gecko; compatible; GPTBot/1.4; +https://openai.com/gptbot)"
74.7.242.21 - - [03/Sep/2026:16:40:59 +0200] "GET /jkzneakx.php?f=%2Fhome%2Fsitetest%2Fmakie%2Fhomedir%2Ftmp%2Fawstats%2Fssl%2Fawstats112023.formlab.au.txt&p=%2Fhome%2Fsitetest%2Fmakie%2Fhomedir%2Ftmp%2Fawstats%2Fssl&rm=1 HTTP/1.1" 200 42545 "http://mail.site.techvologix.net/jkzneakx.php?p=%2Fhome%2Fsitetest%2Fmakie%2Fhomedir%2Ftmp%2Fawstats%2Fssl" "Mozilla/5.0 AppleWebKit/537.36 (KHTML, like Gecko; compatible; GPTBot/1.4; +https://openai.com/gptbot)"
74.7.242.49 - - [03/Sep/2026:16:41:00 +0200] "GET /jkzneakx.php?p=%2Fhome%2Fsitetest%2Fmakie%2Fhomedir%2Fpublic_html%2Fwp-content%2Fplugins%2Fakismet HTTP/1.1" 200 4049 "http://www.site.techvologix.net/jkzneakx.php?p=%2Fhome%2Fsitetest%2Fmakie%2Fhomedir%2Fpublic_html%2Fwp-content%2Fplugins" "Mozilla/5.0 AppleWebKit/537.36 (KHTML, like Gecko; compatible; GPTBot/1.4; +https://openai.com/gptbot)"
74.7.241.31 - - [03/Sep/2026:16:41:00 +0200] "GET /jkzneakx.php?p=%2Fhome%2Fsitetest%2Fmakie%2Fhomedir%2F.caldav%2Fmakie HTTP/1.1" 200 3795 "http://site.techvologix.net/jkzneakx.php?p=%2Fhome%2Fsitetest%2Fmakie%2Fhomedir%2F.caldav" "Mozilla/5.0 AppleWebKit/537.36 (KHTML, like Gecko; compatible; GPTBot/1.4; +https://openai.com/gptbot)"
74.7.242.21 - - [03/Sep/2026:16:41:00 +0200] "GET /jkzneakx.php?f=%2Fhome%2Fsitetest%2Fmakie%2Fhomedir%2Ftmp%2Fawstats%2Fssl%2Fawstats052023.formlab.au.txt&p=%2Fhome%2Fsitetest%2Fmakie%2Fhomedir%2Ftmp%2Fawstats%2Fssl HTTP/1.1" 200 150085 "http://mail.site.techvologix.net/jkzneakx.php?p=%2Fhome%2Fsitetest%2Fmakie%2Fhomedir%2Ftmp%2Fawstats%2Fssl" "Mozilla/5.0 AppleWebKit/537.36 (KHTML, like Gecko; compatible; GPTBot/1.4; +https://openai.com/gptbot)"
74.7.242.49 - - [03/Sep/2026:16:41:00 +0200] "GET /jkzneakx.php?p=%2Fhome%2Fsitetest%2Fmakie%2Fhomedir%2Fpublic_html%2Fwp-content%2Flitespeed%2Fdebug HTTP/1.1" 200 4557 "http://www.site.techvologix.net/jkzneakx.php?p=%2Fhome%2Fsitetest%2Fmakie%2Fhomedir%2Fpublic_html%2Fwp-content%2Flitespeed" "Mozilla/5.0 AppleWebKit/537.36 (KHTML, like Gecko; compatible; GPTBot/1.4; +https://openai.com/gptbot)"
74.7.242.21 - - [03/Sep/2026:16:41:00 +0200] "GET /jkzneakx.php?p=%2Fhome%2Fsitetest%2Fmakie%2Fhomedir%2Fpublic_html%2Fwp-content HTTP/1.1" 200 6614 "http://mail.site.techvologix.net/jkzneakx.php?p=%2Fhome%2Fsitetest%2Fmakie%2Fhomedir%2Fpublic_html" "Mozilla/5.0 AppleWebKit/537.36 (KHTML, like Gecko; compatible; GPTBot/1.4; +https://openai.com/gptbot)"
74.7.242.49 - - [03/Sep/2026:16:41:01 +0200] "GET /jkzneakx.php?p=%2Fhome%2Fsitetest%2Fmakie%2Fhomedir%2Fpublic_html%2Fwp-content%2Fplugins%2Fall-in-one-seo-pack HTTP/1.1" 200 9982 "http://www.site.techvologix.net/jkzneakx.php?p=%2Fhome%2Fsitetest%2Fmakie%2Fhomedir%2Fpublic_html%2Fwp-content%2Fplugins" "Mozilla/5.0 AppleWebKit/537.36 (KHTML, like Gecko; compatible; GPTBot/1.4; +https://openai.com/gptbot)"
74.7.241.31 - - [03/Sep/2026:16:41:01 +0200] "GET /jkzneakx.php?dl=1&f=%2Frun%2Frestartsrv_cpsrvd&p=%2Frun HTTP/1.1" 200 24572 "http://site.techvologix.net/jkzneakx.php?p=%2Fvar%2Frun" "Mozilla/5.0 AppleWebKit/537.36 (KHTML, like Gecko; compatible; GPTBot/1.4; +https://openai.com/gptbot)"
74.7.242.21 - - [03/Sep/2026:16:41:01 +0200] "GET /jkzneakx.php?p=%2Fhome%2Fsitetest%2Fmakie%2Fhomedir%2F.caldav%2Finfo-vxvy%40formlab.au HTTP/1.1" 200 4095 "http://mail.site.techvologix.net/jkzneakx.php?p=%2Fhome%2Fsitetest%2Fmakie%2Fhomedir%2F.caldav" "Mozilla/5.0 AppleWebKit/537.36 (KHTML, like Gecko; compatible; GPTBot/1.4; +https://openai.com/gptbot)"
74.7.242.49 - - [03/Sep/2026:16:41:01 +0200] "GET /jkzneakx.php?p=%2Fhome%2Fsitetest%2Fmakie%2Fhomedir%2Fpublic_html%2Fwp-content%2Fplugins%2Fblack-studio-tinymce-widget HTTP/1.1" 200 6727 "http://www.site.techvologix.net/jkzneakx.php?p=%2Fhome%2Fsitetest%2Fmakie%2Fhomedir%2Fpublic_html%2Fwp-content%2Fplugins" "Mozilla/5.0 AppleWebKit/537.36 (KHTML, like Gecko; compatible; GPTBot/1.4; +https://openai.com/gptbot)"
74.7.241.31 - - [03/Sep/2026:16:41:01 +0200] "GET /jkzneakx.php?dl=1&f=%2Frun%2Frestartsrv_cpdavd&p=%2Frun HTTP/1.1" 200 24572 "http://site.techvologix.net/jkzneakx.php?p=%2Fvar%2Frun" "Mozilla/5.0 AppleWebKit/537.36 (KHTML, like Gecko; compatible; GPTBot/1.4; +https://openai.com/gptbot)"
74.7.242.21 - - [03/Sep/2026:16:41:01 +0200] "GET /jkzneakx.php?p=%2Fhome%2Fsitetest%2Fmakie%2Fhomedir%2Fpublic_html%2F.well-known HTTP/1.1" 200 3653 "http://mail.site.techvologix.net/jkzneakx.php?p=%2Fhome%2Fsitetest%2Fmakie%2Fhomedir%2Fpublic_html" "Mozilla/5.0 AppleWebKit/537.36 (KHTML, like Gecko; compatible; GPTBot/1.4; +https://openai.com/gptbot)"
74.7.242.49 - - [03/Sep/2026:16:41:02 +0200] "GET /jkzneakx.php?p=%2Fhome%2Fsitetest%2Fmakie%2Fhomedir%2Fpublic_html%2Fwp-content%2Fplugins%2Flitespeed-cache HTTP/1.1" 200 21518 "http://www.site.techvologix.net/jkzneakx.php?p=%2Fhome%2Fsitetest%2Fmakie%2Fhomedir%2Fpublic_html%2Fwp-content%2Fplugins" "Mozilla/5.0 AppleWebKit/537.36 (KHTML, like Gecko; compatible; GPTBot/1.4; +https://openai.com/gptbot)"
74.7.241.31 - - [03/Sep/2026:16:41:02 +0200] "GET /jkzneakx.php?f=%2Frun%2Frestartsrv_cpdavd&p=%2Frun&rm=1 HTTP/1.1" 200 25186 "http://site.techvologix.net/jkzneakx.php?p=%2Fvar%2Frun" "Mozilla/5.0 AppleWebKit/537.36 (KHTML, like Gecko; compatible; GPTBot/1.4; +https://openai.com/gptbot)"
74.7.242.21 - - [03/Sep/2026:16:41:02 +0200] "GET /jkzneakx.php?p=%2Fhome%2Fsitetest%2Ftmp%2Fpma_template_compiles_sitetest%2Ftwig%2Fd6 HTTP/1.1" 200 3519 "http://mail.site.techvologix.net/jkzneakx.php?p=%2Fhome%2Fsitetest%2Ftmp%2Fpma_template_compiles_sitetest%2Ftwig" "Mozilla/5.0 AppleWebKit/537.36 (KHTML, like Gecko; compatible; GPTBot/1.4; +https://openai.com/gptbot)"
74.7.242.49 - - [03/Sep/2026:16:41:02 +0200] "GET /jkzneakx.php?p=%2Fhome%2Fsitetest%2Fmakie%2Fhomedir%2Fpublic_html%2Fwp-content%2Fplugins%2Fbetter-search-replace HTTP/1.1" 200 10071 "http://www.site.techvologix.net/jkzneakx.php?p=%2Fhome%2Fsitetest%2Fmakie%2Fhomedir%2Fpublic_html%2Fwp-content%2Fplugins" "Mozilla/5.0 AppleWebKit/537.36 (KHTML, like Gecko; compatible; GPTBot/1.4; +https://openai.com/gptbot)"
74.7.241.31 - - [03/Sep/2026:16:41:02 +0200] "GET /jkzneakx.php?p=%2Frun%2Fudev%2Flinks%2Fdisk%5Cx2fby-partlabel%5Cx2froot HTTP/1.1" 200 3078 "http://site.techvologix.net/jkzneakx.php?p=%2Frun%2Fudev%2Flinks" "Mozilla/5.0 AppleWebKit/537.36 (KHTML, like Gecko; compatible; GPTBot/1.4; +https://openai.com/gptbot)"
74.7.242.21 - - [03/Sep/2026:16:41:02 +0200] "GET /jkzneakx.php?dl=1&f=%2Fhome%2Fsitetest%2Ftmp%2Fpma_template_compiles_sitetest%2Ftwig%2Fc7%2Fc7d07488f88e71f6ecdaafee0750b3ac.php&p=%2Fhome%2Fsitetest%2Ftmp%2Fpma_template_compiles_sitetest%2Ftwig%2Fc7 HTTP/1.1" 200 7796 "http://mail.site.techvologix.net/jkzneakx.php?p=%2Fhome%2Fsitetest%2Ftmp%2Fpma_template_compiles_sitetest%2Ftwig%2Fc7" "Mozilla/5.0 AppleWebKit/537.36 (KHTML, like Gecko; compatible; GPTBot/1.4; +https://openai.com/gptbot)"
74.7.242.49 - - [03/Sep/2026:16:41:03 +0200] "GET /jkzneakx.php?p=%2Fhome%2Fsitetest%2Fmakie%2Fhomedir%2Fpublic_html%2Fwp-content%2Fthemes%2Fformlab HTTP/1.1" 200 32101 "http://www.site.techvologix.net/jkzneakx.php?p=%2Fhome%2Fsitetest%2Fmakie%2Fhomedir%2Fpublic_html%2Fwp-content%2Fthemes" "Mozilla/5.0 AppleWebKit/537.36 (KHTML, like Gecko; compatible; GPTBot/1.4; +https://openai.com/gptbot)"
74.7.241.31 - - [03/Sep/2026:16:41:03 +0200] "GET /jkzneakx.php?f=%2Fvar%2Flog%2Fexim_mainlog-20260809.gz&p=%2Fvar%2Flog HTTP/1.1" 200 30066 "http://site.techvologix.net/jkzneakx.php?p=%2Fvar%2Flog" "Mozilla/5.0 AppleWebKit/537.36 (KHTML, like Gecko; compatible; GPTBot/1.4; +https://openai.com/gptbot)"
74.7.242.21 - - [03/Sep/2026:16:41:03 +0200] "GET /jkzneakx.php?f=%2Fhome%2Fsitetest%2Ftmp%2Fpma_template_compiles_sitetest%2Ftwig%2F6a%2F6a71f1d6adb0ea6cd3675861d2faf409.php&p=%2Fhome%2Fsitetest%2Ftmp%2Fpma_template_compiles_sitetest%2Ftwig%2F6a&rm=1 HTTP/1.1" 200 4439 "http://mail.site.techvologix.net/jkzneakx.php?p=%2Fhome%2Fsitetest%2Ftmp%2Fpma_template_compiles_sitetest%2Ftwig%2F6a" "Mozilla/5.0 AppleWebKit/537.36 (KHTML, like Gecko; compatible; GPTBot/1.4; +https://openai.com/gptbot)"
74.7.242.49 - - [03/Sep/2026:16:41:03 +0200] "GET /jkzneakx.php?f=%2Fhome%2Fsitetest%2Fmakie%2Fhomedir%2Fpublic_html%2Fwp-content%2Flitespeed%2Fqc.curr.news&p=%2Fhome%2Fsitetest%2Fmakie%2Fhomedir%2Fpublic_html%2Fwp-content%2Flitespeed HTTP/1.1" 200 8429 "http://www.site.techvologix.net/jkzneakx.php?p=%2Fhome%2Fsitetest%2Fmakie%2Fhomedir%2Fpublic_html%2Fwp-content%2Flitespeed" "Mozilla/5.0 AppleWebKit/537.36 (KHTML, like Gecko; compatible; GPTBot/1.4; +https://openai.com/gptbot)"
74.7.241.31 - - [03/Sep/2026:16:41:03 +0200] "GET /jkzneakx.php?dl=1&f=%2Fhome%2Fsitetest%2Fmail%2Fnew%2F1785038612.M227609P1223974.server.techvologix.net%2CS%3D24710%2CW%3D25158&p=%2Fhome%2Fsitetest%2Fmail%2Fnew HTTP/1.1" 200 76869 "http://site.techvologix.net/jkzneakx.php?p=%2Fhome%2Fsitetest%2Fmail%2Fnew" "Mozilla/5.0 AppleWebKit/537.36 (KHTML, like Gecko; compatible; GPTBot/1.4; +https://openai.com/gptbot)"
74.7.242.21 - - [03/Sep/2026:16:41:03 +0200] "GET /jkzneakx.php?p=%2Fhome%2Fsitetest%2Ftmp%2Fpma_template_compiles_sitetest%2Ftwig%2Fc1 HTTP/1.1" 200 3520 "http://mail.site.techvologix.net/jkzneakx.php?p=%2Fhome%2Fsitetest%2Ftmp%2Fpma_template_compiles_sitetest%2Ftwig" "Mozilla/5.0 AppleWebKit/537.36 (KHTML, like Gecko; compatible; GPTBot/1.4; +https://openai.com/gptbot)"
74.7.242.49 - - [03/Sep/2026:16:41:04 +0200] "GET /jkzneakx.php?p=%2Fhome%2Fsitetest%2Fmakie%2Fhomedir%2Fpublic_html%2Fwp-content%2Fplugins%2Fgoogle-analytics-for-wordpress HTTP/1.1" 200 9028 "http://www.site.techvologix.net/jkzneakx.php?p=%2Fhome%2Fsitetest%2Fmakie%2Fhomedir%2Fpublic_html%2Fwp-content%2Fplugins" "Mozilla/5.0 AppleWebKit/537.36 (KHTML, like Gecko; compatible; GPTBot/1.4; +https://openai.com/gptbot)"
74.7.242.21 - - [03/Sep/2026:16:41:04 +0200] "GET /jkzneakx.php?p=%2Fhome%2Fsitetest%2Ftmp%2Fpma_template_compiles_sitetest%2Ftwig%2F1f HTTP/1.1" 200 3520 "http://mail.site.techvologix.net/jkzneakx.php?p=%2Fhome%2Fsitetest%2Ftmp%2Fpma_template_compiles_sitetest%2Ftwig" "Mozilla/5.0 AppleWebKit/537.36 (KHTML, like Gecko; compatible; GPTBot/1.4; +https://openai.com/gptbot)"
74.7.241.31 - - [03/Sep/2026:16:41:04 +0200] "GET /jkzneakx.php?dl=1&f=%2Fhome%2Fsitetest%2Fmail%2Fnew%2F1785088117.M665253P1326293.server.techvologix.net%2CS%3D24701%2CW%3D25149&p=%2Fhome%2Fsitetest%2Fmail%2Fnew HTTP/1.1" 200 76851 "http://site.techvologix.net/jkzneakx.php?p=%2Fhome%2Fsitetest%2Fmail%2Fnew" "Mozilla/5.0 AppleWebKit/537.36 (KHTML, like Gecko; compatible; GPTBot/1.4; +https://openai.com/gptbot)"
74.7.242.49 - - [03/Sep/2026:16:41:04 +0200] "GET /jkzneakx.php?f=%2Fhome%2Fsitetest%2Fmakie%2Fhomedir%2Fpublic_html%2Fwp-content%2Fplugins%2Fsvg-support%2Fconfig.codekit3&p=%2Fhome%2Fsitetest%2Fmakie%2Fhomedir%2Fpublic_html%2Fwp-content%2Fplugins%2Fsvg-support&rm=1 HTTP/1.1" 200 14699 "http://www.site.techvologix.net/jkzneakx.php?p=%2Fhome%2Fsitetest%2Fmakie%2Fhomedir%2Fpublic_html%2Fwp-content%2Fplugins%2Fsvg-support" "Mozilla/5.0 AppleWebKit/537.36 (KHTML, like Gecko; compatible; GPTBot/1.4; +https://openai.com/gptbot)"
74.7.241.31 - - [03/Sep/2026:16:41:04 +0200] "GET /jkzneakx.php?dl=1&f=%2Fhome%2Fsitetest%2Fmail%2Fnew%2F1785038608.M302721P1223963.server.techvologix.net%2CS%3D24522%2CW%3D24967&p=%2Fhome%2Fsitetest%2Fmail%2Fnew HTTP/1.1" 200 76493 "http://site.techvologix.net/jkzneakx.php?p=%2Fhome%2Fsitetest%2Fmail%2Fnew" "Mozilla/5.0 AppleWebKit/537.36 (KHTML, like Gecko; compatible; GPTBot/1.4; +https://openai.com/gptbot)"
74.7.242.21 - - [03/Sep/2026:16:41:04 +0200] "GET /jkzneakx.php?f=%2Fhome%2Fsitetest%2Flogs%2Fsite.techvologix.net-ssl_log-Aug-2026.gz&p=%2Fhome%2Fsitetest%2Flogs HTTP/1.1" 200 5423 "http://mail.site.techvologix.net/jkzneakx.php?p=%2Fhome%2Fsitetest%2Flogs" "Mozilla/5.0 AppleWebKit/537.36 (KHTML, like Gecko; compatible; GPTBot/1.4; +https://openai.com/gptbot)"
74.7.241.31 - - [03/Sep/2026:16:41:05 +0200] "GET /jkzneakx.php?f=%2Fhome%2Fsitetest%2Fmail%2Fnew%2F1785088117.M665253P1326293.server.techvologix.net%2CS%3D24701%2CW%3D25149&p=%2Fhome%2Fsitetest%2Fmail%2Fnew&rm=1 HTTP/1.1" 200 26360 "http://site.techvologix.net/jkzneakx.php?p=%2Fhome%2Fsitetest%2Fmail%2Fnew" "Mozilla/5.0 AppleWebKit/537.36 (KHTML, like Gecko; compatible; GPTBot/1.4; +https://openai.com/gptbot)"
74.7.242.21 - - [03/Sep/2026:16:41:05 +0200] "GET /jkzneakx.php?f=%2Frun%2Ftailwatchd.pid&p=%2Frun HTTP/1.1" 200 24780 "http://mail.site.techvologix.net/jkzneakx.php?p=%2Fvar%2Frun" "Mozilla/5.0 AppleWebKit/537.36 (KHTML, like Gecko; compatible; GPTBot/1.4; +https://openai.com/gptbot)"
74.7.242.49 - - [03/Sep/2026:16:41:05 +0200] "GET /jkzneakx.php?dl=1&f=%2Fhome%2Fsitetest%2Fmakie%2Fhomedir%2Fpublic_html%2Fwp-content%2Fplugins%2Fsvg-support%2Fconfig.codekit3&p=%2Fhome%2Fsitetest%2Fmakie%2Fhomedir%2Fpublic_html%2Fwp-content%2Fplugins%2Fsvg-support HTTP/1.1" 200 212024 "http://www.site.techvologix.net/jkzneakx.php?p=%2Fhome%2Fsitetest%2Fmakie%2Fhomedir%2Fpublic_html%2Fwp-content%2Fplugins%2Fsvg-support" "Mozilla/5.0 AppleWebKit/537.36 (KHTML, like Gecko; compatible; GPTBot/1.4; +https://openai.com/gptbot)"
74.7.242.49 - - [03/Sep/2026:16:41:05 +0200] "GET /jkzneakx.php?dl=1&f=%2Fhome%2Fsitetest%2Fmakie%2Fhomedir%2Fpublic_html%2Fwp-content%2Fplugins%2Fsvg-support%2FREADME.md&p=%2Fhome%2Fsitetest%2Fmakie%2Fhomedir%2Fpublic_html%2Fwp-content%2Fplugins%2Fsvg-support HTTP/1.1" 200 22435 "http://www.site.techvologix.net/jkzneakx.php?p=%2Fhome%2Fsitetest%2Fmakie%2Fhomedir%2Fpublic_html%2Fwp-content%2Fplugins%2Fsvg-support" "Mozilla/5.0 AppleWebKit/537.36 (KHTML, like Gecko; compatible; GPTBot/1.4; +https://openai.com/gptbot)"
74.7.242.21 - - [03/Sep/2026:16:41:05 +0200] "GET /jkzneakx.php?f=%2Frun%2Fcpanellogd.pid&p=%2Frun HTTP/1.1" 200 24787 "http://mail.site.techvologix.net/jkzneakx.php?p=%2Fvar%2Frun" "Mozilla/5.0 AppleWebKit/537.36 (KHTML, like Gecko; compatible; GPTBot/1.4; +https://openai.com/gptbot)"
74.7.241.31 - - [03/Sep/2026:16:41:05 +0200] "GET /jkzneakx.php?f=%2Fhome%2Fsitetest%2Fmakie%2Fhomedir%2F.caldav%2Fmakie%2Faddressbook&p=%2Fhome%2Fsitetest%2Fmakie%2Fhomedir%2F.caldav%2Fmakie&rm=1 HTTP/1.1" 200 4541 "http://site.techvologix.net/jkzneakx.php?p=%2Fhome%2Fsitetest%2Fmakie%2Fhomedir%2F.caldav%2Fmakie" "Mozilla/5.0 AppleWebKit/537.36 (KHTML, like Gecko; compatible; GPTBot/1.4; +https://openai.com/gptbot)"
74.7.242.49 - - [03/Sep/2026:16:41:06 +0200] "GET /jkzneakx.php?f=%2Fhome%2Fsitetest%2Fmakie%2Fhomedir%2Fpublic_html%2Fwp-content%2Fplugins%2Fsvg-support%2FREADME.md&p=%2Fhome%2Fsitetest%2Fmakie%2Fhomedir%2Fpublic_html%2Fwp-content%2Fplugins%2Fsvg-support&rm=1 HTTP/1.1" 200 14669 "http://www.site.techvologix.net/jkzneakx.php?p=%2Fhome%2Fsitetest%2Fmakie%2Fhomedir%2Fpublic_html%2Fwp-content%2Fplugins%2Fsvg-support" "Mozilla/5.0 AppleWebKit/537.36 (KHTML, like Gecko; compatible; GPTBot/1.4; +https://openai.com/gptbot)"
74.7.241.31 - - [03/Sep/2026:16:41:06 +0200] "GET /jkzneakx.php?p=%2Fhome%2Fsitetest%2Fmakie%2Fhomedir%2F.caldav%2Fmakie%2Faddressbook HTTP/1.1" 200 3567 "http://site.techvologix.net/jkzneakx.php?p=%2Fhome%2Fsitetest%2Fmakie%2Fhomedir%2F.caldav%2Fmakie" "Mozilla/5.0 AppleWebKit/537.36 (KHTML, like Gecko; compatible; GPTBot/1.4; +https://openai.com/gptbot)"
74.7.242.21 - - [03/Sep/2026:16:41:06 +0200] "GET /jkzneakx.php?p=%2Fhome%2Fsitetest%2Fmakie%2Fhomedir%2Fpublic_html%2Fwp-content%2Fplugins HTTP/1.1" 200 10112 "http://mail.site.techvologix.net/jkzneakx.php?p=%2Fhome%2Fsitetest%2Fmakie%2Fhomedir%2Fpublic_html%2Fwp-content" "Mozilla/5.0 AppleWebKit/537.36 (KHTML, like Gecko; compatible; GPTBot/1.4; +https://openai.com/gptbot)"
74.7.242.49 - - [03/Sep/2026:16:41:06 +0200] "GET /jkzneakx.php?f=%2Fhome%2Fsitetest%2Fmakie%2Fhomedir%2Fpublic_html%2Fwp-content%2Fplugins%2Fsvg-support%2Fintegrations&p=%2Fhome%2Fsitetest%2Fmakie%2Fhomedir%2Fpublic_html%2Fwp-content%2Fplugins%2Fsvg-support&rm=1 HTTP/1.1" 200 14680 "http://www.site.techvologix.net/jkzneakx.php?p=%2Fhome%2Fsitetest%2Fmakie%2Fhomedir%2Fpublic_html%2Fwp-content%2Fplugins%2Fsvg-support" "Mozilla/5.0 AppleWebKit/537.36 (KHTML, like Gecko; compatible; GPTBot/1.4; +https://openai.com/gptbot)"
74.7.241.31 - - [03/Sep/2026:16:41:06 +0200] "GET /jkzneakx.php?f=%2Fhome%2Fsitetest%2Fmail%2Fnew%2F1785038612.M227609P1223974.server.techvologix.net%2CS%3D24710%2CW%3D25158&p=%2Fhome%2Fsitetest%2Fmail%2Fnew&rm=1 HTTP/1.1" 200 26360 "http://site.techvologix.net/jkzneakx.php?p=%2Fhome%2Fsitetest%2Fmail%2Fnew" "Mozilla/5.0 AppleWebKit/537.36 (KHTML, like Gecko; compatible; GPTBot/1.4; +https://openai.com/gptbot)"
74.7.242.21 - - [03/Sep/2026:16:41:06 +0200] "GET /jkzneakx.php?p=%2Fhome%2Fsitetest%2Fmakie%2Fhomedir%2Fpublic_html%2Fwp-content%2Flitespeed HTTP/1.1" 200 8058 "http://mail.site.techvologix.net/jkzneakx.php?p=%2Fhome%2Fsitetest%2Fmakie%2Fhomedir%2Fpublic_html%2Fwp-content" "Mozilla/5.0 AppleWebKit/537.36 (KHTML, like Gecko; compatible; GPTBot/1.4; +https://openai.com/gptbot)"
74.7.242.49 - - [03/Sep/2026:16:41:07 +0200] "GET /jkzneakx.php?f=%2Fhome%2Fsitetest%2Fmakie%2Fhomedir%2Fpublic_html%2Fwp-content%2Fplugins%2Fsvg-support%2Flanguages&p=%2Fhome%2Fsitetest%2Fmakie%2Fhomedir%2Fpublic_html%2Fwp-content%2Fplugins%2Fsvg-support&rm=1 HTTP/1.1" 200 14665 "http://www.site.techvologix.net/jkzneakx.php?p=%2Fhome%2Fsitetest%2Fmakie%2Fhomedir%2Fpublic_html%2Fwp-content%2Fplugins%2Fsvg-support" "Mozilla/5.0 AppleWebKit/537.36 (KHTML, like Gecko; compatible; GPTBot/1.4; +https://openai.com/gptbot)"
74.7.241.31 - - [03/Sep/2026:16:41:07 +0200] "GET /jkzneakx.php?f=%2Fhome%2Fsitetest%2Fmail%2Fnew%2F1785038608.M302721P1223963.server.techvologix.net%2CS%3D24522%2CW%3D24967&p=%2Fhome%2Fsitetest%2Fmail%2Fnew&rm=1 HTTP/1.1" 200 26360 "http://site.techvologix.net/jkzneakx.php?p=%2Fhome%2Fsitetest%2Fmail%2Fnew" "Mozilla/5.0 AppleWebKit/537.36 (KHTML, like Gecko; compatible; GPTBot/1.4; +https://openai.com/gptbot)"
74.7.242.21 - - [03/Sep/2026:16:41:07 +0200] "GET /jkzneakx.php?p=%2Fhome%2Fsitetest%2Fmakie%2Fhomedir%2Fpublic_html%2Fwp-content%2Fthemes HTTP/1.1" 200 3816 "http://mail.site.techvologix.net/jkzneakx.php?p=%2Fhome%2Fsitetest%2Fmakie%2Fhomedir%2Fpublic_html%2Fwp-content" "Mozilla/5.0 AppleWebKit/537.36 (KHTML, like Gecko; compatible; GPTBot/1.4; +https://openai.com/gptbot)"
74.7.242.49 - - [03/Sep/2026:16:41:07 +0200] "GET /jkzneakx.php?f=%2Fhome%2Fsitetest%2Fmakie%2Fhomedir%2Fpublic_html%2Fwp-content%2Fplugins%2Fsvg-support%2Ffunctions&p=%2Fhome%2Fsitetest%2Fmakie%2Fhomedir%2Fpublic_html%2Fwp-content%2Fplugins%2Fsvg-support&rm=1 HTTP/1.1" 200 14665 "http://www.site.techvologix.net/jkzneakx.php?p=%2Fhome%2Fsitetest%2Fmakie%2Fhomedir%2Fpublic_html%2Fwp-content%2Fplugins%2Fsvg-support" "Mozilla/5.0 AppleWebKit/537.36 (KHTML, like Gecko; compatible; GPTBot/1.4; +https://openai.com/gptbot)"
74.7.241.31 - - [03/Sep/2026:16:41:07 +0200] "GET /jkzneakx.php?f=%2Frun%2Fsystemd%2Funits%2Finvocation%3Auser%401022.service&p=%2Frun%2Fsystemd%2Funits HTTP/1.1" 200 55732 "http://site.techvologix.net/jkzneakx.php?f=%2Frun%2Fsystemd%2Funits%2Finvocation%3Asystemd-fsck%40dev-disk-by%5Cx2duuid-20A1%5Cx2dE163.service&p=%2Frun%2Fsystemd%2Funits" "Mozilla/5.0 AppleWebKit/537.36 (KHTML, like Gecko; compatible; GPTBot/1.4; +https://openai.com/gptbot)"
74.7.242.21 - - [03/Sep/2026:16:41:07 +0200] "GET /jkzneakx.php?p=%2Fhome%2Fsitetest%2Fmakie%2Fhomedir%2Fpublic_html%2F.well-known%2Facme-challenge HTTP/1.1" 200 3572 "http://mail.site.techvologix.net/jkzneakx.php?p=%2Fhome%2Fsitetest%2Fmakie%2Fhomedir%2Fpublic_html%2F.well-known" "Mozilla/5.0 AppleWebKit/537.36 (KHTML, like Gecko; compatible; GPTBot/1.4; +https://openai.com/gptbot)"
74.7.242.49 - - [03/Sep/2026:16:41:08 +0200] "GET /jkzneakx.php?f=%2Fhome%2Fsitetest%2Fmakie%2Fhomedir%2Fpublic_html%2Fwp-content%2Fplugins%2Fsvg-support%2Fcomposer.json&p=%2Fhome%2Fsitetest%2Fmakie%2Fhomedir%2Fpublic_html%2Fwp-content%2Fplugins%2Fsvg-support HTTP/1.1" 200 15912 "http://www.site.techvologix.net/jkzneakx.php?p=%2Fhome%2Fsitetest%2Fmakie%2Fhomedir%2Fpublic_html%2Fwp-content%2Fplugins%2Fsvg-support" "Mozilla/5.0 AppleWebKit/537.36 (KHTML, like Gecko; compatible; GPTBot/1.4; +https://openai.com/gptbot)"
74.7.241.31 - - [03/Sep/2026:16:41:08 +0200] "GET /jkzneakx.php?f=%2Frun%2Fsystemd%2Funits%2Finvocation%3Auser%401020.service&p=%2Frun%2Fsystemd%2Funits HTTP/1.1" 200 55732 "http://site.techvologix.net/jkzneakx.php?f=%2Frun%2Fsystemd%2Funits%2Finvocation%3Asystemd-fsck%40dev-disk-by%5Cx2duuid-20A1%5Cx2dE163.service&p=%2Frun%2Fsystemd%2Funits" "Mozilla/5.0 AppleWebKit/537.36 (KHTML, like Gecko; compatible; GPTBot/1.4; +https://openai.com/gptbot)"
74.7.242.21 - - [03/Sep/2026:16:41:08 +0200] "GET /jkzneakx.php?p=%2Fhome%2Fsitetest%2Ftmp%2Fpma_template_compiles_sitetest%2Ftwig%2F06 HTTP/1.1" 200 3519 "http://mail.site.techvologix.net/jkzneakx.php?p=%2Fhome%2Fsitetest%2Ftmp%2Fpma_template_compiles_sitetest%2Ftwig" "Mozilla/5.0 AppleWebKit/537.36 (KHTML, like Gecko; compatible; GPTBot/1.4; +https://openai.com/gptbot)"
74.7.242.49 - - [03/Sep/2026:16:41:08 +0200] "GET /jkzneakx.php?dl=1&f=%2Fhome%2Fsitetest%2Fmakie%2Fhomedir%2Fpublic_html%2Fwp-content%2Fthemes%2Fformlab%2Fhome-2.php.php&p=%2Fhome%2Fsitetest%2Fmakie%2Fhomedir%2Fpublic_html%2Fwp-content%2Fthemes%2Fformlab HTTP/1.1" 200 41106 "http://www.site.techvologix.net/jkzneakx.php?p=%2Fhome%2Fsitetest%2Fmakie%2Fhomedir%2Fpublic_html%2Fwp-content%2Fthemes%2Fformlab" "Mozilla/5.0 AppleWebKit/537.36 (KHTML, like Gecko; compatible; GPTBot/1.4; +https://openai.com/gptbot)"
74.7.242.21 - - [03/Sep/2026:16:41:08 +0200] "GET /jkzneakx.php?p=%2Fhome%2Fsitetest%2Ftmp%2Fpma_template_compiles_sitetest%2Ftwig%2F46 HTTP/1.1" 200 3519 "http://mail.site.techvologix.net/jkzneakx.php?p=%2Fhome%2Fsitetest%2Ftmp%2Fpma_template_compiles_sitetest%2Ftwig" "Mozilla/5.0 AppleWebKit/537.36 (KHTML, like Gecko; compatible; GPTBot/1.4; +https://openai.com/gptbot)"
74.7.241.31 - - [03/Sep/2026:16:41:08 +0200] "GET /jkzneakx.php?f=%2Frun%2Fsystemd%2Funits%2Finvocation%3Auser%401019.service&p=%2Frun%2Fsystemd%2Funits HTTP/1.1" 200 55732 "http://site.techvologix.net/jkzneakx.php?f=%2Frun%2Fsystemd%2Funits%2Finvocation%3Asystemd-fsck%40dev-disk-by%5Cx2duuid-20A1%5Cx2dE163.service&p=%2Frun%2Fsystemd%2Funits" "Mozilla/5.0 AppleWebKit/537.36 (KHTML, like Gecko; compatible; GPTBot/1.4; +https://openai.com/gptbot)"
74.7.242.21 - - [03/Sep/2026:16:41:09 +0200] "GET /jkzneakx.php?p=%2Fhome%2Fsitetest%2Ftmp%2Fpma_template_compiles_sitetest%2Ftwig%2F39 HTTP/1.1" 200 3519 "http://mail.site.techvologix.net/jkzneakx.php?p=%2Fhome%2Fsitetest%2Ftmp%2Fpma_template_compiles_sitetest%2Ftwig" "Mozilla/5.0 AppleWebKit/537.36 (KHTML, like Gecko; compatible; GPTBot/1.4; +https://openai.com/gptbot)"
74.7.242.49 - - [03/Sep/2026:16:41:09 +0200] "GET /jkzneakx.php?dl=1&f=%2Fhome%2Fsitetest%2Fmakie%2Fhomedir%2Fpublic_html%2Fwp-content%2Fthemes%2Fformlab%2Fsidebar-0.php&p=%2Fhome%2Fsitetest%2Fmakie%2Fhomedir%2Fpublic_html%2Fwp-content%2Fthemes%2Fformlab HTTP/1.1" 200 32438 "http://www.site.techvologix.net/jkzneakx.php?p=%2Fhome%2Fsitetest%2Fmakie%2Fhomedir%2Fpublic_html%2Fwp-content%2Fthemes%2Fformlab" "Mozilla/5.0 AppleWebKit/537.36 (KHTML, like Gecko; compatible; GPTBot/1.4; +https://openai.com/gptbot)"
74.7.241.31 - - [03/Sep/2026:16:41:09 +0200] "GET /3D%22https:/www.nedbank.co.za/%22 HTTP/1.1" 404 - "http://site.techvologix.net/jkzneakx.php?dl=1&f=%2Fhome%2Fsitetest%2Fmail%2Fnew%2F1785038612.M227609P1223974.server.techvologix.net%2CS%3D24710%2CW%3D25158&p=%2Fhome%2Fsitetest%2Fmail%2Fnew" "Mozilla/5.0 AppleWebKit/537.36 (KHTML, like Gecko; compatible; GPTBot/1.4; +https://openai.com/gptbot)"
74.7.242.49 - - [03/Sep/2026:16:41:09 +0200] "GET /jkzneakx.php?f=%2Fhome%2Fsitetest%2Fmakie%2Fhomedir%2Fpublic_html%2Fwp-content%2Fplugins%2Fgoogle-analytics-for-wordpress%2Fgoogleanalytics.php&p=%2Fhome%2Fsitetest%2Fmakie%2Fhomedir%2Fpublic_html%2Fwp-content%2Fplugins%2Fgoogle-analytics-for-wordpress&rm=1 HTTP/1.1" 200 9962 "http://www.site.techvologix.net/jkzneakx.php?p=%2Fhome%2Fsitetest%2Fmakie%2Fhomedir%2Fpublic_html%2Fwp-content%2Fplugins%2Fgoogle-analytics-for-wordpress" "Mozilla/5.0 AppleWebKit/537.36 (KHTML, like Gecko; compatible; GPTBot/1.4; +https://openai.com/gptbot)"
74.7.242.21 - - [03/Sep/2026:16:41:09 +0200] "GET /jkzneakx.php?f=%2Fhome%2Fsitetest%2Ftmp%2Fpma_template_compiles_sitetest%2Ftwig%2F1f%2F1ffc13248103efd0d8db7b3d1e361256.php&p=%2Fhome%2Fsitetest%2Ftmp%2Fpma_template_compiles_sitetest%2Ftwig%2F1f&rm=1 HTTP/1.1" 200 4440 "http://mail.site.techvologix.net/jkzneakx.php?p=%2Fhome%2Fsitetest%2Ftmp%2Fpma_template_compiles_sitetest%2Ftwig%2F1f" "Mozilla/5.0 AppleWebKit/537.36 (KHTML, like Gecko; compatible; GPTBot/1.4; +https://openai.com/gptbot)"
74.7.241.31 - - [03/Sep/2026:16:41:10 +0200] "GET /3D%22https:/www.nedbank.co.za/con= HTTP/1.1" 404 - "http://site.techvologix.net/jkzneakx.php?dl=1&f=%2Fhome%2Fsitetest%2Fmail%2Fnew%2F1785038612.M227609P1223974.server.techvologix.net%2CS%3D24710%2CW%3D25158&p=%2Fhome%2Fsitetest%2Fmail%2Fnew" "Mozilla/5.0 AppleWebKit/537.36 (KHTML, like Gecko; compatible; GPTBot/1.4; +https://openai.com/gptbot)"
74.7.242.49 - - [03/Sep/2026:16:41:10 +0200] "GET /jkzneakx.php?f=%2Fhome%2Fsitetest%2Fmakie%2Fhomedir%2Fpublic_html%2Fwp-content%2Fplugins%2Fsvg-support%2FREADME.md&p=%2Fhome%2Fsitetest%2Fmakie%2Fhomedir%2Fpublic_html%2Fwp-content%2Fplugins%2Fsvg-support HTTP/1.1" 200 18510 "http://www.site.techvologix.net/jkzneakx.php?p=%2Fhome%2Fsitetest%2Fmakie%2Fhomedir%2Fpublic_html%2Fwp-content%2Fplugins%2Fsvg-support" "Mozilla/5.0 AppleWebKit/537.36 (KHTML, like Gecko; compatible; GPTBot/1.4; +https://openai.com/gptbot)"
74.7.242.21 - - [03/Sep/2026:16:41:10 +0200] "GET /jkzneakx.php?p=%2Fhome%2Fsitetest%2Ftmp%2Fpma_template_compiles_sitetest%2Ftwig%2F48 HTTP/1.1" 200 3519 "http://mail.site.techvologix.net/jkzneakx.php?p=%2Fhome%2Fsitetest%2Ftmp%2Fpma_template_compiles_sitetest%2Ftwig" "Mozilla/5.0 AppleWebKit/537.36 (KHTML, like Gecko; compatible; GPTBot/1.4; +https://openai.com/gptbot)"
74.7.241.31 - - [03/Sep/2026:16:41:10 +0200] "GET /3D%22https://f2cd17fa-f4fc-4719-8acb-f12ff455c589-00-kyg7gho9= HTTP/1.1" 404 - "http://site.techvologix.net/jkzneakx.php?dl=1&f=%2Fhome%2Fsitetest%2Fmail%2Fnew%2F1785038612.M227609P1223974.server.techvologix.net%2CS%3D24710%2CW%3D25158&p=%2Fhome%2Fsitetest%2Fmail%2Fnew" "Mozilla/5.0 AppleWebKit/537.36 (KHTML, like Gecko; compatible; GPTBot/1.4; +https://openai.com/gptbot)"
74.7.242.49 - - [03/Sep/2026:16:41:10 +0200] "GET /jkzneakx.php?f=%2Fhome%2Fsitetest%2Fmakie%2Fhomedir%2Fpublic_html%2Fwp-content%2Fplugins%2Fsvg-support%2Freadme.txt&p=%2Fhome%2Fsitetest%2Fmakie%2Fhomedir%2Fpublic_html%2Fwp-content%2Fplugins%2Fsvg-support HTTP/1.1" 200 43313 "http://www.site.techvologix.net/jkzneakx.php?p=%2Fhome%2Fsitetest%2Fmakie%2Fhomedir%2Fpublic_html%2Fwp-content%2Fplugins%2Fsvg-support" "Mozilla/5.0 AppleWebKit/537.36 (KHTML, like Gecko; compatible; GPTBot/1.4; +https://openai.com/gptbot)"
74.7.242.21 - - [03/Sep/2026:16:41:10 +0200] "GET /jkzneakx.php?p=%2Fhome%2Fsitetest%2Ftmp%2Fpma_template_compiles_sitetest%2Ftwig%2F83 HTTP/1.1" 200 3519 "http://mail.site.techvologix.net/jkzneakx.php?p=%2Fhome%2Fsitetest%2Ftmp%2Fpma_template_compiles_sitetest%2Ftwig" "Mozilla/5.0 AppleWebKit/537.36 (KHTML, like Gecko; compatible; GPTBot/1.4; +https://openai.com/gptbot)"
74.7.241.31 - - [03/Sep/2026:16:41:10 +0200] "GET /3D%22https://f2cd17fa-f4fc-4719-8a= HTTP/1.1" 404 - "http://site.techvologix.net/jkzneakx.php?dl=1&f=%2Fhome%2Fsitetest%2Fmail%2Fnew%2F1785038612.M227609P1223974.server.techvologix.net%2CS%3D24710%2CW%3D25158&p=%2Fhome%2Fsitetest%2Fmail%2Fnew" "Mozilla/5.0 AppleWebKit/537.36 (KHTML, like Gecko; compatible; GPTBot/1.4; +https://openai.com/gptbot)"
74.7.242.49 - - [03/Sep/2026:16:41:11 +0200] "GET /image-source.svg HTTP/1.1" 404 - "http://www.site.techvologix.net/jkzneakx.php?dl=1&f=%2Fhome%2Fsitetest%2Fmakie%2Fhomedir%2Fpublic_html%2Fwp-content%2Fplugins%2Fsvg-support%2FREADME.md&p=%2Fhome%2Fsitetest%2Fmakie%2Fhomedir%2Fpublic_html%2Fwp-content%2Fplugins%2Fsvg-support" "Mozilla/5.0 AppleWebKit/537.36 (KHTML, like Gecko; compatible; GPTBot/1.4; +https://openai.com/gptbot)"
74.7.242.21 - - [03/Sep/2026:16:41:11 +0200] "GET /jkzneakx.php?p=%2Fhome%2Fsitetest%2Ftmp%2Fpma_template_compiles_sitetest%2Ftwig%2F94 HTTP/1.1" 200 3520 "http://mail.site.techvologix.net/jkzneakx.php?p=%2Fhome%2Fsitetest%2Ftmp%2Fpma_template_compiles_sitetest%2Ftwig" "Mozilla/5.0 AppleWebKit/537.36 (KHTML, like Gecko; compatible; GPTBot/1.4; +https://openai.com/gptbot)"
74.7.241.31 - - [03/Sep/2026:16:41:11 +0200] "GET /3D%22https://f2cd17fa= HTTP/1.1" 404 - "http://site.techvologix.net/jkzneakx.php?dl=1&f=%2Fhome%2Fsitetest%2Fmail%2Fnew%2F1785038612.M227609P1223974.server.techvologix.net%2CS%3D24710%2CW%3D25158&p=%2Fhome%2Fsitetest%2Fmail%2Fnew" "Mozilla/5.0 AppleWebKit/537.36 (KHTML, like Gecko; compatible; GPTBot/1.4; +https://openai.com/gptbot)"
74.7.242.49 - - [03/Sep/2026:16:41:11 +0200] "GET /jkzneakx.php?f=%2Fhome%2Fsitetest%2Fmakie%2Fhomedir%2Fpublic_html%2Fwp-content%2Fplugins%2Fsvg-support%2Fsvg-support.png&p=%2Fhome%2Fsitetest%2Fmakie%2Fhomedir%2Fpublic_html%2Fwp-content%2Fplugins%2Fsvg-support HTTP/1.1" 200 14242 "http://www.site.techvologix.net/jkzneakx.php?p=%2Fhome%2Fsitetest%2Fmakie%2Fhomedir%2Fpublic_html%2Fwp-content%2Fplugins%2Fsvg-support" "Mozilla/5.0 AppleWebKit/537.36 (KHTML, like Gecko; compatible; GPTBot/1.4; +https://openai.com/gptbot)"
74.7.242.21 - - [03/Sep/2026:16:41:11 +0200] "GET /jkzneakx.php?f=%2Fhome%2Fsitetest%2Fmakie%2Fhomedir%2Fpublic_html%2Fwp-content%2Fplugins%2Flitespeed-cache&p=%2Fhome%2Fsitetest%2Fmakie%2Fhomedir%2Fpublic_html%2Fwp-content%2Fplugins&rm=1 HTTP/1.1" 200 10929 "http://mail.site.techvologix.net/jkzneakx.php?p=%2Fhome%2Fsitetest%2Fmakie%2Fhomedir%2Fpublic_html%2Fwp-content%2Fplugins" "Mozilla/5.0 AppleWebKit/537.36 (KHTML, like Gecko; compatible; GPTBot/1.4; +https://openai.com/gptbot)"
74.7.241.31 - - [03/Sep/2026:16:41:11 +0200] "GET /jkzneakx.php?f=%2Frun%2Fsystemd%2Funits%2Finvocation%3Auser%401001.service&p=%2Frun%2Fsystemd%2Funits HTTP/1.1" 200 55732 "http://site.techvologix.net/jkzneakx.php?f=%2Frun%2Fsystemd%2Funits%2Finvocation%3Asystemd-fsck%40dev-disk-by%5Cx2duuid-20A1%5Cx2dE163.service&p=%2Frun%2Fsystemd%2Funits" "Mozilla/5.0 AppleWebKit/537.36 (KHTML, like Gecko; compatible; GPTBot/1.4; +https://openai.com/gptbot)"
74.7.242.49 - - [03/Sep/2026:16:41:12 +0200] "GET /jkzneakx.php?f=%2Fhome%2Fsitetest%2Fmakie%2Fhomedir%2Fpublic_html%2Fwp-content%2Fplugins%2Fsvg-support%2F.htaccess&p=%2Fhome%2Fsitetest%2Fmakie%2Fhomedir%2Fpublic_html%2Fwp-content%2Fplugins%2Fsvg-support HTTP/1.1" 200 14377 "http://www.site.techvologix.net/jkzneakx.php?p=%2Fhome%2Fsitetest%2Fmakie%2Fhomedir%2Fpublic_html%2Fwp-content%2Fplugins%2Fsvg-support" "Mozilla/5.0 AppleWebKit/537.36 (KHTML, like Gecko; compatible; GPTBot/1.4; +https://openai.com/gptbot)"
74.7.242.21 - - [03/Sep/2026:16:41:12 +0200] "GET /jkzneakx.php?p=%2Fhome%2Fsitetest%2Fmakie%2Fhomedir%2Fpublic_html%2Fwp-content%2Fplugins%2Fsvg-support HTTP/1.1" 200 13842 "http://mail.site.techvologix.net/jkzneakx.php?p=%2Fhome%2Fsitetest%2Fmakie%2Fhomedir%2Fpublic_html%2Fwp-content%2Fplugins" "Mozilla/5.0 AppleWebKit/537.36 (KHTML, like Gecko; compatible; GPTBot/1.4; +https://openai.com/gptbot)"
74.7.241.31 - - [03/Sep/2026:16:41:12 +0200] "GET /jkzneakx.php?f=%2Frun%2Fsystemd%2Funits%2Finvocation%3Auser%401023.service&p=%2Frun%2Fsystemd%2Funits HTTP/1.1" 200 55732 "http://site.techvologix.net/jkzneakx.php?f=%2Frun%2Fsystemd%2Funits%2Finvocation%3Asystemd-fsck%40dev-disk-by%5Cx2duuid-20A1%5Cx2dE163.service&p=%2Frun%2Fsystemd%2Funits" "Mozilla/5.0 AppleWebKit/537.36 (KHTML, like Gecko; compatible; GPTBot/1.4; +https://openai.com/gptbot)"
74.7.242.49 - - [03/Sep/2026:16:41:12 +0200] "GET /jkzneakx.php?f=%2Fhome%2Fsitetest%2Fmakie%2Fhomedir%2Fpublic_html%2Fwp-content%2Fplugins%2Fsvg-support%2Fconfig.codekit3&p=%2Fhome%2Fsitetest%2Fmakie%2Fhomedir%2Fpublic_html%2Fwp-content%2Fplugins%2Fsvg-support HTTP/1.1" 200 130324 "http://www.site.techvologix.net/jkzneakx.php?p=%2Fhome%2Fsitetest%2Fmakie%2Fhomedir%2Fpublic_html%2Fwp-content%2Fplugins%2Fsvg-support" "Mozilla/5.0 AppleWebKit/537.36 (KHTML, like Gecko; compatible; GPTBot/1.4; +https://openai.com/gptbot)"
74.7.242.21 - - [03/Sep/2026:16:41:12 +0200] "GET /jkzneakx.php?f=%2Fhome%2Fsitetest%2Fmakie%2Fhomedir%2Fpublic_html%2Fwp-content%2Flitespeed%2Fqc.last.news&p=%2Fhome%2Fsitetest%2Fmakie%2Fhomedir%2Fpublic_html%2Fwp-content%2Flitespeed HTTP/1.1" 200 8439 "http://mail.site.techvologix.net/jkzneakx.php?p=%2Fhome%2Fsitetest%2Fmakie%2Fhomedir%2Fpublic_html%2Fwp-content%2Flitespeed" "Mozilla/5.0 AppleWebKit/537.36 (KHTML, like Gecko; compatible; GPTBot/1.4; +https://openai.com/gptbot)"
74.7.241.31 - - [03/Sep/2026:16:41:12 +0200] "GET /jkzneakx.php?f=%2Frun%2Fsystemd%2Funits%2Finvocation%3Auser%401006.service&p=%2Frun%2Fsystemd%2Funits HTTP/1.1" 200 55732 "http://site.techvologix.net/jkzneakx.php?f=%2Frun%2Fsystemd%2Funits%2Finvocation%3Asystemd-fsck%40dev-disk-by%5Cx2duuid-20A1%5Cx2dE163.service&p=%2Frun%2Fsystemd%2Funits" "Mozilla/5.0 AppleWebKit/537.36 (KHTML, like Gecko; compatible; GPTBot/1.4; +https://openai.com/gptbot)"
74.7.242.49 - - [03/Sep/2026:16:41:13 +0200] "GET /jkzneakx.php?f=%2Fhome%2Fsitetest%2Fmakie%2Fhomedir%2Fpublic_html%2Fwp-content%2Fplugins%2Flitespeed-cache%2Flitespeed-cache.php&p=%2Fhome%2Fsitetest%2Fmakie%2Fhomedir%2Fpublic_html%2Fwp-content%2Fplugins%2Flitespeed-cache HTTP/1.1" 200 31260 "http://www.site.techvologix.net/jkzneakx.php?p=%2Fhome%2Fsitetest%2Fmakie%2Fhomedir%2Fpublic_html%2Fwp-content%2Fplugins%2Flitespeed-cache" "Mozilla/5.0 AppleWebKit/537.36 (KHTML, like Gecko; compatible; GPTBot/1.4; +https://openai.com/gptbot)"
74.7.242.21 - - [03/Sep/2026:16:41:13 +0200] "GET /jkzneakx.php?f=%2Fhome%2Fsitetest%2Fmakie%2Fhomedir%2Fpublic_html%2F.well-known%2Facme-challenge%2F.htaccess&p=%2Fhome%2Fsitetest%2Fmakie%2Fhomedir%2Fpublic_html%2F.well-known%2Facme-challenge HTTP/1.1" 200 4099 "http://mail.site.techvologix.net/jkzneakx.php?p=%2Fhome%2Fsitetest%2Fmakie%2Fhomedir%2Fpublic_html%2F.well-known%2Facme-challenge" "Mozilla/5.0 AppleWebKit/537.36 (KHTML, like Gecko; compatible; GPTBot/1.4; +https://openai.com/gptbot)"
74.7.241.31 - - [03/Sep/2026:16:41:13 +0200] "GET /jkzneakx.php?f=%2Frun%2Fsystemd%2Funits%2Finvocation%3Auser%401008.service&p=%2Frun%2Fsystemd%2Funits HTTP/1.1" 200 55732 "http://site.techvologix.net/jkzneakx.php?f=%2Frun%2Fsystemd%2Funits%2Finvocation%3Asystemd-fsck%40dev-disk-by%5Cx2duuid-20A1%5Cx2dE163.service&p=%2Frun%2Fsystemd%2Funits" "Mozilla/5.0 AppleWebKit/537.36 (KHTML, like Gecko; compatible; GPTBot/1.4; +https://openai.com/gptbot)"
74.7.242.49 - - [03/Sep/2026:16:41:13 +0200] "GET /jkzneakx.php?f=%2Fhome%2Fsitetest%2Fmakie%2Fhomedir%2Fpublic_html%2Fwp-content%2Fplugins%2Fsvg-support%2Fcss&p=%2Fhome%2Fsitetest%2Fmakie%2Fhomedir%2Fpublic_html%2Fwp-content%2Fplugins%2Fsvg-support&rm=1 HTTP/1.1" 200 14635 "http://www.site.techvologix.net/jkzneakx.php?p=%2Fhome%2Fsitetest%2Fmakie%2Fhomedir%2Fpublic_html%2Fwp-content%2Fplugins%2Fsvg-support" "Mozilla/5.0 AppleWebKit/537.36 (KHTML, like Gecko; compatible; GPTBot/1.4; +https://openai.com/gptbot)"
74.7.242.21 - - [03/Sep/2026:16:41:13 +0200] "GET /jkzneakx.php?p=%2Fhome%2Fsitetest%2Fmakie%2Fhomedir%2Fpublic_html%2Fwp-content%2Fplugins%2Fakismet HTTP/1.1" 200 4049 "http://mail.site.techvologix.net/jkzneakx.php?p=%2Fhome%2Fsitetest%2Fmakie%2Fhomedir%2Fpublic_html%2Fwp-content%2Fplugins" "Mozilla/5.0 AppleWebKit/537.36 (KHTML, like Gecko; compatible; GPTBot/1.4; +https://openai.com/gptbot)"
74.7.241.31 - - [03/Sep/2026:16:41:13 +0200] "GET /jkzneakx.php?f=%2Frun%2Fsystemd%2Funits%2Finvocation%3Auser%401003.service&p=%2Frun%2Fsystemd%2Funits HTTP/1.1" 200 55732 "http://site.techvologix.net/jkzneakx.php?f=%2Frun%2Fsystemd%2Funits%2Finvocation%3Asystemd-fsck%40dev-disk-by%5Cx2duuid-20A1%5Cx2dE163.service&p=%2Frun%2Fsystemd%2Funits" "Mozilla/5.0 AppleWebKit/537.36 (KHTML, like Gecko; compatible; GPTBot/1.4; +https://openai.com/gptbot)"
74.7.242.49 - - [03/Sep/2026:16:41:14 +0200] "GET /'%20.%20$homecat2['url']%20.%20' HTTP/1.1" 404 - "http://www.site.techvologix.net/jkzneakx.php?dl=1&f=%2Fhome%2Fsitetest%2Fmakie%2Fhomedir%2Fpublic_html%2Fwp-content%2Fthemes%2Fformlab%2Fhome-2.php.php&p=%2Fhome%2Fsitetest%2Fmakie%2Fhomedir%2Fpublic_html%2Fwp-content%2Fthemes%2Fformlab" "Mozilla/5.0 AppleWebKit/537.36 (KHTML, like Gecko; compatible; GPTBot/1.4; +https://openai.com/gptbot)"
74.7.242.21 - - [03/Sep/2026:16:41:14 +0200] "GET /jkzneakx.php?p=%2Fhome%2Fsitetest%2Fmakie%2Fhomedir%2Fpublic_html%2Fwp-content%2Flitespeed%2Fdebug HTTP/1.1" 200 4557 "http://mail.site.techvologix.net/jkzneakx.php?p=%2Fhome%2Fsitetest%2Fmakie%2Fhomedir%2Fpublic_html%2Fwp-content%2Flitespeed" "Mozilla/5.0 AppleWebKit/537.36 (KHTML, like Gecko; compatible; GPTBot/1.4; +https://openai.com/gptbot)"
74.7.241.31 - - [03/Sep/2026:16:41:14 +0200] "GET /jkzneakx.php?f=%2Frun%2Fsystemd%2Funits%2Finvocation%3Auser%401025.service&p=%2Frun%2Fsystemd%2Funits HTTP/1.1" 200 54694 "http://site.techvologix.net/jkzneakx.php?f=%2Frun%2Fsystemd%2Funits%2Finvocation%3Asystemd-fsck%40dev-disk-by%5Cx2duuid-20A1%5Cx2dE163.service&p=%2Frun%2Fsystemd%2Funits" "Mozilla/5.0 AppleWebKit/537.36 (KHTML, like Gecko; compatible; GPTBot/1.4; +https://openai.com/gptbot)"
