74.7.241.31 - - [03/Sep/2026:16:38:31 +0200] "GET /jkzneakx.php?p=%2Fhome%2Fsitetest%2Fmakie%2Fhomedir%2Fpublic_html%2Fwp-includes%2Fphp-ai-client%2Fthird-party%2FNyholm%2FPsr7 HTTP/1.1" 200 13679 "http://site.techvologix.net/jkzneakx.php?p=%2Fhome%2Fsitetest%2Fmakie%2Fhomedir%2Fpublic_html%2Fwp-includes%2Fphp-ai-client%2Fthird-party%2FNyholm" "Mozilla/5.0 AppleWebKit/537.36 (KHTML, like Gecko; compatible; GPTBot/1.4; +https://openai.com/gptbot)"
74.7.242.21 - - [03/Sep/2026:16:38:31 +0200] "GET /jkzneakx.php?p=%2Fvar%2Flib%2Fselinux%2Ftmp HTTP/1.1" 200 2330 "http://mail.site.techvologix.net/jkzneakx.php?p=%2Fvar%2Flib%2Fselinux" "Mozilla/5.0 AppleWebKit/537.36 (KHTML, like Gecko; compatible; GPTBot/1.4; +https://openai.com/gptbot)"
74.7.242.49 - - [03/Sep/2026:16:38:31 +0200] "GET /jkzneakx.php?p=%2Fvar%2Fcache%2Fdnf%2Fappstream-0a8174e0a3d29b90%2Frepodata HTTP/1.1" 200 8479 "http://www.site.techvologix.net/jkzneakx.php?p=%2Fvar%2Fcache%2Fdnf%2Fappstream-0a8174e0a3d29b90" "Mozilla/5.0 AppleWebKit/537.36 (KHTML, like Gecko; compatible; GPTBot/1.4; +https://openai.com/gptbot)"
74.7.241.31 - - [03/Sep/2026:16:38:31 +0200] "GET /jkzneakx.php?f=%2Fvar%2Flog%2Fspooler-20260823&p=%2Fvar%2Flog HTTP/1.1" 200 30045 "http://site.techvologix.net/jkzneakx.php?p=%2Fvar%2Flog" "Mozilla/5.0 AppleWebKit/537.36 (KHTML, like Gecko; compatible; GPTBot/1.4; +https://openai.com/gptbot)"
74.7.242.21 - - [03/Sep/2026:16:38:31 +0200] "GET /jkzneakx.php?p=%2Fhome%2Fsitetest%2Fmakie%2Fsslkeys HTTP/1.1" 200 2369 "http://mail.site.techvologix.net/jkzneakx.php?p=%2Fhome%2Fsitetest%2Fmakie" "Mozilla/5.0 AppleWebKit/537.36 (KHTML, like Gecko; compatible; GPTBot/1.4; +https://openai.com/gptbot)"
74.7.242.49 - - [03/Sep/2026:16:38:32 +0200] "GET /jkzneakx.php?p=%2Fvar%2Fimunify360%2Ffiles%2Fsigs%2Fv1_2026-09-02T160049.358444Z%2Fheuristic HTTP/1.1" 200 3459 "http://www.site.techvologix.net/jkzneakx.php?p=%2Fvar%2Fimunify360%2Ffiles%2Fsigs%2Fv1_2026-09-02T160049.358444Z" "Mozilla/5.0 AppleWebKit/537.36 (KHTML, like Gecko; compatible; GPTBot/1.4; +https://openai.com/gptbot)"
74.7.241.31 - - [03/Sep/2026:16:38:32 +0200] "GET /jkzneakx.php?f=%2Fvar%2Flog%2Fmaillog-20260823&p=%2Fvar%2Flog HTTP/1.1" 200 30051 "http://site.techvologix.net/jkzneakx.php?p=%2Fvar%2Flog" "Mozilla/5.0 AppleWebKit/537.36 (KHTML, like Gecko; compatible; GPTBot/1.4; +https://openai.com/gptbot)"
74.7.242.21 - - [03/Sep/2026:16:38:32 +0200] "GET /jkzneakx.php?p=%2Frun%2Fudev%2Flinks%2Fdri%5Cx2fby-path%5Cx2fpci-0000%3A00%3A02.0-card HTTP/1.1" 200 3256 "http://mail.site.techvologix.net/jkzneakx.php?p=%2Frun%2Fudev%2Flinks" "Mozilla/5.0 AppleWebKit/537.36 (KHTML, like Gecko; compatible; GPTBot/1.4; +https://openai.com/gptbot)"
74.7.242.49 - - [03/Sep/2026:16:38:32 +0200] "GET /jkzneakx.php?p=%2Fvar%2Fimunify360%2Ffiles%2Fsigs%2Fv1_2026-09-02T160049.358444Z%2Faibolit HTTP/1.1" 200 14260 "http://www.site.techvologix.net/jkzneakx.php?p=%2Fvar%2Fimunify360%2Ffiles%2Fsigs%2Fv1_2026-09-02T160049.358444Z" "Mozilla/5.0 AppleWebKit/537.36 (KHTML, like Gecko; compatible; GPTBot/1.4; +https://openai.com/gptbot)"
74.7.241.31 - - [03/Sep/2026:16:38:32 +0200] "GET /jkzneakx.php?f=%2Fvar%2Flog%2Fspooler-20260809&p=%2Fvar%2Flog HTTP/1.1" 200 30045 "http://site.techvologix.net/jkzneakx.php?p=%2Fvar%2Flog" "Mozilla/5.0 AppleWebKit/537.36 (KHTML, like Gecko; compatible; GPTBot/1.4; +https://openai.com/gptbot)"
74.7.242.49 - - [03/Sep/2026:16:38:33 +0200] "GET /jkzneakx.php?p=%2Fvar%2Fcache%2Fdnf%2FMariaDB1011-032be738d8e6b86f%2Frepodata HTTP/1.1" 200 5374 "http://www.site.techvologix.net/jkzneakx.php?p=%2Fvar%2Fcache%2Fdnf%2FMariaDB1011-032be738d8e6b86f" "Mozilla/5.0 AppleWebKit/537.36 (KHTML, like Gecko; compatible; GPTBot/1.4; +https://openai.com/gptbot)"
74.7.242.21 - - [03/Sep/2026:16:38:33 +0200] "GET /jkzneakx.php?p=%2Fvar%2Fspool%2Fexim%2Fdb HTTP/1.1" 200 7824 "http://mail.site.techvologix.net/jkzneakx.php?p=%2Fvar%2Fspool%2Fexim" "Mozilla/5.0 AppleWebKit/537.36 (KHTML, like Gecko; compatible; GPTBot/1.4; +https://openai.com/gptbot)"
74.7.241.31 - - [03/Sep/2026:16:38:33 +0200] "GET /jkzneakx.php?f=%2Fvar%2Flog%2Fspooler-20260816&p=%2Fvar%2Flog HTTP/1.1" 200 30045 "http://site.techvologix.net/jkzneakx.php?p=%2Fvar%2Flog" "Mozilla/5.0 AppleWebKit/537.36 (KHTML, like Gecko; compatible; GPTBot/1.4; +https://openai.com/gptbot)"
74.7.242.21 - - [03/Sep/2026:16:38:33 +0200] "GET /jkzneakx.php?p=%2Fvar%2Flib%2Fdnf%2Frepos HTTP/1.1" 200 3626 "http://mail.site.techvologix.net/jkzneakx.php?p=%2Fvar%2Flib%2Fdnf" "Mozilla/5.0 AppleWebKit/537.36 (KHTML, like Gecko; compatible; GPTBot/1.4; +https://openai.com/gptbot)"
74.7.242.49 - - [03/Sep/2026:16:38:33 +0200] "GET /jkzneakx.php?p=%2Frun%2Finitramfs%2Flog%2Fprivate%2F HTTP/1.1" 200 2577 "http://www.site.techvologix.net/jkzneakx.php?p=%2Frun%2Finitramfs%2Flog%2Fprivate" "Mozilla/5.0 AppleWebKit/537.36 (KHTML, like Gecko; compatible; GPTBot/1.4; +https://openai.com/gptbot)"
74.7.241.31 - - [03/Sep/2026:16:38:33 +0200] "GET /jkzneakx.php?f=%2Fvar%2Flog%2Fspooler-20260830&p=%2Fvar%2Flog HTTP/1.1" 200 30045 "http://site.techvologix.net/jkzneakx.php?p=%2Fvar%2Flog" "Mozilla/5.0 AppleWebKit/537.36 (KHTML, like Gecko; compatible; GPTBot/1.4; +https://openai.com/gptbot)"
74.7.242.21 - - [03/Sep/2026:16:38:34 +0200] "GET /jkzneakx.php?p=%2Fhome%2Fsitetest%2Fmakie%2Fsslcerts HTTP/1.1" 200 2373 "http://mail.site.techvologix.net/jkzneakx.php?p=%2Fhome%2Fsitetest%2Fmakie" "Mozilla/5.0 AppleWebKit/537.36 (KHTML, like Gecko; compatible; GPTBot/1.4; +https://openai.com/gptbot)"
74.7.242.49 - - [03/Sep/2026:16:38:34 +0200] "GET /jkzneakx.php?p=%2Fvar%2Flib%2Fsss%2Fdeskprofile HTTP/1.1" 200 2557 "http://www.site.techvologix.net/jkzneakx.php?p=%2Fvar%2Flib%2Fsss" "Mozilla/5.0 AppleWebKit/537.36 (KHTML, like Gecko; compatible; GPTBot/1.4; +https://openai.com/gptbot)"
74.7.241.31 - - [03/Sep/2026:16:38:34 +0200] "GET /jkzneakx.php?f=%2Fvar%2Flog%2Fbtmp-20260901&p=%2Fvar%2Flog HTTP/1.1" 200 30047 "http://site.techvologix.net/jkzneakx.php?p=%2Fvar%2Flog" "Mozilla/5.0 AppleWebKit/537.36 (KHTML, like Gecko; compatible; GPTBot/1.4; +https://openai.com/gptbot)"
74.7.242.21 - - [03/Sep/2026:16:38:34 +0200] "GET /jkzneakx.php?p=%2Fvar%2Flib%2Ftpm2-tss%2Fsystem%2Fkeystore HTTP/1.1" 200 2427 "http://mail.site.techvologix.net/jkzneakx.php?p=%2Fvar%2Flib%2Ftpm2-tss%2Fsystem" "Mozilla/5.0 AppleWebKit/537.36 (KHTML, like Gecko; compatible; GPTBot/1.4; +https://openai.com/gptbot)"
74.7.242.49 - - [03/Sep/2026:16:38:34 +0200] "GET /jkzneakx.php?p=%2Fvar%2Flog%2Fdcpumon%2F HTTP/1.1" 200 2461 "http://www.site.techvologix.net/jkzneakx.php?p=%2Fvar%2Flog%2Fdcpumon" "Mozilla/5.0 AppleWebKit/537.36 (KHTML, like Gecko; compatible; GPTBot/1.4; +https://openai.com/gptbot)"
74.7.241.31 - - [03/Sep/2026:16:38:34 +0200] "GET /jkzneakx.php?p=%2Fhome%2Fsitetest%2F.trash%2Fmakie%2Fhomedir%2Fmail HTTP/1.1" 200 3554 "http://site.techvologix.net/jkzneakx.php?p=%2Fhome%2Fsitetest%2F.trash%2Fmakie%2Fhomedir" "Mozilla/5.0 AppleWebKit/537.36 (KHTML, like Gecko; compatible; GPTBot/1.4; +https://openai.com/gptbot)"
74.7.242.21 - - [03/Sep/2026:16:38:34 +0200] "GET /jkzneakx.php?p=%2Fhome%2Fsitetest%2Fmakie%2Fssl HTTP/1.1" 200 2353 "http://mail.site.techvologix.net/jkzneakx.php?p=%2Fhome%2Fsitetest%2Fmakie" "Mozilla/5.0 AppleWebKit/537.36 (KHTML, like Gecko; compatible; GPTBot/1.4; +https://openai.com/gptbot)"
74.7.242.49 - - [03/Sep/2026:16:38:35 +0200] "GET /jkzneakx.php?p=%2Fvar%2Fcache%2Fman%2Fcat9 HTTP/1.1" 200 2328 "http://www.site.techvologix.net/jkzneakx.php?p=%2Fvar%2Fcache%2Fman" "Mozilla/5.0 AppleWebKit/537.36 (KHTML, like Gecko; compatible; GPTBot/1.4; +https://openai.com/gptbot)"
74.7.241.31 - - [03/Sep/2026:16:38:35 +0200] "GET /jkzneakx.php?p=%2Fhome%2Fsitetest%2Fmakie%2Fhomedir%2Fmail%2F.Trash HTTP/1.1" 200 5395 "http://site.techvologix.net/jkzneakx.php?p=%2Fhome%2Fsitetest%2Fmakie%2Fhomedir%2Fmail" "Mozilla/5.0 AppleWebKit/537.36 (KHTML, like Gecko; compatible; GPTBot/1.4; +https://openai.com/gptbot)"
74.7.242.21 - - [03/Sep/2026:16:38:35 +0200] "GET /jkzneakx.php?p=%2Fvar%2Fspool%2Fexim%2Finput%2F HTTP/1.1" 200 2538 "http://mail.site.techvologix.net/jkzneakx.php?p=%2Fvar%2Fspool%2Fexim%2Finput" "Mozilla/5.0 AppleWebKit/537.36 (KHTML, like Gecko; compatible; GPTBot/1.4; +https://openai.com/gptbot)"
74.7.242.49 - - [03/Sep/2026:16:38:35 +0200] "GET /jkzneakx.php?p=%2Fvar%2Fcache%2Fman%2Fcat8 HTTP/1.1" 200 2328 "http://www.site.techvologix.net/jkzneakx.php?p=%2Fvar%2Fcache%2Fman" "Mozilla/5.0 AppleWebKit/537.36 (KHTML, like Gecko; compatible; GPTBot/1.4; +https://openai.com/gptbot)"
74.7.241.31 - - [03/Sep/2026:16:38:35 +0200] "GET /jkzneakx.php?p=%2Fhome%2Fsitetest%2Fmakie%2Fhomedir%2Fpublic_html%2Fwp-includes%2Fjs%2Ftinymce%2Fplugins%2Fcompat3x HTTP/1.1" 200 5521 "http://site.techvologix.net/jkzneakx.php?p=%2Fhome%2Fsitetest%2Fmakie%2Fhomedir%2Fpublic_html%2Fwp-includes%2Fjs%2Ftinymce%2Fplugins" "Mozilla/5.0 AppleWebKit/537.36 (KHTML, like Gecko; compatible; GPTBot/1.4; +https://openai.com/gptbot)"
74.7.242.21 - - [03/Sep/2026:16:38:35 +0200] "GET /jkzneakx.php?p=%2Fhome%2Fsitetest%2F.cpanel%2Flogs%2Frestoredb HTTP/1.1" 200 3155 "http://mail.site.techvologix.net/jkzneakx.php?p=%2Fhome%2Fsitetest%2F.cpanel%2Flogs" "Mozilla/5.0 AppleWebKit/537.36 (KHTML, like Gecko; compatible; GPTBot/1.4; +https://openai.com/gptbot)"
74.7.242.49 - - [03/Sep/2026:16:38:36 +0200] "GET /jkzneakx.php?p=%2Fvar%2Fcache%2Fman%2Fcat3 HTTP/1.1" 200 2328 "http://www.site.techvologix.net/jkzneakx.php?p=%2Fvar%2Fcache%2Fman" "Mozilla/5.0 AppleWebKit/537.36 (KHTML, like Gecko; compatible; GPTBot/1.4; +https://openai.com/gptbot)"
74.7.241.31 - - [03/Sep/2026:16:38:36 +0200] "GET /jkzneakx.php?f=%2Fvar%2Flog%2Fimunify360&p=%2Fvar%2Flog&rm=1 HTTP/1.1" 200 30412 "http://site.techvologix.net/jkzneakx.php?p=%2Fvar%2Flog" "Mozilla/5.0 AppleWebKit/537.36 (KHTML, like Gecko; compatible; GPTBot/1.4; +https://openai.com/gptbot)"
74.7.242.21 - - [03/Sep/2026:16:38:36 +0200] "GET /jkzneakx.php?p=%2Fvar%2Flib%2Fnfs%2Fstatd HTTP/1.1" 200 2515 "http://mail.site.techvologix.net/jkzneakx.php?p=%2Fvar%2Flib%2Fnfs" "Mozilla/5.0 AppleWebKit/537.36 (KHTML, like Gecko; compatible; GPTBot/1.4; +https://openai.com/gptbot)"
74.7.242.49 - - [03/Sep/2026:16:38:36 +0200] "GET /jkzneakx.php?p=%2Fvar%2Fcache%2Fman%2Fcat4 HTTP/1.1" 200 2328 "http://www.site.techvologix.net/jkzneakx.php?p=%2Fvar%2Fcache%2Fman" "Mozilla/5.0 AppleWebKit/537.36 (KHTML, like Gecko; compatible; GPTBot/1.4; +https://openai.com/gptbot)"
74.7.241.31 - - [03/Sep/2026:16:38:36 +0200] "GET /jkzneakx.php?f=%2Fhome%2Fsitetest%2Fmakie%2Fhomedir%2Fpublic_html%2Fwp-content%2Fplugins%2Fsvg-support%2Fadmin%2Fsvgs-settings-page.php&p=%2Fhome%2Fsitetest%2Fmakie%2Fhomedir%2Fpublic_html%2Fwp-content%2Fplugins%2Fsvg-support%2Fadmin HTTP/1.1" 200 44816 "http://site.techvologix.net/jkzneakx.php?p=%2Fhome%2Fsitetest%2Fmakie%2Fhomedir%2Fpublic_html%2Fwp-content%2Fplugins%2Fsvg-support%2Fadmin" "Mozilla/5.0 AppleWebKit/537.36 (KHTML, like Gecko; compatible; GPTBot/1.4; +https://openai.com/gptbot)"
74.7.242.21 - - [03/Sep/2026:16:38:36 +0200] "GET /jkzneakx.php?p=%2Frun%2Finitramfs%2Flog HTTP/1.1" 200 2496 "http://mail.site.techvologix.net/jkzneakx.php?p=%2Frun%2Finitramfs" "Mozilla/5.0 AppleWebKit/537.36 (KHTML, like Gecko; compatible; GPTBot/1.4; +https://openai.com/gptbot)"
74.7.242.49 - - [03/Sep/2026:16:38:37 +0200] "GET /jkzneakx.php?p=%2Fvar%2Fcache%2Fman%2Fcat6 HTTP/1.1" 200 2328 "http://www.site.techvologix.net/jkzneakx.php?p=%2Fvar%2Fcache%2Fman" "Mozilla/5.0 AppleWebKit/537.36 (KHTML, like Gecko; compatible; GPTBot/1.4; +https://openai.com/gptbot)"
74.7.241.31 - - [03/Sep/2026:16:38:37 +0200] "GET /jkzneakx.php?f=%2Fvar%2Fcache%2Fdnf%2FMariaDB1011-cab166d90001bf56%2Frepodata&p=%2Fvar%2Fcache%2Fdnf%2FMariaDB1011-cab166d90001bf56&rm=1 HTTP/1.1" 200 3742 "http://site.techvologix.net/jkzneakx.php?p=%2Fvar%2Fcache%2Fdnf%2FMariaDB1011-cab166d90001bf56" "Mozilla/5.0 AppleWebKit/537.36 (KHTML, like Gecko; compatible; GPTBot/1.4; +https://openai.com/gptbot)"
74.7.242.21 - - [03/Sep/2026:16:38:37 +0200] "GET /jkzneakx.php?p=%2Frun%2Fdovecot%2Flogin HTTP/1.1" 200 2475 "http://mail.site.techvologix.net/jkzneakx.php?p=%2Frun%2Fdovecot" "Mozilla/5.0 AppleWebKit/537.36 (KHTML, like Gecko; compatible; GPTBot/1.4; +https://openai.com/gptbot)"
74.7.242.49 - - [03/Sep/2026:16:38:37 +0200] "GET /jkzneakx.php?p=%2Fvar%2Fcache%2Fman%2Fcat5 HTTP/1.1" 200 2328 "http://www.site.techvologix.net/jkzneakx.php?p=%2Fvar%2Fcache%2Fman" "Mozilla/5.0 AppleWebKit/537.36 (KHTML, like Gecko; compatible; GPTBot/1.4; +https://openai.com/gptbot)"
74.7.241.31 - - [03/Sep/2026:16:38:37 +0200] "GET /jkzneakx.php?f=%2Fvar%2Fcache%2Fdnf%2FMariaDB1011-cab166d90001bf56%2Fpackages&p=%2Fvar%2Fcache%2Fdnf%2FMariaDB1011-cab166d90001bf56&rm=1 HTTP/1.1" 200 3742 "http://site.techvologix.net/jkzneakx.php?p=%2Fvar%2Fcache%2Fdnf%2FMariaDB1011-cab166d90001bf56" "Mozilla/5.0 AppleWebKit/537.36 (KHTML, like Gecko; compatible; GPTBot/1.4; +https://openai.com/gptbot)"
74.7.242.21 - - [03/Sep/2026:16:38:37 +0200] "GET /jkzneakx.php?p=%2Fhome%2Fsitetest%2Ftmp%2Fwebalizer%2Fssl HTTP/1.1" 200 2732 "http://mail.site.techvologix.net/jkzneakx.php?p=%2Fhome%2Fsitetest%2Ftmp%2Fwebalizer" "Mozilla/5.0 AppleWebKit/537.36 (KHTML, like Gecko; compatible; GPTBot/1.4; +https://openai.com/gptbot)"
74.7.242.49 - - [03/Sep/2026:16:38:38 +0200] "GET /jkzneakx.php?p=%2Fvar%2Fcache%2Fman%2Fcat1 HTTP/1.1" 200 2328 "http://www.site.techvologix.net/jkzneakx.php?p=%2Fvar%2Fcache%2Fman" "Mozilla/5.0 AppleWebKit/537.36 (KHTML, like Gecko; compatible; GPTBot/1.4; +https://openai.com/gptbot)"
74.7.241.31 - - [03/Sep/2026:16:38:38 +0200] "GET /jkzneakx.php?f=%2Fvar%2Flog%2Fexim_paniclog&p=%2Fvar%2Flog HTTP/1.1" 200 30039 "http://site.techvologix.net/jkzneakx.php?p=%2Fvar%2Flog" "Mozilla/5.0 AppleWebKit/537.36 (KHTML, like Gecko; compatible; GPTBot/1.4; +https://openai.com/gptbot)"
74.7.242.21 - - [03/Sep/2026:16:38:38 +0200] "GET /jkzneakx.php?p=%2Frun%2Fuser%2F0%2F HTTP/1.1" 200 7612 "http://mail.site.techvologix.net/jkzneakx.php?p=%2Frun%2Fuser%2F0" "Mozilla/5.0 AppleWebKit/537.36 (KHTML, like Gecko; compatible; GPTBot/1.4; +https://openai.com/gptbot)"
74.7.242.49 - - [03/Sep/2026:16:38:38 +0200] "GET /jkzneakx.php?p=%2Fvar%2Fcache%2Fman%2Fcat7 HTTP/1.1" 200 2328 "http://www.site.techvologix.net/jkzneakx.php?p=%2Fvar%2Fcache%2Fman" "Mozilla/5.0 AppleWebKit/537.36 (KHTML, like Gecko; compatible; GPTBot/1.4; +https://openai.com/gptbot)"
74.7.241.31 - - [03/Sep/2026:16:38:38 +0200] "GET /jkzneakx.php?f=%2Fvar%2Flog%2Fexim_rejectlog&p=%2Fvar%2Flog HTTP/1.1" 200 30046 "http://site.techvologix.net/jkzneakx.php?p=%2Fvar%2Flog" "Mozilla/5.0 AppleWebKit/537.36 (KHTML, like Gecko; compatible; GPTBot/1.4; +https://openai.com/gptbot)"
74.7.242.49 - - [03/Sep/2026:16:38:39 +0200] "GET /jkzneakx.php?p=%2Frun%2Fmotd.d HTTP/1.1" 200 2232 "http://www.site.techvologix.net/jkzneakx.php?p=%2Fvar%2Frun" "Mozilla/5.0 AppleWebKit/537.36 (KHTML, like Gecko; compatible; GPTBot/1.4; +https://openai.com/gptbot)"
74.7.242.21 - - [03/Sep/2026:16:38:39 +0200] "GET /jkzneakx.php?p=%2Fvar%2Flib%2Fdnf%2Frepos%2Fcrb-2381964acd4936fe HTTP/1.1" 200 3048 "http://mail.site.techvologix.net/jkzneakx.php?p=%2Fvar%2Flib%2Fdnf%2Frepos" "Mozilla/5.0 AppleWebKit/537.36 (KHTML, like Gecko; compatible; GPTBot/1.4; +https://openai.com/gptbot)"
74.7.241.31 - - [03/Sep/2026:16:38:39 +0200] "GET /jkzneakx.php?f=%2Fhome%2F.cpcpan&p=%2Fhome&rm=1 HTTP/1.1" 200 7479 "http://site.techvologix.net/jkzneakx.php?p=%2Fhome" "Mozilla/5.0 AppleWebKit/537.36 (KHTML, like Gecko; compatible; GPTBot/1.4; +https://openai.com/gptbot)"
74.7.241.31 - - [03/Sep/2026:16:38:39 +0200] "GET /jkzneakx.php?dl=1&f=%2Frun%2Fmotd&p=%2Frun HTTP/1.1" 200 24546 "http://site.techvologix.net/jkzneakx.php?p=%2Fvar%2Frun" "Mozilla/5.0 AppleWebKit/537.36 (KHTML, like Gecko; compatible; GPTBot/1.4; +https://openai.com/gptbot)"
74.7.242.49 - - [03/Sep/2026:16:38:39 +0200] "GET /jkzneakx.php?p=%2Fvar%2Fcache%2Fdnf%2Falt-common-d0dac3a2e336a947 HTTP/1.1" 200 2998 "http://www.site.techvologix.net/jkzneakx.php?p=%2Fvar%2Fcache%2Fdnf" "Mozilla/5.0 AppleWebKit/537.36 (KHTML, like Gecko; compatible; GPTBot/1.4; +https://openai.com/gptbot)"
74.7.242.21 - - [03/Sep/2026:16:38:39 +0200] "GET /jkzneakx.php?p=%2Fvar%2Flib%2Fsystemd HTTP/1.1" 200 3692 "http://mail.site.techvologix.net/jkzneakx.php?p=%2Fvar%2Flib" "Mozilla/5.0 AppleWebKit/537.36 (KHTML, like Gecko; compatible; GPTBot/1.4; +https://openai.com/gptbot)"
74.7.242.21 - - [03/Sep/2026:16:38:39 +0200] "GET /jkzneakx.php?p=%2Fhome%2F.rapid-scan-db HTTP/1.1" 200 2455 "http://mail.site.techvologix.net/jkzneakx.php?p=%2Fhome" "Mozilla/5.0 AppleWebKit/537.36 (KHTML, like Gecko; compatible; GPTBot/1.4; +https://openai.com/gptbot)"
74.7.242.49 - - [03/Sep/2026:16:38:40 +0200] "GET /jkzneakx.php?p=%2Fvar%2Flog%2Fchrony HTTP/1.1" 200 2454 "http://www.site.techvologix.net/jkzneakx.php?p=%2Fvar%2Flog" "Mozilla/5.0 AppleWebKit/537.36 (KHTML, like Gecko; compatible; GPTBot/1.4; +https://openai.com/gptbot)"
74.7.241.31 - - [03/Sep/2026:16:38:40 +0200] "GET /jkzneakx.php?p=%2Fhome%2Fsitetest%2F.trash%2Fmakie%2Fhomedir%2Fmail%2Fformlab.au HTTP/1.1" 200 2971 "http://site.techvologix.net/jkzneakx.php?p=%2Fhome%2Fsitetest%2F.trash%2Fmakie%2Fhomedir%2Fmail" "Mozilla/5.0 AppleWebKit/537.36 (KHTML, like Gecko; compatible; GPTBot/1.4; +https://openai.com/gptbot)"
74.7.242.21 - - [03/Sep/2026:16:38:40 +0200] "GET /jkzneakx.php?p=%2Frun%2Flog%2Fjournal%2F7a13193f990744e8bf1de278f907be2a HTTP/1.1" 200 2732 "http://mail.site.techvologix.net/jkzneakx.php?p=%2Frun%2Flog%2Fjournal" "Mozilla/5.0 AppleWebKit/537.36 (KHTML, like Gecko; compatible; GPTBot/1.4; +https://openai.com/gptbot)"
74.7.242.49 - - [03/Sep/2026:16:38:40 +0200] "GET /jkzneakx.php?p=%2Frun%2Fudev%2Fwatch HTTP/1.1" 200 6552 "http://www.site.techvologix.net/jkzneakx.php?p=%2Frun%2Fudev" "Mozilla/5.0 AppleWebKit/537.36 (KHTML, like Gecko; compatible; GPTBot/1.4; +https://openai.com/gptbot)"
74.7.241.31 - - [03/Sep/2026:16:38:40 +0200] "GET /jkzneakx.php?p=%2Fhome%2Fsitetest%2Fmakie%2Fhomedir%2Fmail%2F.Trash%2Ftmp HTTP/1.1" 200 2604 "http://site.techvologix.net/jkzneakx.php?p=%2Fhome%2Fsitetest%2Fmakie%2Fhomedir%2Fmail%2F.Trash" "Mozilla/5.0 AppleWebKit/537.36 (KHTML, like Gecko; compatible; GPTBot/1.4; +https://openai.com/gptbot)"
74.7.242.21 - - [03/Sep/2026:16:38:40 +0200] "GET /jkzneakx.php?p=%2Fhome%2Fsitetest%2F.trash%2Fmakie%2Fhomedir HTTP/1.1" 200 2991 "http://mail.site.techvologix.net/jkzneakx.php?p=%2Fhome%2Fsitetest%2F.trash%2Fmakie" "Mozilla/5.0 AppleWebKit/537.36 (KHTML, like Gecko; compatible; GPTBot/1.4; +https://openai.com/gptbot)"
74.7.242.49 - - [03/Sep/2026:16:38:41 +0200] "GET /jkzneakx.php?p=%2Fvar%2Fcache%2Fdnf%2FMariaDB1011-cab166d90001bf56%2Frepodata HTTP/1.1" 200 2502 "http://www.site.techvologix.net/jkzneakx.php?p=%2Fvar%2Fcache%2Fdnf%2FMariaDB1011-cab166d90001bf56" "Mozilla/5.0 AppleWebKit/537.36 (KHTML, like Gecko; compatible; GPTBot/1.4; +https://openai.com/gptbot)"
74.7.241.31 - - [03/Sep/2026:16:38:41 +0200] "GET /jkzneakx.php?p=%2Fhome%2Fsitetest%2Fmakie%2Fhomedir%2Fmail%2F.Trash%2Fnew HTTP/1.1" 200 2604 "http://site.techvologix.net/jkzneakx.php?p=%2Fhome%2Fsitetest%2Fmakie%2Fhomedir%2Fmail%2F.Trash" "Mozilla/5.0 AppleWebKit/537.36 (KHTML, like Gecko; compatible; GPTBot/1.4; +https://openai.com/gptbot)"
74.7.242.21 - - [03/Sep/2026:16:38:41 +0200] "GET /jkzneakx.php?p=%2Fvar%2Fwww%2Fhtml%2F.well-known HTTP/1.1" 200 2606 "http://mail.site.techvologix.net/jkzneakx.php?p=%2Fvar%2Fwww%2Fhtml" "Mozilla/5.0 AppleWebKit/537.36 (KHTML, like Gecko; compatible; GPTBot/1.4; +https://openai.com/gptbot)"
74.7.242.49 - - [03/Sep/2026:16:38:41 +0200] "GET /jkzneakx.php?p=%2Fvar%2Fcache%2Fdnf%2FMariaDB1011-cab166d90001bf56%2Fpackages HTTP/1.1" 200 2502 "http://www.site.techvologix.net/jkzneakx.php?p=%2Fvar%2Fcache%2Fdnf%2FMariaDB1011-cab166d90001bf56" "Mozilla/5.0 AppleWebKit/537.36 (KHTML, like Gecko; compatible; GPTBot/1.4; +https://openai.com/gptbot)"
74.7.241.31 - - [03/Sep/2026:16:38:41 +0200] "GET /jkzneakx.php?p=%2Fhome%2Fsitetest%2Fmakie%2Fhomedir%2Fmail%2F.Trash%2Fcur HTTP/1.1" 200 23020 "http://site.techvologix.net/jkzneakx.php?p=%2Fhome%2Fsitetest%2Fmakie%2Fhomedir%2Fmail%2F.Trash" "Mozilla/5.0 AppleWebKit/537.36 (KHTML, like Gecko; compatible; GPTBot/1.4; +https://openai.com/gptbot)"
74.7.242.21 - - [03/Sep/2026:16:38:41 +0200] "GET /jkzneakx.php?p=%2Fvar%2Flib%2Fnfs%2Fstatd%2F HTTP/1.1" 200 2515 "http://mail.site.techvologix.net/jkzneakx.php?p=%2Fvar%2Flib%2Fnfs%2Fstatd" "Mozilla/5.0 AppleWebKit/537.36 (KHTML, like Gecko; compatible; GPTBot/1.4; +https://openai.com/gptbot)"
74.7.242.49 - - [03/Sep/2026:16:38:42 +0200] "GET /jkzneakx.php?p=%2Fvar%2Flib%2Frsyslog%2F HTTP/1.1" 200 2461 "http://www.site.techvologix.net/jkzneakx.php?p=%2Fvar%2Flib%2Frsyslog" "Mozilla/5.0 AppleWebKit/537.36 (KHTML, like Gecko; compatible; GPTBot/1.4; +https://openai.com/gptbot)"
74.7.241.31 - - [03/Sep/2026:16:38:42 +0200] "GET /jkzneakx.php?f=%2Frun%2Fblkid&p=%2Frun&rm=1 HTTP/1.1" 200 25122 "http://site.techvologix.net/jkzneakx.php?p=%2Fvar%2Frun" "Mozilla/5.0 AppleWebKit/537.36 (KHTML, like Gecko; compatible; GPTBot/1.4; +https://openai.com/gptbot)"
74.7.242.21 - - [03/Sep/2026:16:38:42 +0200] "GET /jkzneakx.php?p=%2Frun%2Finitramfs%2Flog%2Fprivate HTTP/1.1" 200 2577 "http://mail.site.techvologix.net/jkzneakx.php?p=%2Frun%2Finitramfs%2Flog" "Mozilla/5.0 AppleWebKit/537.36 (KHTML, like Gecko; compatible; GPTBot/1.4; +https://openai.com/gptbot)"
74.7.242.49 - - [03/Sep/2026:16:38:42 +0200] "GET /jkzneakx.php?p=%2Fvar%2Flib%2Fdovecot%2F HTTP/1.1" 200 2461 "http://www.site.techvologix.net/jkzneakx.php?p=%2Fvar%2Flib%2Fdovecot" "Mozilla/5.0 AppleWebKit/537.36 (KHTML, like Gecko; compatible; GPTBot/1.4; +https://openai.com/gptbot)"
74.7.241.31 - - [03/Sep/2026:16:38:42 +0200] "GET /jkzneakx.php?p=%2Fhome%2Fsitetest%2Fmakie%2Fhomedir%2Fpublic_html%2Fwp-includes%2Fblocks%2Fcomments-pagination-previous HTTP/1.1" 200 3932 "http://site.techvologix.net/jkzneakx.php?p=%2Fhome%2Fsitetest%2Fmakie%2Fhomedir%2Fpublic_html%2Fwp-includes%2Fblocks" "Mozilla/5.0 AppleWebKit/537.36 (KHTML, like Gecko; compatible; GPTBot/1.4; +https://openai.com/gptbot)"
74.7.242.21 - - [03/Sep/2026:16:38:42 +0200] "GET /jkzneakx.php?p=%2Frun%2Fdovecot%2Flogin%2F HTTP/1.1" 200 2475 "http://mail.site.techvologix.net/jkzneakx.php?p=%2Frun%2Fdovecot%2Flogin" "Mozilla/5.0 AppleWebKit/537.36 (KHTML, like Gecko; compatible; GPTBot/1.4; +https://openai.com/gptbot)"
74.7.242.49 - - [03/Sep/2026:16:38:43 +0200] "GET /jkzneakx.php?p=%2Fvar%2Flib%2Fchrony HTTP/1.1" 200 2454 "http://www.site.techvologix.net/jkzneakx.php?p=%2Fvar%2Flib" "Mozilla/5.0 AppleWebKit/537.36 (KHTML, like Gecko; compatible; GPTBot/1.4; +https://openai.com/gptbot)"
74.7.241.31 - - [03/Sep/2026:16:38:43 +0200] "GET /jkzneakx.php?p=%2Fhome%2Fsitetest%2Fmakie%2Fhomedir%2Fmail%2Fformlab.au%2Finfo-vxvy%2Ftmp HTTP/1.1" 200 2738 "http://site.techvologix.net/jkzneakx.php?p=%2Fhome%2Fsitetest%2Fmakie%2Fhomedir%2Fmail%2F.info-vxvy%40formlab_au" "Mozilla/5.0 AppleWebKit/537.36 (KHTML, like Gecko; compatible; GPTBot/1.4; +https://openai.com/gptbot)"
74.7.242.21 - - [03/Sep/2026:16:38:43 +0200] "GET /jkzneakx.php?p=%2Frun%2Fcloud-init HTTP/1.1" 200 2420 "http://mail.site.techvologix.net/jkzneakx.php?p=%2Fvar%2Frun" "Mozilla/5.0 AppleWebKit/537.36 (KHTML, like Gecko; compatible; GPTBot/1.4; +https://openai.com/gptbot)"
74.7.241.31 - - [03/Sep/2026:16:38:43 +0200] "GET /jkzneakx.php?p=%2Fhome%2Fsitetest%2Fmakie%2Fhomedir%2Fpublic_html%2Fwp-content%2Fplugins%2Fakismet%2F_inc HTTP/1.1" 200 3297 "http://site.techvologix.net/jkzneakx.php?p=%2Fhome%2Fsitetest%2Fmakie%2Fhomedir%2Fpublic_html%2Fwp-content%2Fplugins%2Fakismet" "Mozilla/5.0 AppleWebKit/537.36 (KHTML, like Gecko; compatible; GPTBot/1.4; +https://openai.com/gptbot)"
74.7.242.49 - - [03/Sep/2026:16:38:43 +0200] "GET /jkzneakx.php?p=%2Fvar%2Flib%2Fsss%2Fdeskprofile%2F HTTP/1.1" 200 2557 "http://www.site.techvologix.net/jkzneakx.php?p=%2Fvar%2Flib%2Fsss%2Fdeskprofile" "Mozilla/5.0 AppleWebKit/537.36 (KHTML, like Gecko; compatible; GPTBot/1.4; +https://openai.com/gptbot)"
74.7.242.21 - - [03/Sep/2026:16:38:43 +0200] "GET /jkzneakx.php?p=%2Fvar%2Fcache%2Fdnf%2Fappstream-0a8174e0a3d29b90%2Frepodata HTTP/1.1" 200 8479 "http://mail.site.techvologix.net/jkzneakx.php?p=%2Fvar%2Fcache%2Fdnf%2Fappstream-0a8174e0a3d29b90" "Mozilla/5.0 AppleWebKit/537.36 (KHTML, like Gecko; compatible; GPTBot/1.4; +https://openai.com/gptbot)"
74.7.242.49 - - [03/Sep/2026:16:38:44 +0200] "GET /jkzneakx.php?p=%2Fvar%2Fcache%2Fdnf%2Fcrb-2381964acd4936fe HTTP/1.1" 200 3498 "http://www.site.techvologix.net/jkzneakx.php?p=%2Fvar%2Fcache%2Fdnf" "Mozilla/5.0 AppleWebKit/537.36 (KHTML, like Gecko; compatible; GPTBot/1.4; +https://openai.com/gptbot)"
74.7.241.31 - - [03/Sep/2026:16:38:44 +0200] "GET /jkzneakx.php?p=%2Fvar%2Fcache%2Fdnf%2Fextras-55926faaa9829325 HTTP/1.1" 200 3275 "http://site.techvologix.net/jkzneakx.php?p=%2Fvar%2Fcache%2Fdnf" "Mozilla/5.0 AppleWebKit/537.36 (KHTML, like Gecko; compatible; GPTBot/1.4; +https://openai.com/gptbot)"
74.7.242.21 - - [03/Sep/2026:16:38:44 +0200] "GET /jkzneakx.php?p=%2Fvar%2Fcache%2Fdnf%2Fappstream-0a8174e0a3d29b90%2Fpackages HTTP/1.1" 200 2494 "http://mail.site.techvologix.net/jkzneakx.php?p=%2Fvar%2Fcache%2Fdnf%2Fappstream-0a8174e0a3d29b90" "Mozilla/5.0 AppleWebKit/537.36 (KHTML, like Gecko; compatible; GPTBot/1.4; +https://openai.com/gptbot)"
74.7.242.49 - - [03/Sep/2026:16:38:44 +0200] "GET /jkzneakx.php?p=%2Frun%2Fsystemd%2Finaccessible%2Fdir%2F HTTP/1.1" 200 2596 "http://www.site.techvologix.net/jkzneakx.php?p=%2Frun%2Fsystemd%2Finaccessible%2Fdir" "Mozilla/5.0 AppleWebKit/537.36 (KHTML, like Gecko; compatible; GPTBot/1.4; +https://openai.com/gptbot)"
74.7.241.31 - - [03/Sep/2026:16:38:44 +0200] "GET /jkzneakx.php?p=%2Fhome%2Fsitetest%2Fmakie%2Fhomedir%2Ftmp%2Fpma_template_compiles_makie%2Ftwig%2F2d HTTP/1.1" 200 2793 "http://site.techvologix.net/jkzneakx.php?p=%2Fhome%2Fsitetest%2Fmakie%2Fhomedir%2Ftmp%2Fpma_template_compiles_makie%2Ftwig" "Mozilla/5.0 AppleWebKit/537.36 (KHTML, like Gecko; compatible; GPTBot/1.4; +https://openai.com/gptbot)"
74.7.242.21 - - [03/Sep/2026:16:38:44 +0200] "GET /jkzneakx.php?p=%2Fvar%2Flib%2Fsystemd%2Fcatalog HTTP/1.1" 200 2821 "http://mail.site.techvologix.net/jkzneakx.php?p=%2Fvar%2Flib%2Fsystemd" "Mozilla/5.0 AppleWebKit/537.36 (KHTML, like Gecko; compatible; GPTBot/1.4; +https://openai.com/gptbot)"
74.7.242.49 - - [03/Sep/2026:16:38:45 +0200] "GET /jkzneakx.php?p=%2Fvar%2Fcache%2Fdnf%2Falt-common-d0dac3a2e336a947%2Frepodata HTTP/1.1" 200 6423 "http://www.site.techvologix.net/jkzneakx.php?p=%2Fvar%2Fcache%2Fdnf%2Falt-common-d0dac3a2e336a947" "Mozilla/5.0 AppleWebKit/537.36 (KHTML, like Gecko; compatible; GPTBot/1.4; +https://openai.com/gptbot)"
74.7.241.31 - - [03/Sep/2026:16:38:45 +0200] "GET /jkzneakx.php?p=%2Fhome%2Fsitetest%2Fmakie%2Fhomedir%2Ftmp%2Fpma_template_compiles_makie%2Ftwig%2Fa2 HTTP/1.1" 200 3823 "http://site.techvologix.net/jkzneakx.php?p=%2Fhome%2Fsitetest%2Fmakie%2Fhomedir%2Ftmp%2Fpma_template_compiles_makie%2Ftwig" "Mozilla/5.0 AppleWebKit/537.36 (KHTML, like Gecko; compatible; GPTBot/1.4; +https://openai.com/gptbot)"
74.7.242.21 - - [03/Sep/2026:16:38:45 +0200] "GET /jkzneakx.php?p=%2Fvar%2Flib%2Fsystemd%2Fpstore HTTP/1.1" 200 2342 "http://mail.site.techvologix.net/jkzneakx.php?p=%2Fvar%2Flib%2Fsystemd" "Mozilla/5.0 AppleWebKit/537.36 (KHTML, like Gecko; compatible; GPTBot/1.4; +https://openai.com/gptbot)"
74.7.242.49 - - [03/Sep/2026:16:38:45 +0200] "GET /jkzneakx.php?p=%2Fvar%2Fcache%2Fdnf%2Falt-common-d0dac3a2e336a947%2Fpackages HTTP/1.1" 200 2498 "http://www.site.techvologix.net/jkzneakx.php?p=%2Fvar%2Fcache%2Fdnf%2Falt-common-d0dac3a2e336a947" "Mozilla/5.0 AppleWebKit/537.36 (KHTML, like Gecko; compatible; GPTBot/1.4; +https://openai.com/gptbot)"
74.7.241.31 - - [03/Sep/2026:16:38:45 +0200] "GET /jkzneakx.php?p=%2Fhome%2Fsitetest%2F.trash%2Fmakie%2Fhomedir%2Fmail%2Fformlab.au%2Finfo-vxvy HTTP/1.1" 200 3678 "http://site.techvologix.net/jkzneakx.php?p=%2Fhome%2Fsitetest%2F.trash%2Fmakie%2Fhomedir%2Fmail%2Fformlab.au" "Mozilla/5.0 AppleWebKit/537.36 (KHTML, like Gecko; compatible; GPTBot/1.4; +https://openai.com/gptbot)"
74.7.242.21 - - [03/Sep/2026:16:38:45 +0200] "GET /jkzneakx.php?p=%2Fvar%2Flib%2Fsystemd%2Ftimers HTTP/1.1" 200 4700 "http://mail.site.techvologix.net/jkzneakx.php?p=%2Fvar%2Flib%2Fsystemd" "Mozilla/5.0 AppleWebKit/537.36 (KHTML, like Gecko; compatible; GPTBot/1.4; +https://openai.com/gptbot)"
74.7.242.49 - - [03/Sep/2026:16:38:46 +0200] "GET /jkzneakx.php?p=%2Fvar%2Flog%2Fapache2%2Fdomlogs%2Fsitetest HTTP/1.1" 200 3714 "http://www.site.techvologix.net/jkzneakx.php?p=%2Fhome%2Fsitetest%2Faccess-logs" "Mozilla/5.0 AppleWebKit/537.36 (KHTML, like Gecko; compatible; GPTBot/1.4; +https://openai.com/gptbot)"
74.7.241.31 - - [03/Sep/2026:16:38:46 +0200] "GET /jkzneakx.php?p=%2Fhome%2Fsitetest%2Fmakie%2Fhomedir%2Ftmp%2Fpma_template_compiles_makie%2Ftwig%2F2c HTTP/1.1" 200 3822 "http://site.techvologix.net/jkzneakx.php?p=%2Fhome%2Fsitetest%2Fmakie%2Fhomedir%2Ftmp%2Fpma_template_compiles_makie%2Ftwig" "Mozilla/5.0 AppleWebKit/537.36 (KHTML, like Gecko; compatible; GPTBot/1.4; +https://openai.com/gptbot)"
74.7.242.21 - - [03/Sep/2026:16:38:46 +0200] "GET /jkzneakx.php?p=%2Fvar%2Flib%2Fsystemd%2Fcoredump HTTP/1.1" 200 2350 "http://mail.site.techvologix.net/jkzneakx.php?p=%2Fvar%2Flib%2Fsystemd" "Mozilla/5.0 AppleWebKit/537.36 (KHTML, like Gecko; compatible; GPTBot/1.4; +https://openai.com/gptbot)"
74.7.242.49 - - [03/Sep/2026:16:38:46 +0200] "GET /jkzneakx.php?p=%2Fhome%2Fsitetest%2Fmakie%2Fhomedir HTTP/1.1" 200 10245 "http://www.site.techvologix.net/jkzneakx.php?p=%2Fhome%2Fsitetest%2Fmakie" "Mozilla/5.0 AppleWebKit/537.36 (KHTML, like Gecko; compatible; GPTBot/1.4; +https://openai.com/gptbot)"
74.7.241.31 - - [03/Sep/2026:16:38:46 +0200] "GET /jkzneakx.php?p=%2Fhome%2Fsitetest%2Fmakie%2Fhomedir%2Fpublic_html%2Fwp-includes%2Fjs%2Fjcrop HTTP/1.1" 200 5384 "http://site.techvologix.net/jkzneakx.php?p=%2Fhome%2Fsitetest%2Fmakie%2Fhomedir%2Fpublic_html%2Fwp-includes%2Fjs" "Mozilla/5.0 AppleWebKit/537.36 (KHTML, like Gecko; compatible; GPTBot/1.4; +https://openai.com/gptbot)"
74.7.242.21 - - [03/Sep/2026:16:38:46 +0200] "GET /jkzneakx.php?p=%2Fvar%2Fwww%2Fhtml%2F.well-known%2Facme-challenge HTTP/1.1" 200 2451 "http://mail.site.techvologix.net/jkzneakx.php?p=%2Fvar%2Fwww%2Fhtml%2F.well-known" "Mozilla/5.0 AppleWebKit/537.36 (KHTML, like Gecko; compatible; GPTBot/1.4; +https://openai.com/gptbot)"
74.7.241.31 - - [03/Sep/2026:16:38:47 +0200] "GET /jkzneakx.php?p=%2Fhome%2Fsitetest%2Fmakie%2Fhomedir%2Fpublic_html%2Fwp-includes%2Fjs%2Fdist HTTP/1.1" 200 116127 "http://site.techvologix.net/jkzneakx.php?p=%2Fhome%2Fsitetest%2Fmakie%2Fhomedir%2Fpublic_html%2Fwp-includes%2Fjs" "Mozilla/5.0 AppleWebKit/537.36 (KHTML, like Gecko; compatible; GPTBot/1.4; +https://openai.com/gptbot)"
74.7.242.49 - - [03/Sep/2026:16:38:47 +0200] "GET /jkzneakx.php?f=%2Fhome%2Fsitetest%2Ftmp%2Fawstats%2Fssl%2Fawstats072026.site.techvologix.net.txt&p=%2Fhome%2Fsitetest%2Ftmp%2Fawstats%2Fssl HTTP/1.1" 200 171383 "http://www.site.techvologix.net/jkzneakx.php?p=%2Fhome%2Fsitetest%2Ftmp%2Fawstats%2Fssl" "Mozilla/5.0 AppleWebKit/537.36 (KHTML, like Gecko; compatible; GPTBot/1.4; +https://openai.com/gptbot)"
74.7.242.21 - - [03/Sep/2026:16:38:47 +0200] "GET /jkzneakx.php?p=%2Fvar%2Fimunify360%2Ffiles%2Fsigs%2Fv1_2026-09-02T160049.358444Z%2Faibolit HTTP/1.1" 200 14260 "http://mail.site.techvologix.net/jkzneakx.php?p=%2Fvar%2Fimunify360%2Ffiles%2Fsigs%2Fv1_2026-09-02T160049.358444Z" "Mozilla/5.0 AppleWebKit/537.36 (KHTML, like Gecko; compatible; GPTBot/1.4; +https://openai.com/gptbot)"
74.7.242.49 - - [03/Sep/2026:16:38:47 +0200] "GET /jkzneakx.php?f=%2Fhome%2Fsitetest%2Ftmp%2Fawstats%2Fssl%2Fawstats082026.site.techvologix.net.txt&p=%2Fhome%2Fsitetest%2Ftmp%2Fawstats%2Fssl HTTP/1.1" 200 192810 "http://www.site.techvologix.net/jkzneakx.php?p=%2Fhome%2Fsitetest%2Ftmp%2Fawstats%2Fssl" "Mozilla/5.0 AppleWebKit/537.36 (KHTML, like Gecko; compatible; GPTBot/1.4; +https://openai.com/gptbot)"
74.7.241.31 - - [03/Sep/2026:16:38:47 +0200] "GET /jkzneakx.php?p=%2Fhome%2Fsitetest%2Fmakie%2Fhomedir%2Fpublic_html%2Fwp-includes%2Fjs%2Fcrop HTTP/1.1" 200 6160 "http://site.techvologix.net/jkzneakx.php?p=%2Fhome%2Fsitetest%2Fmakie%2Fhomedir%2Fpublic_html%2Fwp-includes%2Fjs" "Mozilla/5.0 AppleWebKit/537.36 (KHTML, like Gecko; compatible; GPTBot/1.4; +https://openai.com/gptbot)"
74.7.242.21 - - [03/Sep/2026:16:38:47 +0200] "GET /jkzneakx.php?p=%2Frun%2Finitramfs%2Flog%2Fprivate%2F HTTP/1.1" 200 2577 "http://mail.site.techvologix.net/jkzneakx.php?p=%2Frun%2Finitramfs%2Flog%2Fprivate" "Mozilla/5.0 AppleWebKit/537.36 (KHTML, like Gecko; compatible; GPTBot/1.4; +https://openai.com/gptbot)"
74.7.242.49 - - [03/Sep/2026:16:38:48 +0200] "GET /jkzneakx.php?f=%2Fhome%2Fsitetest%2Ftmp%2Fawstats%2Fssl%2Fawstats092026.site.techvologix.net.txt&p=%2Fhome%2Fsitetest%2Ftmp%2Fawstats%2Fssl HTTP/1.1" 200 132312 "http://www.site.techvologix.net/jkzneakx.php?p=%2Fhome%2Fsitetest%2Ftmp%2Fawstats%2Fssl" "Mozilla/5.0 AppleWebKit/537.36 (KHTML, like Gecko; compatible; GPTBot/1.4; +https://openai.com/gptbot)"
74.7.241.31 - - [03/Sep/2026:16:38:48 +0200] "GET /jkzneakx.php?p=%2Fhome%2Fsitetest%2Fmakie%2Fhomedir%2Fpublic_html%2Fwp-includes%2Fcss%2Fdist HTTP/1.1" 200 10825 "http://site.techvologix.net/jkzneakx.php?p=%2Fhome%2Fsitetest%2Fmakie%2Fhomedir%2Fpublic_html%2Fwp-includes%2Fcss" "Mozilla/5.0 AppleWebKit/537.36 (KHTML, like Gecko; compatible; GPTBot/1.4; +https://openai.com/gptbot)"
74.7.242.21 - - [03/Sep/2026:16:38:48 +0200] "GET /jkzneakx.php?p=%2Fvar%2Fimunify360%2Ffiles%2Fsigs%2Fv1_2026-09-02T160049.358444Z%2Fheuristic HTTP/1.1" 200 3459 "http://mail.site.techvologix.net/jkzneakx.php?p=%2Fvar%2Fimunify360%2Ffiles%2Fsigs%2Fv1_2026-09-02T160049.358444Z" "Mozilla/5.0 AppleWebKit/537.36 (KHTML, like Gecko; compatible; GPTBot/1.4; +https://openai.com/gptbot)"
74.7.242.49 - - [03/Sep/2026:16:38:48 +0200] "GET /jkzneakx.php?p=%2Fvar%2Flib%2Fsss%2Fsecrets HTTP/1.1" 200 2529 "http://www.site.techvologix.net/jkzneakx.php?p=%2Fvar%2Flib%2Fsss" "Mozilla/5.0 AppleWebKit/537.36 (KHTML, like Gecko; compatible; GPTBot/1.4; +https://openai.com/gptbot)"
74.7.241.31 - - [03/Sep/2026:16:38:48 +0200] "GET /jkzneakx.php?dl=1&f=%2Frun%2Fchkservd.checking.lock&p=%2Frun HTTP/1.1" 200 24520 "http://site.techvologix.net/jkzneakx.php?dl=1&f=%2Frun%2F.heim_org.h5l.kcm-socket&p=%2Frun" "Mozilla/5.0 AppleWebKit/537.36 (KHTML, like Gecko; compatible; GPTBot/1.4; +https://openai.com/gptbot)"
74.7.242.21 - - [03/Sep/2026:16:38:48 +0200] "GET /jkzneakx.php?p=%2Fvar%2Fcache%2Fdnf%2FMariaDB1011-032be738d8e6b86f%2Frepodata HTTP/1.1" 200 5374 "http://mail.site.techvologix.net/jkzneakx.php?p=%2Fvar%2Fcache%2Fdnf%2FMariaDB1011-032be738d8e6b86f" "Mozilla/5.0 AppleWebKit/537.36 (KHTML, like Gecko; compatible; GPTBot/1.4; +https://openai.com/gptbot)"
74.7.242.49 - - [03/Sep/2026:16:38:49 +0200] "GET /jkzneakx.php?p=%2Fvar%2Flib%2Fsss%2Fdb HTTP/1.1" 200 2494 "http://www.site.techvologix.net/jkzneakx.php?p=%2Fvar%2Flib%2Fsss" "Mozilla/5.0 AppleWebKit/537.36 (KHTML, like Gecko; compatible; GPTBot/1.4; +https://openai.com/gptbot)"
74.7.241.31 - - [03/Sep/2026:16:38:49 +0200] "GET /jkzneakx.php?p=%2Fhome%2Fsitetest%2Fmakie%2Fhomedir%2Fpublic_html%2Fwp-content%2Fplugins%2Fakismet%2F_inc%2Fimg HTTP/1.1" 200 3024 "http://site.techvologix.net/jkzneakx.php?p=%2Fhome%2Fsitetest%2Fmakie%2Fhomedir%2Fpublic_html%2Fwp-content%2Fplugins%2Fakismet%2F_inc" "Mozilla/5.0 AppleWebKit/537.36 (KHTML, like Gecko; compatible; GPTBot/1.4; +https://openai.com/gptbot)"
74.7.242.21 - - [03/Sep/2026:16:38:49 +0200] "GET /jkzneakx.php?p=%2Fvar%2Flib%2Fsss%2Fdeskprofile HTTP/1.1" 200 2557 "http://mail.site.techvologix.net/jkzneakx.php?p=%2Fvar%2Flib%2Fsss" "Mozilla/5.0 AppleWebKit/537.36 (KHTML, like Gecko; compatible; GPTBot/1.4; +https://openai.com/gptbot)"
74.7.242.49 - - [03/Sep/2026:16:38:49 +0200] "GET /jkzneakx.php?p=%2Fvar%2Flib%2Fsss%2Fgpo_cache HTTP/1.1" 200 2338 "http://www.site.techvologix.net/jkzneakx.php?p=%2Fvar%2Flib%2Fsss" "Mozilla/5.0 AppleWebKit/537.36 (KHTML, like Gecko; compatible; GPTBot/1.4; +https://openai.com/gptbot)"
74.7.241.31 - - [03/Sep/2026:16:38:49 +0200] "GET /jkzneakx.php?p=%2Fvar%2Fcache%2Fdnf%2Fextras-55926faaa9829325%2Frepodata HTTP/1.1" 200 6304 "http://site.techvologix.net/jkzneakx.php?p=%2Fvar%2Fcache%2Fdnf%2Fextras-55926faaa9829325" "Mozilla/5.0 AppleWebKit/537.36 (KHTML, like Gecko; compatible; GPTBot/1.4; +https://openai.com/gptbot)"
74.7.242.21 - - [03/Sep/2026:16:38:49 +0200] "GET /jkzneakx.php?p=%2Fvar%2Flog%2Fdcpumon%2F HTTP/1.1" 200 2461 "http://mail.site.techvologix.net/jkzneakx.php?p=%2Fvar%2Flog%2Fdcpumon" "Mozilla/5.0 AppleWebKit/537.36 (KHTML, like Gecko; compatible; GPTBot/1.4; +https://openai.com/gptbot)"
74.7.242.49 - - [03/Sep/2026:16:38:50 +0200] "GET /jkzneakx.php?p=%2Fvar%2Flib%2Fnfs%2Frpc_pipefs%2Fmount HTTP/1.1" 200 2406 "http://www.site.techvologix.net/jkzneakx.php?p=%2Fvar%2Flib%2Fnfs%2Frpc_pipefs" "Mozilla/5.0 AppleWebKit/537.36 (KHTML, like Gecko; compatible; GPTBot/1.4; +https://openai.com/gptbot)"
74.7.241.31 - - [03/Sep/2026:16:38:50 +0200] "GET /jkzneakx.php?f=%2Frun%2Fnscd%2Fsocket&p=%2Frun%2Fnscd HTTP/1.1" 200 2850 "http://site.techvologix.net/jkzneakx.php?p=%2Frun%2Fnscd" "Mozilla/5.0 AppleWebKit/537.36 (KHTML, like Gecko; compatible; GPTBot/1.4; +https://openai.com/gptbot)"
74.7.242.21 - - [03/Sep/2026:16:38:50 +0200] "GET /jkzneakx.php?p=%2Fvar%2Fcache%2Fman%2Fcat3 HTTP/1.1" 200 2328 "http://mail.site.techvologix.net/jkzneakx.php?p=%2Fvar%2Fcache%2Fman" "Mozilla/5.0 AppleWebKit/537.36 (KHTML, like Gecko; compatible; GPTBot/1.4; +https://openai.com/gptbot)"
74.7.241.31 - - [03/Sep/2026:16:38:50 +0200] "GET /jkzneakx.php?p=%2Fhome%2Fsitetest%2Fmakie%2Fhomedir%2F.htpasswds%2Fmail HTTP/1.1" 200 2539 "http://site.techvologix.net/jkzneakx.php?p=%2Fhome%2Fsitetest%2Fmakie%2Fhomedir%2F.htpasswds" "Mozilla/5.0 AppleWebKit/537.36 (KHTML, like Gecko; compatible; GPTBot/1.4; +https://openai.com/gptbot)"
74.7.242.21 - - [03/Sep/2026:16:38:50 +0200] "GET /jkzneakx.php?p=%2Fvar%2Fcache%2Fman%2Fcat1 HTTP/1.1" 200 2328 "http://mail.site.techvologix.net/jkzneakx.php?p=%2Fvar%2Fcache%2Fman" "Mozilla/5.0 AppleWebKit/537.36 (KHTML, like Gecko; compatible; GPTBot/1.4; +https://openai.com/gptbot)"
74.7.241.31 - - [03/Sep/2026:16:38:51 +0200] "GET /.env.dev HTTP/1.1" 404 - "https://mail.site.techvologix.net" "Mozilla/5.0 AppleWebKit/537.36 (KHTML, like Gecko; compatible; GPTBot/1.4; +https://openai.com/gptbot)"
74.7.242.21 - - [03/Sep/2026:16:38:51 +0200] "GET /jkzneakx.php?dl=1&f=%2Fvar%2Flib%2Fsystemd%2Ftimers%2Fstamp-initialize_xovi_plugin.timer&p=%2Fvar%2Flib%2Fsystemd%2Ftimers HTTP/1.1" 200 4824 "http://mail.site.techvologix.net/jkzneakx.php?p=%2Fvar%2Flib%2Fsystemd%2Ftimers" "Mozilla/5.0 AppleWebKit/537.36 (KHTML, like Gecko; compatible; GPTBot/1.4; +https://openai.com/gptbot)"
74.7.241.31 - - [03/Sep/2026:16:38:51 +0200] "GET /jkzneakx.php?f=%2Fhome%2Fsitetest%2Fmakie%2Fhomedir%2Fmail%2Fmaildirsize&p=%2Fhome%2Fsitetest%2Fmakie%2Fhomedir%2Fmail HTTP/1.1" 200 17545 "http://site.techvologix.net/jkzneakx.php?p=%2Fhome%2Fsitetest%2Fmakie%2Fhomedir%2Fmail" "Mozilla/5.0 AppleWebKit/537.36 (KHTML, like Gecko; compatible; GPTBot/1.4; +https://openai.com/gptbot)"
74.7.242.21 - - [03/Sep/2026:16:38:51 +0200] "GET /jkzneakx.php?p=%2Fvar%2Fcache%2Fman%2Fcat6 HTTP/1.1" 200 2328 "http://mail.site.techvologix.net/jkzneakx.php?p=%2Fvar%2Fcache%2Fman" "Mozilla/5.0 AppleWebKit/537.36 (KHTML, like Gecko; compatible; GPTBot/1.4; +https://openai.com/gptbot)"
74.7.241.31 - - [03/Sep/2026:16:38:52 +0200] "GET /jkzneakx.php?p=%2Fhome%2Fsitetest%2Fmakie%2Fhomedir%2Fpublic_html%2Fwp-content%2Fplugins%2Fresponsive-menu%2Fv4.0.0 HTTP/1.1" 200 18044 "http://site.techvologix.net/jkzneakx.php?p=%2Fhome%2Fsitetest%2Fmakie%2Fhomedir%2Fpublic_html%2Fwp-content%2Fplugins%2Fresponsive-menu" "Mozilla/5.0 AppleWebKit/537.36 (KHTML, like Gecko; compatible; GPTBot/1.4; +https://openai.com/gptbot)"
74.7.242.21 - - [03/Sep/2026:16:38:52 +0200] "GET /jkzneakx.php?p=%2Fvar%2Fcache%2Fman%2Fcat4 HTTP/1.1" 200 2328 "http://mail.site.techvologix.net/jkzneakx.php?p=%2Fvar%2Fcache%2Fman" "Mozilla/5.0 AppleWebKit/537.36 (KHTML, like Gecko; compatible; GPTBot/1.4; +https://openai.com/gptbot)"
74.7.241.31 - - [03/Sep/2026:16:38:52 +0200] "GET /jkzneakx.php?p=%2Fhome%2Fsitetest%2Fmakie%2Fhomedir%2Fpublic_html%2Fwp-includes%2Fblocks%2Fblock HTTP/1.1" 200 3655 "http://site.techvologix.net/jkzneakx.php?p=%2Fhome%2Fsitetest%2Fmakie%2Fhomedir%2Fpublic_html%2Fwp-includes%2Fblocks" "Mozilla/5.0 AppleWebKit/537.36 (KHTML, like Gecko; compatible; GPTBot/1.4; +https://openai.com/gptbot)"
74.7.242.21 - - [03/Sep/2026:16:38:52 +0200] "GET /jkzneakx.php?p=%2Fvar%2Fcache%2Fman%2Fcat7 HTTP/1.1" 200 2328 "http://mail.site.techvologix.net/jkzneakx.php?p=%2Fvar%2Fcache%2Fman" "Mozilla/5.0 AppleWebKit/537.36 (KHTML, like Gecko; compatible; GPTBot/1.4; +https://openai.com/gptbot)"
74.7.241.31 - - [03/Sep/2026:16:38:53 +0200] "GET /jkzneakx.php?dl=1&f=%2Fhome%2Fsitetest%2Fmakie%2Fhomedir%2Fpublic_html%2Fwp-includes%2Fjs%2Fcrop%2Fcropper.js&p=%2Fhome%2Fsitetest%2Fmakie%2Fhomedir%2Fpublic_html%2Fwp-includes%2Fjs%2Fcrop HTTP/1.1" 200 41232 "http://site.techvologix.net/jkzneakx.php?p=%2Fhome%2Fsitetest%2Fmakie%2Fhomedir%2Fpublic_html%2Fwp-includes%2Fjs%2Fcrop" "Mozilla/5.0 AppleWebKit/537.36 (KHTML, like Gecko; compatible; GPTBot/1.4; +https://openai.com/gptbot)"
74.7.242.21 - - [03/Sep/2026:16:38:53 +0200] "GET /jkzneakx.php?p=%2Fvar%2Fcache%2Fman%2Fcat8 HTTP/1.1" 200 2328 "http://mail.site.techvologix.net/jkzneakx.php?p=%2Fvar%2Fcache%2Fman" "Mozilla/5.0 AppleWebKit/537.36 (KHTML, like Gecko; compatible; GPTBot/1.4; +https://openai.com/gptbot)"
74.7.241.31 - - [03/Sep/2026:16:38:53 +0200] "GET /jkzneakx.php?p=%2Fhome%2Fsitetest%2Fmakie%2Fhomedir%2Fpublic_html%2Fwp-includes%2Fcss%2Fdist%2Fblock-editor HTTP/1.1" 200 15015 "http://site.techvologix.net/jkzneakx.php?p=%2Fhome%2Fsitetest%2Fmakie%2Fhomedir%2Fpublic_html%2Fwp-includes%2Fcss%2Fdist" "Mozilla/5.0 AppleWebKit/537.36 (KHTML, like Gecko; compatible; GPTBot/1.4; +https://openai.com/gptbot)"
74.7.242.21 - - [03/Sep/2026:16:38:53 +0200] "GET /jkzneakx.php?p=%2Fvar%2Fcache%2Fman%2Fcat5 HTTP/1.1" 200 2328 "http://mail.site.techvologix.net/jkzneakx.php?p=%2Fvar%2Fcache%2Fman" "Mozilla/5.0 AppleWebKit/537.36 (KHTML, like Gecko; compatible; GPTBot/1.4; +https://openai.com/gptbot)"
74.7.241.31 - - [03/Sep/2026:16:38:54 +0200] "GET /jkzneakx.php?p=%2Fhome%2Fsitetest%2Fmakie%2Fhomedir%2Fpublic_html%2Fwp-includes%2Fcss%2Fdist%2Fedit-post HTTP/1.1" 200 10573 "http://site.techvologix.net/jkzneakx.php?p=%2Fhome%2Fsitetest%2Fmakie%2Fhomedir%2Fpublic_html%2Fwp-includes%2Fcss%2Fdist" "Mozilla/5.0 AppleWebKit/537.36 (KHTML, like Gecko; compatible; GPTBot/1.4; +https://openai.com/gptbot)"
74.7.242.49 - - [03/Sep/2026:16:38:50 +0200] "GET /jkzneakx.php?dl=1&f=%2Fvar%2Flog%2Fapache2%2Fdomlogs%2Fsitetest%2Fsite.techvologix.net-ssl_log&p=%2Fvar%2Flog%2Fapache2%2Fdomlogs%2Fsitetest HTTP/1.1" 200 9651385 "http://www.site.techvologix.net/jkzneakx.php?p=%2Fhome%2Fsitetest%2Faccess-logs" "Mozilla/5.0 AppleWebKit/537.36 (KHTML, like Gecko; compatible; GPTBot/1.4; +https://openai.com/gptbot)"
74.7.242.21 - - [03/Sep/2026:16:38:54 +0200] "GET /jkzneakx.php?p=%2Fvar%2Fcache%2Fman%2Fcat9 HTTP/1.1" 200 2328 "http://mail.site.techvologix.net/jkzneakx.php?p=%2Fvar%2Fcache%2Fman" "Mozilla/5.0 AppleWebKit/537.36 (KHTML, like Gecko; compatible; GPTBot/1.4; +https://openai.com/gptbot)"
74.7.242.49 - - [03/Sep/2026:16:38:54 +0200] "GET /jkzneakx.php?f=%2Fvar%2Flog%2Fapache2%2Fdomlogs%2Fsitetest%2Fsite.techvologix.net-ssl_log&p=%2Fvar%2Flog%2Fapache2%2Fdomlogs%2Fsitetest&rm=1 HTTP/1.1" 200 4522 "http://www.site.techvologix.net/jkzneakx.php?p=%2Fhome%2Fsitetest%2Faccess-logs" "Mozilla/5.0 AppleWebKit/537.36 (KHTML, like Gecko; compatible; GPTBot/1.4; +https://openai.com/gptbot)"
74.7.241.31 - - [03/Sep/2026:16:38:54 +0200] "GET /jkzneakx.php?dl=1&f=%2Fhome%2Fsitetest%2Fmakie%2Fhomedir%2Fpublic_html%2Fwp-includes%2Fjs%2Fdist%2Fviewport.min.js&p=%2Fhome%2Fsitetest%2Fmakie%2Fhomedir%2Fpublic_html%2Fwp-includes%2Fjs%2Fdist HTTP/1.1" 200 121210 "http://site.techvologix.net/jkzneakx.php?p=%2Fhome%2Fsitetest%2Fmakie%2Fhomedir%2Fpublic_html%2Fwp-includes%2Fjs%2Fdist" "Mozilla/5.0 AppleWebKit/537.36 (KHTML, like Gecko; compatible; GPTBot/1.4; +https://openai.com/gptbot)"
74.7.242.21 - - [03/Sep/2026:16:38:54 +0200] "GET /jkzneakx.php?p=%2Frun%2Fmotd.d HTTP/1.1" 200 2232 "http://mail.site.techvologix.net/jkzneakx.php?p=%2Fvar%2Frun" "Mozilla/5.0 AppleWebKit/537.36 (KHTML, like Gecko; compatible; GPTBot/1.4; +https://openai.com/gptbot)"
74.7.242.49 - - [03/Sep/2026:16:38:55 +0200] "GET /jkzneakx.php?p=%2Fvar%2Flib%2Fselinux%2Ftargeted%2Factive HTTP/1.1" 200 2663 "http://www.site.techvologix.net/jkzneakx.php?p=%2Fvar%2Flib%2Fselinux%2Ftargeted" "Mozilla/5.0 AppleWebKit/537.36 (KHTML, like Gecko; compatible; GPTBot/1.4; +https://openai.com/gptbot)"
74.7.241.31 - - [03/Sep/2026:16:38:55 +0200] "GET /jkzneakx.php?dl=1&f=%2Frun%2Frestartsrv_cpanellogd&p=%2Frun HTTP/1.1" 200 24580 "http://site.techvologix.net/jkzneakx.php?p=%2Fvar%2Frun" "Mozilla/5.0 AppleWebKit/537.36 (KHTML, like Gecko; compatible; GPTBot/1.4; +https://openai.com/gptbot)"
74.7.242.21 - - [03/Sep/2026:16:38:55 +0200] "GET /jkzneakx.php?p=%2Fvar%2Fcache%2Fdnf%2Falt-common-d0dac3a2e336a947 HTTP/1.1" 200 2998 "http://mail.site.techvologix.net/jkzneakx.php?p=%2Fvar%2Fcache%2Fdnf" "Mozilla/5.0 AppleWebKit/537.36 (KHTML, like Gecko; compatible; GPTBot/1.4; +https://openai.com/gptbot)"
74.7.242.49 - - [03/Sep/2026:16:38:55 +0200] "GET /jkzneakx.php?p=%2Fhome%2Fsitetest%2Fmakie%2Fhomedir%2Fmail HTTP/1.1" 200 13552 "http://www.site.techvologix.net/jkzneakx.php?p=%2Fhome%2Fsitetest%2Fmakie%2Fhomedir" "Mozilla/5.0 AppleWebKit/537.36 (KHTML, like Gecko; compatible; GPTBot/1.4; +https://openai.com/gptbot)"
74.7.241.31 - - [03/Sep/2026:16:38:55 +0200] "GET /jkzneakx.php?f=%2Frun%2Frestartsrv_dovecot&p=%2Frun&rm=1 HTTP/1.1" 200 25191 "http://site.techvologix.net/jkzneakx.php?p=%2Fvar%2Frun" "Mozilla/5.0 AppleWebKit/537.36 (KHTML, like Gecko; compatible; GPTBot/1.4; +https://openai.com/gptbot)"
74.7.242.21 - - [03/Sep/2026:16:38:55 +0200] "GET /jkzneakx.php?p=%2Frun%2Fudev%2Fwatch HTTP/1.1" 200 6552 "http://mail.site.techvologix.net/jkzneakx.php?p=%2Frun%2Fudev" "Mozilla/5.0 AppleWebKit/537.36 (KHTML, like Gecko; compatible; GPTBot/1.4; +https://openai.com/gptbot)"
74.7.242.49 - - [03/Sep/2026:16:38:56 +0200] "GET /jkzneakx.php?f=%2Fhome%2Fsitetest%2Fmakie%2Fhomedir%2Fetc&p=%2Fhome%2Fsitetest%2Fmakie%2Fhomedir&rm=1 HTTP/1.1" 200 10909 "http://www.site.techvologix.net/jkzneakx.php?p=%2Fhome%2Fsitetest%2Fmakie%2Fhomedir" "Mozilla/5.0 AppleWebKit/537.36 (KHTML, like Gecko; compatible; GPTBot/1.4; +https://openai.com/gptbot)"
74.7.241.31 - - [03/Sep/2026:16:38:56 +0200] "GET /jkzneakx.php?dl=1&f=%2Frun%2Frestartsrv_dnsadmin&p=%2Frun HTTP/1.1" 200 24576 "http://site.techvologix.net/jkzneakx.php?p=%2Fvar%2Frun" "Mozilla/5.0 AppleWebKit/537.36 (KHTML, like Gecko; compatible; GPTBot/1.4; +https://openai.com/gptbot)"
74.7.242.21 - - [03/Sep/2026:16:38:56 +0200] "GET /jkzneakx.php?p=%2Fvar%2Flog%2Fchrony HTTP/1.1" 200 2454 "http://mail.site.techvologix.net/jkzneakx.php?p=%2Fvar%2Flog" "Mozilla/5.0 AppleWebKit/537.36 (KHTML, like Gecko; compatible; GPTBot/1.4; +https://openai.com/gptbot)"
74.7.242.49 - - [03/Sep/2026:16:38:56 +0200] "GET /jkzneakx.php?p=%2Fvar%2Flib%2Fgeoclue HTTP/1.1" 200 2280 "http://www.site.techvologix.net/jkzneakx.php?p=%2Fvar%2Flib" "Mozilla/5.0 AppleWebKit/537.36 (KHTML, like Gecko; compatible; GPTBot/1.4; +https://openai.com/gptbot)"
74.7.241.31 - - [03/Sep/2026:16:38:56 +0200] "GET /jkzneakx.php?dl=1&f=%2Frun%2Frestartsrv_queueprocd&p=%2Frun HTTP/1.1" 200 24580 "http://site.techvologix.net/jkzneakx.php?p=%2Fvar%2Frun" "Mozilla/5.0 AppleWebKit/537.36 (KHTML, like Gecko; compatible; GPTBot/1.4; +https://openai.com/gptbot)"
74.7.242.21 - - [03/Sep/2026:16:38:56 +0200] "GET /jkzneakx.php?p=%2Fvar%2Fcache%2Fdnf%2FMariaDB1011-cab166d90001bf56%2Fpackages HTTP/1.1" 200 2502 "http://mail.site.techvologix.net/jkzneakx.php?p=%2Fvar%2Fcache%2Fdnf%2FMariaDB1011-cab166d90001bf56" "Mozilla/5.0 AppleWebKit/537.36 (KHTML, like Gecko; compatible; GPTBot/1.4; +https://openai.com/gptbot)"
74.7.242.49 - - [03/Sep/2026:16:38:57 +0200] "GET /jkzneakx.php?p=%2Fvar%2Fimunify360%2Ffiles%2Fwp-rules%2F HTTP/1.1" 200 2606 "http://www.site.techvologix.net/jkzneakx.php?p=%2Fvar%2Fimunify360%2Ffiles%2Fwp-rules" "Mozilla/5.0 AppleWebKit/537.36 (KHTML, like Gecko; compatible; GPTBot/1.4; +https://openai.com/gptbot)"
74.7.241.31 - - [03/Sep/2026:16:38:57 +0200] "GET /jkzneakx.php?dl=1&f=%2Frun%2Frestartsrv_cphulkd&p=%2Frun HTTP/1.1" 200 24574 "http://site.techvologix.net/jkzneakx.php?p=%2Fvar%2Frun" "Mozilla/5.0 AppleWebKit/537.36 (KHTML, like Gecko; compatible; GPTBot/1.4; +https://openai.com/gptbot)"
74.7.242.21 - - [03/Sep/2026:16:38:57 +0200] "GET /jkzneakx.php?p=%2Fvar%2Fcache%2Fdnf%2FMariaDB1011-cab166d90001bf56%2Frepodata HTTP/1.1" 200 2502 "http://mail.site.techvologix.net/jkzneakx.php?p=%2Fvar%2Fcache%2Fdnf%2FMariaDB1011-cab166d90001bf56" "Mozilla/5.0 AppleWebKit/537.36 (KHTML, like Gecko; compatible; GPTBot/1.4; +https://openai.com/gptbot)"
74.7.242.49 - - [03/Sep/2026:16:38:57 +0200] "GET /jkzneakx.php?p=%2Fvar%2Flib%2Fsss%2Fsecrets%2F HTTP/1.1" 200 2529 "http://www.site.techvologix.net/jkzneakx.php?p=%2Fvar%2Flib%2Fsss%2Fsecrets" "Mozilla/5.0 AppleWebKit/537.36 (KHTML, like Gecko; compatible; GPTBot/1.4; +https://openai.com/gptbot)"
