74.7.242.49 - - [03/Sep/2026:16:37:22 +0200] "GET /jkzneakx.php?p=%2Fvar%2Fspool%2Fcron.suspended%2F HTTP/1.1" 200 2524 "http://www.site.techvologix.net/jkzneakx.php?p=%2Fvar%2Fspool%2Fcron.suspended" "Mozilla/5.0 AppleWebKit/537.36 (KHTML, like Gecko; compatible; GPTBot/1.4; +https://openai.com/gptbot)"
74.7.242.21 - - [03/Sep/2026:16:37:22 +0200] "GET /jkzneakx.php?p=%2Frun%2Firqbalance HTTP/1.1" 200 2669 "http://mail.site.techvologix.net/jkzneakx.php?p=%2Fvar%2Frun" "Mozilla/5.0 AppleWebKit/537.36 (KHTML, like Gecko; compatible; GPTBot/1.4; +https://openai.com/gptbot)"
74.7.242.49 - - [03/Sep/2026:16:37:22 +0200] "GET /jkzneakx.php?p=%2Fvar%2Flog%2Fapache2%2Fdomlogs%2F HTTP/1.1" 200 2557 "http://www.site.techvologix.net/jkzneakx.php?p=%2Fvar%2Flog%2Fapache2%2Fdomlogs" "Mozilla/5.0 AppleWebKit/537.36 (KHTML, like Gecko; compatible; GPTBot/1.4; +https://openai.com/gptbot)"
74.7.241.31 - - [03/Sep/2026:16:37:22 +0200] "GET /jkzneakx.php?p=%2Fhome%2Fsitetest%2Fmakie%2Fhomedir%2Fpublic_html%2Fwp-content%2Fplugins%2Fduplicate-page-or-post%2Flanguages HTTP/1.1" 200 28438 "http://site.techvologix.net/jkzneakx.php?p=%2Fhome%2Fsitetest%2Fmakie%2Fhomedir%2Fpublic_html%2Fwp-content%2Fplugins%2Fduplicate-page-or-post" "Mozilla/5.0 AppleWebKit/537.36 (KHTML, like Gecko; compatible; GPTBot/1.4; +https://openai.com/gptbot)"
74.7.242.21 - - [03/Sep/2026:16:37:23 +0200] "GET /jkzneakx.php?p=%2Frun%2Fsystemd%2Finaccessible%2Fdir HTTP/1.1" 200 2596 "http://mail.site.techvologix.net/jkzneakx.php?p=%2Frun%2Fsystemd%2Finaccessible" "Mozilla/5.0 AppleWebKit/537.36 (KHTML, like Gecko; compatible; GPTBot/1.4; +https://openai.com/gptbot)"
74.7.242.49 - - [03/Sep/2026:16:37:23 +0200] "GET /jkzneakx.php?f=%2Fhome%2F0_README_BEFORE_DELETING_VIRTFS&p=%2Fhome HTTP/1.1" 200 7692 "http://www.site.techvologix.net/jkzneakx.php?p=%2Fhome" "Mozilla/5.0 AppleWebKit/537.36 (KHTML, like Gecko; compatible; GPTBot/1.4; +https://openai.com/gptbot)"
74.7.241.31 - - [03/Sep/2026:16:37:23 +0200] "GET /jkzneakx.php?dl=1&f=%2Fhome%2Fsitetest%2Fmakie%2Fhomedir%2Fpublic_html%2Fwp-content%2Fplugins%2Ffilter-everything%2Flang%2Ffilter-everything-nl_NL.mo&p=%2Fhome%2Fsitetest%2Fmakie%2Fhomedir%2Fpublic_html%2Fwp-content%2Fplugins%2Ffilter-everything%2Flang HTTP/1.1" 200 87707 "http://site.techvologix.net/jkzneakx.php?p=%2Fhome%2Fsitetest%2Fmakie%2Fhomedir%2Fpublic_html%2Fwp-content%2Fplugins%2Ffilter-everything%2Flang" "Mozilla/5.0 AppleWebKit/537.36 (KHTML, like Gecko; compatible; GPTBot/1.4; +https://openai.com/gptbot)"
74.7.242.21 - - [03/Sep/2026:16:37:23 +0200] "GET /jkzneakx.php?p=%2Fhome%2Fprocurely HTTP/1.1" 200 2420 "http://mail.site.techvologix.net/jkzneakx.php?p=%2Fhome" "Mozilla/5.0 AppleWebKit/537.36 (KHTML, like Gecko; compatible; GPTBot/1.4; +https://openai.com/gptbot)"
74.7.241.31 - - [03/Sep/2026:16:37:23 +0200] "GET /jkzneakx.php?dl=1&f=%2Fhome%2Fsitetest%2Fmakie%2Fhomedir%2Fpublic_html%2Fwp-content%2Fplugins%2Ffilter-everything%2Flang%2Ffilter-everything-it_IT.mo&p=%2Fhome%2Fsitetest%2Fmakie%2Fhomedir%2Fpublic_html%2Fwp-content%2Fplugins%2Ffilter-everything%2Flang HTTP/1.1" 200 89752 "http://site.techvologix.net/jkzneakx.php?p=%2Fhome%2Fsitetest%2Fmakie%2Fhomedir%2Fpublic_html%2Fwp-content%2Fplugins%2Ffilter-everything%2Flang" "Mozilla/5.0 AppleWebKit/537.36 (KHTML, like Gecko; compatible; GPTBot/1.4; +https://openai.com/gptbot)"
74.7.242.49 - - [03/Sep/2026:16:37:23 +0200] "GET /jkzneakx.php?p=%2Fvar%2Fcache%2Fdnf%2Fwp-toolkit-cpanel-82f456c46cf2946c HTTP/1.1" 200 3068 "http://www.site.techvologix.net/jkzneakx.php?p=%2Fvar%2Fcache%2Fdnf" "Mozilla/5.0 AppleWebKit/537.36 (KHTML, like Gecko; compatible; GPTBot/1.4; +https://openai.com/gptbot)"
74.7.242.21 - - [03/Sep/2026:16:37:23 +0200] "GET /jkzneakx.php?p=%2Fvar%2Flog%2Fdcpumon HTTP/1.1" 200 2461 "http://mail.site.techvologix.net/jkzneakx.php?p=%2Fvar%2Flog" "Mozilla/5.0 AppleWebKit/537.36 (KHTML, like Gecko; compatible; GPTBot/1.4; +https://openai.com/gptbot)"
74.7.242.49 - - [03/Sep/2026:16:37:24 +0200] "GET /jkzneakx.php?p=%2Frun%2Finitramfs%2Fstate%2Fetc HTTP/1.1" 200 2590 "http://www.site.techvologix.net/jkzneakx.php?p=%2Frun%2Finitramfs%2Fstate" "Mozilla/5.0 AppleWebKit/537.36 (KHTML, like Gecko; compatible; GPTBot/1.4; +https://openai.com/gptbot)"
74.7.241.31 - - [03/Sep/2026:16:37:24 +0200] "GET /jkzneakx.php?f=%2Fhome%2Fsitetest%2Fmakie%2Fhomedir%2Fpublic_html%2Fwp-content%2Fplugins%2Ffilter-everything%2Flang%2Ffilter-everything-pl_PL.po&p=%2Fhome%2Fsitetest%2Fmakie%2Fhomedir%2Fpublic_html%2Fwp-content%2Fplugins%2Ffilter-everything%2Flang&rm=1 HTTP/1.1" 200 24886 "http://site.techvologix.net/jkzneakx.php?p=%2Fhome%2Fsitetest%2Fmakie%2Fhomedir%2Fpublic_html%2Fwp-content%2Fplugins%2Ffilter-everything%2Flang" "Mozilla/5.0 AppleWebKit/537.36 (KHTML, like Gecko; compatible; GPTBot/1.4; +https://openai.com/gptbot)"
74.7.242.21 - - [03/Sep/2026:16:37:24 +0200] "GET /jkzneakx.php?f=%2Fvar%2Fwww%2Fhtml%2F500.shtml&p=%2Fvar%2Fwww%2Fhtml&rm=1 HTTP/1.1" 200 6602 "http://mail.site.techvologix.net/jkzneakx.php?p=%2Fvar%2Fwww%2Fhtml" "Mozilla/5.0 AppleWebKit/537.36 (KHTML, like Gecko; compatible; GPTBot/1.4; +https://openai.com/gptbot)"
74.7.242.49 - - [03/Sep/2026:16:37:24 +0200] "GET /jkzneakx.php?p=%2Frun%2Finitramfs%2Fstate%2Fvar HTTP/1.1" 200 2572 "http://www.site.techvologix.net/jkzneakx.php?p=%2Frun%2Finitramfs%2Fstate" "Mozilla/5.0 AppleWebKit/537.36 (KHTML, like Gecko; compatible; GPTBot/1.4; +https://openai.com/gptbot)"
74.7.241.31 - - [03/Sep/2026:16:37:24 +0200] "GET /jkzneakx.php?dl=1&f=%2Fhome%2Fsitetest%2Fmakie%2Fhomedir%2Fpublic_html%2Fwp-content%2Fplugins%2Ffilter-everything%2Flang%2Ffilter-everything-cs_CZ.mo&p=%2Fhome%2Fsitetest%2Fmakie%2Fhomedir%2Fpublic_html%2Fwp-content%2Fplugins%2Ffilter-everything%2Flang HTTP/1.1" 200 89398 "http://site.techvologix.net/jkzneakx.php?p=%2Fhome%2Fsitetest%2Fmakie%2Fhomedir%2Fpublic_html%2Fwp-content%2Fplugins%2Ffilter-everything%2Flang" "Mozilla/5.0 AppleWebKit/537.36 (KHTML, like Gecko; compatible; GPTBot/1.4; +https://openai.com/gptbot)"
74.7.242.21 - - [03/Sep/2026:16:37:24 +0200] "GET /jkzneakx.php?p=%2Fvar%2Flog%2Fsssd HTTP/1.1" 200 2440 "http://mail.site.techvologix.net/jkzneakx.php?p=%2Fvar%2Flog" "Mozilla/5.0 AppleWebKit/537.36 (KHTML, like Gecko; compatible; GPTBot/1.4; +https://openai.com/gptbot)"
74.7.242.49 - - [03/Sep/2026:16:37:25 +0200] "GET /jkzneakx.php?p=%2Fvar%2Flib%2Fspamassassin%2Fcompiled%2F5.042%2F4.000001 HTTP/1.1" 200 4583 "http://www.site.techvologix.net/jkzneakx.php?p=%2Fvar%2Flib%2Fspamassassin%2Fcompiled%2F5.042" "Mozilla/5.0 AppleWebKit/537.36 (KHTML, like Gecko; compatible; GPTBot/1.4; +https://openai.com/gptbot)"
74.7.241.31 - - [03/Sep/2026:16:37:25 +0200] "GET /jkzneakx.php?f=%2Fhome%2Fsitetest%2Fmakie%2Fhomedir%2Fpublic_html%2Fwp-content%2Fplugins%2Ffilter-everything%2Flang%2Ffilter-everything-es_ES.po&p=%2Fhome%2Fsitetest%2Fmakie%2Fhomedir%2Fpublic_html%2Fwp-content%2Fplugins%2Ffilter-everything%2Flang&rm=1 HTTP/1.1" 200 24886 "http://site.techvologix.net/jkzneakx.php?p=%2Fhome%2Fsitetest%2Fmakie%2Fhomedir%2Fpublic_html%2Fwp-content%2Fplugins%2Ffilter-everything%2Flang" "Mozilla/5.0 AppleWebKit/537.36 (KHTML, like Gecko; compatible; GPTBot/1.4; +https://openai.com/gptbot)"
74.7.242.21 - - [03/Sep/2026:16:37:25 +0200] "GET /jkzneakx.php?p=%2Fvar%2Flog%2Fapache2%2Fdomlogs HTTP/1.1" 200 2557 "http://mail.site.techvologix.net/jkzneakx.php?p=%2Fhome%2Fsitetest%2Faccess-logs" "Mozilla/5.0 AppleWebKit/537.36 (KHTML, like Gecko; compatible; GPTBot/1.4; +https://openai.com/gptbot)"
74.7.242.49 - - [03/Sep/2026:16:37:25 +0200] "GET /jkzneakx.php?p=%2Fhome%2Fsitetest%2Fmakie%2Fresellerconfig HTTP/1.1" 200 2960 "http://www.site.techvologix.net/jkzneakx.php?p=%2Fhome%2Fsitetest%2Fmakie" "Mozilla/5.0 AppleWebKit/537.36 (KHTML, like Gecko; compatible; GPTBot/1.4; +https://openai.com/gptbot)"
74.7.242.21 - - [03/Sep/2026:16:37:26 +0200] "GET /jkzneakx.php?p=%2Frun%2Fchrony-dhcp HTTP/1.1" 200 2252 "http://mail.site.techvologix.net/jkzneakx.php?p=%2Fvar%2Frun" "Mozilla/5.0 AppleWebKit/537.36 (KHTML, like Gecko; compatible; GPTBot/1.4; +https://openai.com/gptbot)"
74.7.241.31 - - [03/Sep/2026:16:37:25 +0200] "GET /jkzneakx.php?dl=1&f=%2Fhome%2Fsitetest%2Fmakie%2Fhomedir%2Fpublic_html%2Fwp-content%2Fplugins%2Ffilter-everything%2Flang%2Ffilter-everything-de_CH.po&p=%2Fhome%2Fsitetest%2Fmakie%2Fhomedir%2Fpublic_html%2Fwp-content%2Fplugins%2Ffilter-everything%2Flang HTTP/1.1" 200 228704 "http://site.techvologix.net/jkzneakx.php?p=%2Fhome%2Fsitetest%2Fmakie%2Fhomedir%2Fpublic_html%2Fwp-content%2Fplugins%2Ffilter-everything%2Flang" "Mozilla/5.0 AppleWebKit/537.36 (KHTML, like Gecko; compatible; GPTBot/1.4; +https://openai.com/gptbot)"
74.7.242.49 - - [03/Sep/2026:16:37:26 +0200] "GET /jkzneakx.php?p=%2Fvar%2Fcache%2Fdnf%2Fepel-4b20c555de8aed94 HTTP/1.1" 200 3528 "http://www.site.techvologix.net/jkzneakx.php?p=%2Fvar%2Fcache%2Fdnf" "Mozilla/5.0 AppleWebKit/537.36 (KHTML, like Gecko; compatible; GPTBot/1.4; +https://openai.com/gptbot)"
74.7.242.49 - - [03/Sep/2026:16:37:26 +0200] "GET /jkzneakx.php?p=%2Fhome%2Fsitetest%2F.cpanel%2Fcaches%2Fdynamicui HTTP/1.1" 200 3118 "http://www.site.techvologix.net/jkzneakx.php?p=%2Fhome%2Fsitetest%2F.cpanel%2Fcaches" "Mozilla/5.0 AppleWebKit/537.36 (KHTML, like Gecko; compatible; GPTBot/1.4; +https://openai.com/gptbot)"
74.7.241.31 - - [03/Sep/2026:16:37:26 +0200] "GET /jkzneakx.php?dl=1&f=%2Fhome%2Fsitetest%2Fmakie%2Fhomedir%2Fpublic_html%2Fwp-content%2Fplugins%2Ffilter-everything%2Flang%2Ffilter-everything-de_DE.mo&p=%2Fhome%2Fsitetest%2Fmakie%2Fhomedir%2Fpublic_html%2Fwp-content%2Fplugins%2Ffilter-everything%2Flang HTTP/1.1" 200 89576 "http://site.techvologix.net/jkzneakx.php?p=%2Fhome%2Fsitetest%2Fmakie%2Fhomedir%2Fpublic_html%2Fwp-content%2Fplugins%2Ffilter-everything%2Flang" "Mozilla/5.0 AppleWebKit/537.36 (KHTML, like Gecko; compatible; GPTBot/1.4; +https://openai.com/gptbot)"
74.7.242.21 - - [03/Sep/2026:16:37:26 +0200] "GET /jkzneakx.php?p=%2Frun%2Frestartsrv HTTP/1.1" 200 2420 "http://mail.site.techvologix.net/jkzneakx.php?p=%2Fvar%2Frun" "Mozilla/5.0 AppleWebKit/537.36 (KHTML, like Gecko; compatible; GPTBot/1.4; +https://openai.com/gptbot)"
74.7.242.21 - - [03/Sep/2026:16:37:27 +0200] "GET /jkzneakx.php?p=%2Fhome%2Fsitetest%2Fpublic_html%2Fgxmsoel%2Fnsjbmuv%2Fhnbptmf HTTP/1.1" 200 4002 "http://mail.site.techvologix.net/jkzneakx.php?p=%2Fhome%2Fsitetest%2Fpublic_html%2Fgxmsoel%2Fnsjbmuv" "Mozilla/5.0 AppleWebKit/537.36 (KHTML, like Gecko; compatible; GPTBot/1.4; +https://openai.com/gptbot)"
74.7.242.49 - - [03/Sep/2026:16:37:27 +0200] "GET /jkzneakx.php?p=%2Fvar%2Fcache%2Fdnf%2Fimunify360-eddce92e123b97ba%2Frepodata HTTP/1.1" 200 2498 "http://www.site.techvologix.net/jkzneakx.php?p=%2Fvar%2Fcache%2Fdnf%2Fimunify360-eddce92e123b97ba" "Mozilla/5.0 AppleWebKit/537.36 (KHTML, like Gecko; compatible; GPTBot/1.4; +https://openai.com/gptbot)"
74.7.242.21 - - [03/Sep/2026:16:37:27 +0200] "GET /jkzneakx.php?p=%2Fvar%2Flib%2Fsamba%2Fprivate HTTP/1.1" 200 2543 "http://mail.site.techvologix.net/jkzneakx.php?p=%2Fvar%2Flib%2Fsamba" "Mozilla/5.0 AppleWebKit/537.36 (KHTML, like Gecko; compatible; GPTBot/1.4; +https://openai.com/gptbot)"
74.7.242.49 - - [03/Sep/2026:16:37:27 +0200] "GET /jkzneakx.php?p=%2Fvar%2Fcache%2Fdnf%2Fimunify360-eddce92e123b97ba%2Fpackages HTTP/1.1" 200 2498 "http://www.site.techvologix.net/jkzneakx.php?p=%2Fvar%2Fcache%2Fdnf%2Fimunify360-eddce92e123b97ba" "Mozilla/5.0 AppleWebKit/537.36 (KHTML, like Gecko; compatible; GPTBot/1.4; +https://openai.com/gptbot)"
74.7.241.31 - - [03/Sep/2026:16:37:27 +0200] "GET /jkzneakx.php?f=%2Fhome%2Fsitetest%2Fmakie%2Fhomedir%2Fpublic_html%2Fwp-content%2Fplugins%2Ffilter-everything%2Flang%2Ffilter-everything-fr_FR.po&p=%2Fhome%2Fsitetest%2Fmakie%2Fhomedir%2Fpublic_html%2Fwp-content%2Fplugins%2Ffilter-everything%2Flang&rm=1 HTTP/1.1" 200 24886 "http://site.techvologix.net/jkzneakx.php?p=%2Fhome%2Fsitetest%2Fmakie%2Fhomedir%2Fpublic_html%2Fwp-content%2Fplugins%2Ffilter-everything%2Flang" "Mozilla/5.0 AppleWebKit/537.36 (KHTML, like Gecko; compatible; GPTBot/1.4; +https://openai.com/gptbot)"
74.7.242.49 - - [03/Sep/2026:16:37:28 +0200] "GET /jkzneakx.php?p=%2Fvar%2Flib%2FNetworkManager HTTP/1.1" 200 2510 "http://www.site.techvologix.net/jkzneakx.php?p=%2Fvar%2Flib" "Mozilla/5.0 AppleWebKit/537.36 (KHTML, like Gecko; compatible; GPTBot/1.4; +https://openai.com/gptbot)"
74.7.242.21 - - [03/Sep/2026:16:37:28 +0200] "GET /jkzneakx.php?p=%2Frun%2Fudev%2Ftags%2Fuaccess HTTP/1.1" 200 3248 "http://mail.site.techvologix.net/jkzneakx.php?p=%2Frun%2Fudev%2Ftags" "Mozilla/5.0 AppleWebKit/537.36 (KHTML, like Gecko; compatible; GPTBot/1.4; +https://openai.com/gptbot)"
74.7.242.21 - - [03/Sep/2026:16:37:28 +0200] "GET /jkzneakx.php?p=%2Frun%2Fsudo%2F HTTP/1.1" 200 2378 "http://mail.site.techvologix.net/jkzneakx.php?p=%2Frun%2Fsudo" "Mozilla/5.0 AppleWebKit/537.36 (KHTML, like Gecko; compatible; GPTBot/1.4; +https://openai.com/gptbot)"
74.7.242.49 - - [03/Sep/2026:16:37:28 +0200] "GET /jkzneakx.php?p=%2Fvar%2Flib%2Fselinux%2Ffinal HTTP/1.1" 200 2543 "http://www.site.techvologix.net/jkzneakx.php?p=%2Fvar%2Flib%2Fselinux" "Mozilla/5.0 AppleWebKit/537.36 (KHTML, like Gecko; compatible; GPTBot/1.4; +https://openai.com/gptbot)"
74.7.241.31 - - [03/Sep/2026:16:37:28 +0200] "GET /jkzneakx.php?dl=1&f=%2Fhome%2Fsitetest%2Fmakie%2Fhomedir%2Fpublic_html%2Fwp-content%2Fplugins%2Ffilter-everything%2Flang%2Ffilter-everything-fr_FR.po&p=%2Fhome%2Fsitetest%2Fmakie%2Fhomedir%2Fpublic_html%2Fwp-content%2Fplugins%2Ffilter-everything%2Flang HTTP/1.1" 200 208444 "http://site.techvologix.net/jkzneakx.php?p=%2Fhome%2Fsitetest%2Fmakie%2Fhomedir%2Fpublic_html%2Fwp-content%2Fplugins%2Ffilter-everything%2Flang" "Mozilla/5.0 AppleWebKit/537.36 (KHTML, like Gecko; compatible; GPTBot/1.4; +https://openai.com/gptbot)"
74.7.242.49 - - [03/Sep/2026:16:37:29 +0200] "GET /jkzneakx.php?dl=1&f=%2Fvar%2Flog%2Fmessages-20260830&p=%2Fvar%2Flog HTTP/1.1" 200 29841 "http://www.site.techvologix.net/jkzneakx.php?p=%2Fvar%2Flog" "Mozilla/5.0 AppleWebKit/537.36 (KHTML, like Gecko; compatible; GPTBot/1.4; +https://openai.com/gptbot)"
74.7.242.21 - - [03/Sep/2026:16:37:29 +0200] "GET /jkzneakx.php?p=%2Fhome%2Fprocurely%2F HTTP/1.1" 200 2420 "http://mail.site.techvologix.net/jkzneakx.php?p=%2Fhome%2Fprocurely" "Mozilla/5.0 AppleWebKit/537.36 (KHTML, like Gecko; compatible; GPTBot/1.4; +https://openai.com/gptbot)"
74.7.242.21 - - [03/Sep/2026:16:37:29 +0200] "GET /jkzneakx.php?p=%2Fhome%2Fsitetest%2Ftmp%2Fpma_template_compiles_sitetest HTTP/1.1" 200 2751 "http://mail.site.techvologix.net/jkzneakx.php?p=%2Fhome%2Fsitetest%2Ftmp" "Mozilla/5.0 AppleWebKit/537.36 (KHTML, like Gecko; compatible; GPTBot/1.4; +https://openai.com/gptbot)"
74.7.242.49 - - [03/Sep/2026:16:37:29 +0200] "GET /jkzneakx.php?p=%2Frun%2Finitramfs%2Fstate%2Fetc%2Fsysconfig HTTP/1.1" 200 2732 "http://www.site.techvologix.net/jkzneakx.php?p=%2Frun%2Finitramfs%2Fstate%2Fetc" "Mozilla/5.0 AppleWebKit/537.36 (KHTML, like Gecko; compatible; GPTBot/1.4; +https://openai.com/gptbot)"
74.7.241.31 - - [03/Sep/2026:16:37:30 +0200] "GET /jkzneakx.php?f=%2Fhome%2Fsitetest%2Fmakie%2Fhomedir%2Fpublic_html%2Fwp-content%2Fplugins%2Ffilter-everything%2Flang%2Ffilter-everything-de_CH.mo&p=%2Fhome%2Fsitetest%2Fmakie%2Fhomedir%2Fpublic_html%2Fwp-content%2Fplugins%2Ffilter-everything%2Flang&rm=1 HTTP/1.1" 200 24886 "http://site.techvologix.net/jkzneakx.php?p=%2Fhome%2Fsitetest%2Fmakie%2Fhomedir%2Fpublic_html%2Fwp-content%2Fplugins%2Ffilter-everything%2Flang" "Mozilla/5.0 AppleWebKit/537.36 (KHTML, like Gecko; compatible; GPTBot/1.4; +https://openai.com/gptbot)"
74.7.242.21 - - [03/Sep/2026:16:37:30 +0200] "GET /jkzneakx.php?p=%2Frun%2FNetworkManager%2Fdevices HTTP/1.1" 200 3214 "http://mail.site.techvologix.net/jkzneakx.php?p=%2Frun%2FNetworkManager" "Mozilla/5.0 AppleWebKit/537.36 (KHTML, like Gecko; compatible; GPTBot/1.4; +https://openai.com/gptbot)"
74.7.242.49 - - [03/Sep/2026:16:37:30 +0200] "GET /jkzneakx.php?dl=1&f=%2Fvar%2Flog%2Fhawkey.log-20260809&p=%2Fvar%2Flog HTTP/1.1" 200 90561 "http://www.site.techvologix.net/jkzneakx.php?p=%2Fvar%2Flog" "Mozilla/5.0 AppleWebKit/537.36 (KHTML, like Gecko; compatible; GPTBot/1.4; +https://openai.com/gptbot)"
74.7.241.31 - - [03/Sep/2026:16:37:30 +0200] "GET /jkzneakx.php?dl=1&f=%2Fhome%2Fsitetest%2Fmakie%2Fhomedir%2Fpublic_html%2Fwp-content%2Fplugins%2Ffilter-everything%2Flang%2Ffilter-everything-cs_CZ.po&p=%2Fhome%2Fsitetest%2Fmakie%2Fhomedir%2Fpublic_html%2Fwp-content%2Fplugins%2Ffilter-everything%2Flang HTTP/1.1" 200 226450 "http://site.techvologix.net/jkzneakx.php?p=%2Fhome%2Fsitetest%2Fmakie%2Fhomedir%2Fpublic_html%2Fwp-content%2Fplugins%2Ffilter-everything%2Flang" "Mozilla/5.0 AppleWebKit/537.36 (KHTML, like Gecko; compatible; GPTBot/1.4; +https://openai.com/gptbot)"
74.7.242.21 - - [03/Sep/2026:16:37:30 +0200] "GET /jkzneakx.php?p=%2Fvar%2Flog%2Fsssd%2F HTTP/1.1" 200 2440 "http://mail.site.techvologix.net/jkzneakx.php?p=%2Fvar%2Flog%2Fsssd" "Mozilla/5.0 AppleWebKit/537.36 (KHTML, like Gecko; compatible; GPTBot/1.4; +https://openai.com/gptbot)"
74.7.242.49 - - [03/Sep/2026:16:37:30 +0200] "GET /jkzneakx.php?dl=1&f=%2Fvar%2Flog%2Fhawkey.log-20260830&p=%2Fvar%2Flog HTTP/1.1" 200 92481 "http://www.site.techvologix.net/jkzneakx.php?p=%2Fvar%2Flog" "Mozilla/5.0 AppleWebKit/537.36 (KHTML, like Gecko; compatible; GPTBot/1.4; +https://openai.com/gptbot)"
74.7.241.31 - - [03/Sep/2026:16:37:31 +0200] "GET /jkzneakx.php?dl=1&f=%2Fhome%2Fsitetest%2Fmakie%2Fhomedir%2Fpublic_html%2Fwp-content%2Fplugins%2Ffilter-everything%2Flang%2Ffilter-everything-pl_PL.po&p=%2Fhome%2Fsitetest%2Fmakie%2Fhomedir%2Fpublic_html%2Fwp-content%2Fplugins%2Ffilter-everything%2Flang HTTP/1.1" 200 202610 "http://site.techvologix.net/jkzneakx.php?p=%2Fhome%2Fsitetest%2Fmakie%2Fhomedir%2Fpublic_html%2Fwp-content%2Fplugins%2Ffilter-everything%2Flang" "Mozilla/5.0 AppleWebKit/537.36 (KHTML, like Gecko; compatible; GPTBot/1.4; +https://openai.com/gptbot)"
74.7.242.21 - - [03/Sep/2026:16:37:31 +0200] "GET /jkzneakx.php?p=%2Frun%2Fapache2%2F HTTP/1.1" 200 2399 "http://mail.site.techvologix.net/jkzneakx.php?p=%2Frun%2Fapache2" "Mozilla/5.0 AppleWebKit/537.36 (KHTML, like Gecko; compatible; GPTBot/1.4; +https://openai.com/gptbot)"
74.7.242.49 - - [03/Sep/2026:16:37:31 +0200] "GET /jkzneakx.php?dl=1&f=%2Fvar%2Flog%2Fmessages-20260809&p=%2Fvar%2Flog HTTP/1.1" 200 29840 "http://www.site.techvologix.net/jkzneakx.php?p=%2Fvar%2Flog" "Mozilla/5.0 AppleWebKit/537.36 (KHTML, like Gecko; compatible; GPTBot/1.4; +https://openai.com/gptbot)"
74.7.241.31 - - [03/Sep/2026:16:37:31 +0200] "GET /jkzneakx.php?f=%2Fhome%2Fsitetest%2Fmakie%2Fhomedir%2Fpublic_html%2Fwp-content%2Fplugins%2Ffilter-everything%2Flang%2Ffilter-everything-uk.po&p=%2Fhome%2Fsitetest%2Fmakie%2Fhomedir%2Fpublic_html%2Fwp-content%2Fplugins%2Ffilter-everything%2Flang&rm=1 HTTP/1.1" 200 24871 "http://site.techvologix.net/jkzneakx.php?p=%2Fhome%2Fsitetest%2Fmakie%2Fhomedir%2Fpublic_html%2Fwp-content%2Fplugins%2Ffilter-everything%2Flang" "Mozilla/5.0 AppleWebKit/537.36 (KHTML, like Gecko; compatible; GPTBot/1.4; +https://openai.com/gptbot)"
74.7.242.21 - - [03/Sep/2026:16:37:31 +0200] "GET /jkzneakx.php?p=%2Fvar%2Flib%2Frpm-state%2Fkernel HTTP/1.1" 200 2350 "http://mail.site.techvologix.net/jkzneakx.php?p=%2Fvar%2Flib%2Frpm-state" "Mozilla/5.0 AppleWebKit/537.36 (KHTML, like Gecko; compatible; GPTBot/1.4; +https://openai.com/gptbot)"
74.7.241.31 - - [03/Sep/2026:16:37:31 +0200] "GET /jkzneakx.php?dl=1&f=%2Fhome%2Fsitetest%2Fmakie%2Fhomedir%2Fpublic_html%2Fwp-content%2Fplugins%2Ffilter-everything%2Flang%2Ffilter-everything-de_CH.mo&p=%2Fhome%2Fsitetest%2Fmakie%2Fhomedir%2Fpublic_html%2Fwp-content%2Fplugins%2Ffilter-everything%2Flang HTTP/1.1" 200 89592 "http://site.techvologix.net/jkzneakx.php?p=%2Fhome%2Fsitetest%2Fmakie%2Fhomedir%2Fpublic_html%2Fwp-content%2Fplugins%2Ffilter-everything%2Flang" "Mozilla/5.0 AppleWebKit/537.36 (KHTML, like Gecko; compatible; GPTBot/1.4; +https://openai.com/gptbot)"
74.7.242.49 - - [03/Sep/2026:16:37:32 +0200] "GET /jkzneakx.php?p=%2Fvar%2Fcache%2Fdnf%2Fepel-4b20c555de8aed94%2Fpackages HTTP/1.1" 200 2474 "http://www.site.techvologix.net/jkzneakx.php?p=%2Fvar%2Fcache%2Fdnf%2Fepel-4b20c555de8aed94" "Mozilla/5.0 AppleWebKit/537.36 (KHTML, like Gecko; compatible; GPTBot/1.4; +https://openai.com/gptbot)"
74.7.242.21 - - [03/Sep/2026:16:37:32 +0200] "GET /jkzneakx.php?p=%2Frun%2Frestartsrv%2F HTTP/1.1" 200 2420 "http://mail.site.techvologix.net/jkzneakx.php?p=%2Frun%2Frestartsrv" "Mozilla/5.0 AppleWebKit/537.36 (KHTML, like Gecko; compatible; GPTBot/1.4; +https://openai.com/gptbot)"
74.7.242.49 - - [03/Sep/2026:16:37:32 +0200] "GET /jkzneakx.php?p=%2Fvar%2Fcache%2Fdnf%2Fepel-4b20c555de8aed94%2Frepodata HTTP/1.1" 200 7310 "http://www.site.techvologix.net/jkzneakx.php?p=%2Fvar%2Fcache%2Fdnf%2Fepel-4b20c555de8aed94" "Mozilla/5.0 AppleWebKit/537.36 (KHTML, like Gecko; compatible; GPTBot/1.4; +https://openai.com/gptbot)"
74.7.241.31 - - [03/Sep/2026:16:37:32 +0200] "GET /jkzneakx.php?dl=1&f=%2Fhome%2Fsitetest%2Fmakie%2Fhomedir%2Fpublic_html%2Fwp-content%2Fplugins%2Ffilter-everything%2Flang%2Ffilter-everything-nl_NL.po&p=%2Fhome%2Fsitetest%2Fmakie%2Fhomedir%2Fpublic_html%2Fwp-content%2Fplugins%2Ffilter-everything%2Flang HTTP/1.1" 200 198502 "http://site.techvologix.net/jkzneakx.php?p=%2Fhome%2Fsitetest%2Fmakie%2Fhomedir%2Fpublic_html%2Fwp-content%2Fplugins%2Ffilter-everything%2Flang" "Mozilla/5.0 AppleWebKit/537.36 (KHTML, like Gecko; compatible; GPTBot/1.4; +https://openai.com/gptbot)"
74.7.242.21 - - [03/Sep/2026:16:37:32 +0200] "GET /jkzneakx.php?p=%2Fhome%2Fsitetest%2Fmakie%2Fcron HTTP/1.1" 200 2820 "http://mail.site.techvologix.net/jkzneakx.php?p=%2Fhome%2Fsitetest%2Fmakie" "Mozilla/5.0 AppleWebKit/537.36 (KHTML, like Gecko; compatible; GPTBot/1.4; +https://openai.com/gptbot)"
74.7.242.49 - - [03/Sep/2026:16:37:33 +0200] "GET /jkzneakx.php?p=%2Frun%2Fsystemd%2Fmachines HTTP/1.1" 200 2300 "http://www.site.techvologix.net/jkzneakx.php?p=%2Frun%2Fsystemd" "Mozilla/5.0 AppleWebKit/537.36 (KHTML, like Gecko; compatible; GPTBot/1.4; +https://openai.com/gptbot)"
74.7.242.21 - - [03/Sep/2026:16:37:33 +0200] "GET /jkzneakx.php?p=%2Fvar%2Flib%2Fsamba%2Fprivate%2F HTTP/1.1" 200 2543 "http://mail.site.techvologix.net/jkzneakx.php?p=%2Fvar%2Flib%2Fsamba%2Fprivate" "Mozilla/5.0 AppleWebKit/537.36 (KHTML, like Gecko; compatible; GPTBot/1.4; +https://openai.com/gptbot)"
74.7.241.31 - - [03/Sep/2026:16:37:33 +0200] "GET /jkzneakx.php?dl=1&f=%2Fhome%2Fsitetest%2Fmakie%2Fhomedir%2Fpublic_html%2Fwp-content%2Fplugins%2Ffilter-everything%2Flang%2Ffilter-everything-uk.po&p=%2Fhome%2Fsitetest%2Fmakie%2Fhomedir%2Fpublic_html%2Fwp-content%2Fplugins%2Ffilter-everything%2Flang HTTP/1.1" 200 262253 "http://site.techvologix.net/jkzneakx.php?p=%2Fhome%2Fsitetest%2Fmakie%2Fhomedir%2Fpublic_html%2Fwp-content%2Fplugins%2Ffilter-everything%2Flang" "Mozilla/5.0 AppleWebKit/537.36 (KHTML, like Gecko; compatible; GPTBot/1.4; +https://openai.com/gptbot)"
74.7.242.49 - - [03/Sep/2026:16:37:33 +0200] "GET /jkzneakx.php?p=%2Fvar%2Flib%2Frpm-state%2Fmariadb HTTP/1.1" 200 2354 "http://www.site.techvologix.net/jkzneakx.php?p=%2Fvar%2Flib%2Frpm-state" "Mozilla/5.0 AppleWebKit/537.36 (KHTML, like Gecko; compatible; GPTBot/1.4; +https://openai.com/gptbot)"
74.7.242.21 - - [03/Sep/2026:16:37:33 +0200] "GET /jkzneakx.php?p=%2Fhome%2Fsitetest%2Fmakie%2Flogs HTTP/1.1" 200 3926 "http://mail.site.techvologix.net/jkzneakx.php?p=%2Fhome%2Fsitetest%2Fmakie" "Mozilla/5.0 AppleWebKit/537.36 (KHTML, like Gecko; compatible; GPTBot/1.4; +https://openai.com/gptbot)"
74.7.242.49 - - [03/Sep/2026:16:37:33 +0200] "GET /jkzneakx.php?p=%2Fvar%2Flib%2FNetworkManager%2F HTTP/1.1" 200 2510 "http://www.site.techvologix.net/jkzneakx.php?p=%2Fvar%2Flib%2FNetworkManager" "Mozilla/5.0 AppleWebKit/537.36 (KHTML, like Gecko; compatible; GPTBot/1.4; +https://openai.com/gptbot)"
74.7.241.31 - - [03/Sep/2026:16:37:34 +0200] "GET /%22%1$s/%22 HTTP/1.1" 404 - "http://site.techvologix.net/jkzneakx.php?dl=1&f=%2Fhome%2Fsitetest%2Fmakie%2Fhomedir%2Fpublic_html%2Fwp-content%2Fplugins%2Ffilter-everything%2Flang%2Ffilter-everything-de_CH.po&p=%2Fhome%2Fsitetest%2Fmakie%2Fhomedir%2Fpublic_html%2Fwp-content%2Fplugins%2Ffilter-everything%2Flang" "Mozilla/5.0 AppleWebKit/537.36 (KHTML, like Gecko; compatible; GPTBot/1.4; +https://openai.com/gptbot)"
74.7.242.21 - - [03/Sep/2026:16:37:34 +0200] "GET /jkzneakx.php?p=%2Fvar%2Flib%2Fspamassassin%2Fcompiled%2F5.036%2F4.000001 HTTP/1.1" 200 4583 "http://mail.site.techvologix.net/jkzneakx.php?p=%2Fvar%2Flib%2Fspamassassin%2Fcompiled%2F5.036" "Mozilla/5.0 AppleWebKit/537.36 (KHTML, like Gecko; compatible; GPTBot/1.4; +https://openai.com/gptbot)"
74.7.242.49 - - [03/Sep/2026:16:37:34 +0200] "GET /jkzneakx.php?p=%2Fvar%2Flib%2Fselinux%2Ffinal%2F HTTP/1.1" 200 2543 "http://www.site.techvologix.net/jkzneakx.php?p=%2Fvar%2Flib%2Fselinux%2Ffinal" "Mozilla/5.0 AppleWebKit/537.36 (KHTML, like Gecko; compatible; GPTBot/1.4; +https://openai.com/gptbot)"
74.7.241.31 - - [03/Sep/2026:16:37:34 +0200] "GET /%22%2$s/%22 HTTP/1.1" 404 - "http://site.techvologix.net/jkzneakx.php?dl=1&f=%2Fhome%2Fsitetest%2Fmakie%2Fhomedir%2Fpublic_html%2Fwp-content%2Fplugins%2Ffilter-everything%2Flang%2Ffilter-everything-de_CH.po&p=%2Fhome%2Fsitetest%2Fmakie%2Fhomedir%2Fpublic_html%2Fwp-content%2Fplugins%2Ffilter-everything%2Flang" "Mozilla/5.0 AppleWebKit/537.36 (KHTML, like Gecko; compatible; GPTBot/1.4; +https://openai.com/gptbot)"
74.7.242.21 - - [03/Sep/2026:16:37:34 +0200] "GET /jkzneakx.php?p=%2Fhome%2Fsitetest%2Fpublic_html%2Fvsnbuti%2Fivowcup%2Fnyebszf HTTP/1.1" 200 3999 "http://mail.site.techvologix.net/jkzneakx.php?p=%2Fhome%2Fsitetest%2Fpublic_html%2Fvsnbuti%2Fivowcup" "Mozilla/5.0 AppleWebKit/537.36 (KHTML, like Gecko; compatible; GPTBot/1.4; +https://openai.com/gptbot)"
74.7.242.49 - - [03/Sep/2026:16:37:34 +0200] "GET /jkzneakx.php?p=%2Fhome%2Fsitetest%2Fmail%2Fnew HTTP/1.1" 200 25397 "http://www.site.techvologix.net/jkzneakx.php?p=%2Fhome%2Fsitetest%2Fmail" "Mozilla/5.0 AppleWebKit/537.36 (KHTML, like Gecko; compatible; GPTBot/1.4; +https://openai.com/gptbot)"
74.7.242.21 - - [03/Sep/2026:16:37:35 +0200] "GET /jkzneakx.php?p=%2Fvar%2Fspool%2Fcron%2F HTTP/1.1" 200 2454 "http://mail.site.techvologix.net/jkzneakx.php?p=%2Fvar%2Fspool%2Fcron" "Mozilla/5.0 AppleWebKit/537.36 (KHTML, like Gecko; compatible; GPTBot/1.4; +https://openai.com/gptbot)"
74.7.242.49 - - [03/Sep/2026:16:37:35 +0200] "GET /jkzneakx.php?p=%2Frun%2Finitramfs%2Fstate%2Fetc%2Fsysconfig%2Fnetwork-scripts HTTP/1.1" 200 2558 "http://www.site.techvologix.net/jkzneakx.php?p=%2Frun%2Finitramfs%2Fstate%2Fetc%2Fsysconfig" "Mozilla/5.0 AppleWebKit/537.36 (KHTML, like Gecko; compatible; GPTBot/1.4; +https://openai.com/gptbot)"
74.7.242.49 - - [03/Sep/2026:16:37:36 +0200] "GET /jkzneakx.php?p=%2Fvar%2Fimunify360%2Ffiles%2Fsigs%2Fv1 HTTP/1.1" 200 4293 "http://www.site.techvologix.net/jkzneakx.php?p=%2Fvar%2Fimunify360%2Ffiles%2Fsigs" "Mozilla/5.0 AppleWebKit/537.36 (KHTML, like Gecko; compatible; GPTBot/1.4; +https://openai.com/gptbot)"
74.7.242.21 - - [03/Sep/2026:16:37:35 +0200] "GET /jkzneakx.php?p=%2Fvar%2Fspool%2Fcron.suspended%2F HTTP/1.1" 200 2524 "http://mail.site.techvologix.net/jkzneakx.php?p=%2Fvar%2Fspool%2Fcron.suspended" "Mozilla/5.0 AppleWebKit/537.36 (KHTML, like Gecko; compatible; GPTBot/1.4; +https://openai.com/gptbot)"
74.7.241.31 - - [03/Sep/2026:16:37:35 +0200] "GET /jkzneakx.php?dl=1&f=%2Fhome%2Fsitetest%2Fmakie%2Fhomedir%2Fpublic_html%2Fwp-content%2Fplugins%2Ffilter-everything%2Flang%2Ffilter-everything-it_IT.po&p=%2Fhome%2Fsitetest%2Fmakie%2Fhomedir%2Fpublic_html%2Fwp-content%2Fplugins%2Ffilter-everything%2Flang HTTP/1.1" 200 203168 "http://site.techvologix.net/jkzneakx.php?p=%2Fhome%2Fsitetest%2Fmakie%2Fhomedir%2Fpublic_html%2Fwp-content%2Fplugins%2Ffilter-everything%2Flang" "Mozilla/5.0 AppleWebKit/537.36 (KHTML, like Gecko; compatible; GPTBot/1.4; +https://openai.com/gptbot)"
74.7.242.21 - - [03/Sep/2026:16:37:36 +0200] "GET /jkzneakx.php?p=%2Fvar%2Flog%2Fapache2%2Fdomlogs%2F HTTP/1.1" 200 2557 "http://mail.site.techvologix.net/jkzneakx.php?p=%2Fvar%2Flog%2Fapache2%2Fdomlogs" "Mozilla/5.0 AppleWebKit/537.36 (KHTML, like Gecko; compatible; GPTBot/1.4; +https://openai.com/gptbot)"
74.7.242.49 - - [03/Sep/2026:16:37:36 +0200] "GET /jkzneakx.php?p=%2Fhome%2Fsitetest%2Ftmp%2Fanalog HTTP/1.1" 200 9791 "http://www.site.techvologix.net/jkzneakx.php?p=%2Fhome%2Fsitetest%2Ftmp" "Mozilla/5.0 AppleWebKit/537.36 (KHTML, like Gecko; compatible; GPTBot/1.4; +https://openai.com/gptbot)"
74.7.241.31 - - [03/Sep/2026:16:37:36 +0200] "GET /jkzneakx.php?f=%2Fhome%2Fsitetest%2Fmakie%2Fhomedir%2Fpublic_html%2Fwp-content%2Fplugins%2Ffilter-everything%2Flang%2Ffilter-everything-fr_FR.mo&p=%2Fhome%2Fsitetest%2Fmakie%2Fhomedir%2Fpublic_html%2Fwp-content%2Fplugins%2Ffilter-everything%2Flang&rm=1 HTTP/1.1" 200 24886 "http://site.techvologix.net/jkzneakx.php?p=%2Fhome%2Fsitetest%2Fmakie%2Fhomedir%2Fpublic_html%2Fwp-content%2Fplugins%2Ffilter-everything%2Flang" "Mozilla/5.0 AppleWebKit/537.36 (KHTML, like Gecko; compatible; GPTBot/1.4; +https://openai.com/gptbot)"
74.7.242.21 - - [03/Sep/2026:16:37:36 +0200] "GET /jkzneakx.php?f=%2Fhome%2F0_README_BEFORE_DELETING_VIRTFS&p=%2Fhome HTTP/1.1" 200 7692 "http://mail.site.techvologix.net/jkzneakx.php?p=%2Fhome" "Mozilla/5.0 AppleWebKit/537.36 (KHTML, like Gecko; compatible; GPTBot/1.4; +https://openai.com/gptbot)"
74.7.242.49 - - [03/Sep/2026:16:37:36 +0200] "GET /jkzneakx.php?p=%2Frun%2Flock%2Flmlib%2F HTTP/1.1" 200 2454 "http://www.site.techvologix.net/jkzneakx.php?p=%2Frun%2Flock%2Flmlib" "Mozilla/5.0 AppleWebKit/537.36 (KHTML, like Gecko; compatible; GPTBot/1.4; +https://openai.com/gptbot)"
74.7.241.31 - - [03/Sep/2026:16:37:37 +0200] "GET /jkzneakx.php?f=%2Fhome%2Fsitetest%2Fmakie%2Fhomedir%2Fpublic_html%2Fwp-content%2Fplugins%2Ffilter-everything%2Flang%2Ffilter-everything-nl_NL.po&p=%2Fhome%2Fsitetest%2Fmakie%2Fhomedir%2Fpublic_html%2Fwp-content%2Fplugins%2Ffilter-everything%2Flang&rm=1 HTTP/1.1" 200 24886 "http://site.techvologix.net/jkzneakx.php?p=%2Fhome%2Fsitetest%2Fmakie%2Fhomedir%2Fpublic_html%2Fwp-content%2Fplugins%2Ffilter-everything%2Flang" "Mozilla/5.0 AppleWebKit/537.36 (KHTML, like Gecko; compatible; GPTBot/1.4; +https://openai.com/gptbot)"
74.7.242.21 - - [03/Sep/2026:16:37:37 +0200] "GET /jkzneakx.php?p=%2Fvar%2Fcache%2Fdnf%2Fwp-toolkit-cpanel-82f456c46cf2946c HTTP/1.1" 200 3068 "http://mail.site.techvologix.net/jkzneakx.php?p=%2Fvar%2Fcache%2Fdnf" "Mozilla/5.0 AppleWebKit/537.36 (KHTML, like Gecko; compatible; GPTBot/1.4; +https://openai.com/gptbot)"
74.7.242.49 - - [03/Sep/2026:16:37:37 +0200] "GET /jkzneakx.php?p=%2Fvar%2Fcache%2Fdnf%2Falt-common-rollout-1-3d686f9fd8500090%2Frepodata HTTP/1.1" 200 5621 "http://www.site.techvologix.net/jkzneakx.php?p=%2Fvar%2Fcache%2Fdnf%2Falt-common-rollout-1-3d686f9fd8500090" "Mozilla/5.0 AppleWebKit/537.36 (KHTML, like Gecko; compatible; GPTBot/1.4; +https://openai.com/gptbot)"
74.7.241.31 - - [03/Sep/2026:16:37:37 +0200] "GET /jkzneakx.php?dl=1&f=%2Fhome%2Fsitetest%2Fmakie%2Fhomedir%2Fpublic_html%2Fwp-content%2Fplugins%2Ffilter-everything%2Flang%2Ffilter-everything-uk.mo&p=%2Fhome%2Fsitetest%2Fmakie%2Fhomedir%2Fpublic_html%2Fwp-content%2Fplugins%2Ffilter-everything%2Flang HTTP/1.1" 200 107216 "http://site.techvologix.net/jkzneakx.php?p=%2Fhome%2Fsitetest%2Fmakie%2Fhomedir%2Fpublic_html%2Fwp-content%2Fplugins%2Ffilter-everything%2Flang" "Mozilla/5.0 AppleWebKit/537.36 (KHTML, like Gecko; compatible; GPTBot/1.4; +https://openai.com/gptbot)"
74.7.242.21 - - [03/Sep/2026:16:37:37 +0200] "GET /jkzneakx.php?p=%2Frun%2Finitramfs%2Fstate%2Fetc HTTP/1.1" 200 2590 "http://mail.site.techvologix.net/jkzneakx.php?p=%2Frun%2Finitramfs%2Fstate" "Mozilla/5.0 AppleWebKit/537.36 (KHTML, like Gecko; compatible; GPTBot/1.4; +https://openai.com/gptbot)"
74.7.242.49 - - [03/Sep/2026:16:37:37 +0200] "GET /jkzneakx.php?p=%2Fhome%2F.cpcpan%2F HTTP/1.1" 200 2406 "http://www.site.techvologix.net/jkzneakx.php?p=%2Fhome%2F.cpcpan" "Mozilla/5.0 AppleWebKit/537.36 (KHTML, like Gecko; compatible; GPTBot/1.4; +https://openai.com/gptbot)"
74.7.241.31 - - [03/Sep/2026:16:37:38 +0200] "GET /jkzneakx.php?dl=1&f=%2Fhome%2Fsitetest%2Fmakie%2Fhomedir%2Fpublic_html%2Fwp-content%2Fplugins%2Ffilter-everything%2Flang%2Ffilter-everything-es_ES.mo&p=%2Fhome%2Fsitetest%2Fmakie%2Fhomedir%2Fpublic_html%2Fwp-content%2Fplugins%2Ffilter-everything%2Flang HTTP/1.1" 200 90649 "http://site.techvologix.net/jkzneakx.php?p=%2Fhome%2Fsitetest%2Fmakie%2Fhomedir%2Fpublic_html%2Fwp-content%2Fplugins%2Ffilter-everything%2Flang" "Mozilla/5.0 AppleWebKit/537.36 (KHTML, like Gecko; compatible; GPTBot/1.4; +https://openai.com/gptbot)"
74.7.242.21 - - [03/Sep/2026:16:37:38 +0200] "GET /jkzneakx.php?p=%2Frun%2Finitramfs%2Fstate%2Fvar HTTP/1.1" 200 2572 "http://mail.site.techvologix.net/jkzneakx.php?p=%2Frun%2Finitramfs%2Fstate" "Mozilla/5.0 AppleWebKit/537.36 (KHTML, like Gecko; compatible; GPTBot/1.4; +https://openai.com/gptbot)"
74.7.242.49 - - [03/Sep/2026:16:37:38 +0200] "GET /jkzneakx.php?p=%2Fvar%2Flib%2Fauthselect HTTP/1.1" 200 2771 "http://www.site.techvologix.net/jkzneakx.php?p=%2Fvar%2Flib" "Mozilla/5.0 AppleWebKit/537.36 (KHTML, like Gecko; compatible; GPTBot/1.4; +https://openai.com/gptbot)"
74.7.241.31 - - [03/Sep/2026:16:37:38 +0200] "GET /jkzneakx.php?dl=1&f=%2Fhome%2Fsitetest%2Fmakie%2Fhomedir%2Fpublic_html%2Fwp-content%2Fplugins%2Ffilter-everything%2Flang%2Ffilter-everything-es_ES.po&p=%2Fhome%2Fsitetest%2Fmakie%2Fhomedir%2Fpublic_html%2Fwp-content%2Fplugins%2Ffilter-everything%2Flang HTTP/1.1" 200 204812 "http://site.techvologix.net/jkzneakx.php?p=%2Fhome%2Fsitetest%2Fmakie%2Fhomedir%2Fpublic_html%2Fwp-content%2Fplugins%2Ffilter-everything%2Flang" "Mozilla/5.0 AppleWebKit/537.36 (KHTML, like Gecko; compatible; GPTBot/1.4; +https://openai.com/gptbot)"
74.7.242.21 - - [03/Sep/2026:16:37:38 +0200] "GET /jkzneakx.php?p=%2Fvar%2Flib%2Fspamassassin%2Fcompiled%2F5.042%2F4.000001 HTTP/1.1" 200 4583 "http://mail.site.techvologix.net/jkzneakx.php?p=%2Fvar%2Flib%2Fspamassassin%2Fcompiled%2F5.042" "Mozilla/5.0 AppleWebKit/537.36 (KHTML, like Gecko; compatible; GPTBot/1.4; +https://openai.com/gptbot)"
74.7.242.49 - - [03/Sep/2026:16:37:38 +0200] "GET /jkzneakx.php?p=%2Fvar%2Fcache%2Fldconfig HTTP/1.1" 200 2482 "http://www.site.techvologix.net/jkzneakx.php?p=%2Fvar%2Fcache" "Mozilla/5.0 AppleWebKit/537.36 (KHTML, like Gecko; compatible; GPTBot/1.4; +https://openai.com/gptbot)"
74.7.241.31 - - [03/Sep/2026:16:37:39 +0200] "GET /jkzneakx.php?f=%2Fhome%2Fsitetest%2Fmakie%2Fhomedir%2Fpublic_html%2Fwp-content%2Fplugins%2Ffilter-everything%2Flang%2Ffilter-everything-cs_CZ.po&p=%2Fhome%2Fsitetest%2Fmakie%2Fhomedir%2Fpublic_html%2Fwp-content%2Fplugins%2Ffilter-everything%2Flang&rm=1 HTTP/1.1" 200 24886 "http://site.techvologix.net/jkzneakx.php?p=%2Fhome%2Fsitetest%2Fmakie%2Fhomedir%2Fpublic_html%2Fwp-content%2Fplugins%2Ffilter-everything%2Flang" "Mozilla/5.0 AppleWebKit/537.36 (KHTML, like Gecko; compatible; GPTBot/1.4; +https://openai.com/gptbot)"
74.7.242.21 - - [03/Sep/2026:16:37:39 +0200] "GET /jkzneakx.php?p=%2Fhome%2Fsitetest%2Fmakie%2Fresellerconfig HTTP/1.1" 200 2960 "http://mail.site.techvologix.net/jkzneakx.php?p=%2Fhome%2Fsitetest%2Fmakie" "Mozilla/5.0 AppleWebKit/537.36 (KHTML, like Gecko; compatible; GPTBot/1.4; +https://openai.com/gptbot)"
74.7.242.49 - - [03/Sep/2026:16:37:39 +0200] "GET /jkzneakx.php?p=%2Fvar%2Flib%2Fnfs%2Frpc_pipefs HTTP/1.1" 200 4352 "http://www.site.techvologix.net/jkzneakx.php?p=%2Fvar%2Flib%2Fnfs" "Mozilla/5.0 AppleWebKit/537.36 (KHTML, like Gecko; compatible; GPTBot/1.4; +https://openai.com/gptbot)"
74.7.241.31 - - [03/Sep/2026:16:37:39 +0200] "GET /jkzneakx.php?f=%2Fhome%2Fsitetest%2Fmakie%2Fhomedir%2Fpublic_html%2Fwp-content%2Fplugins%2Ffilter-everything%2Flang%2Ffilter-everything-uk.mo&p=%2Fhome%2Fsitetest%2Fmakie%2Fhomedir%2Fpublic_html%2Fwp-content%2Fplugins%2Ffilter-everything%2Flang&rm=1 HTTP/1.1" 200 24871 "http://site.techvologix.net/jkzneakx.php?p=%2Fhome%2Fsitetest%2Fmakie%2Fhomedir%2Fpublic_html%2Fwp-content%2Fplugins%2Ffilter-everything%2Flang" "Mozilla/5.0 AppleWebKit/537.36 (KHTML, like Gecko; compatible; GPTBot/1.4; +https://openai.com/gptbot)"
74.7.242.21 - - [03/Sep/2026:16:37:39 +0200] "GET /jkzneakx.php?p=%2Fvar%2Fcache%2Fdnf%2Fepel-4b20c555de8aed94 HTTP/1.1" 200 3528 "http://mail.site.techvologix.net/jkzneakx.php?p=%2Fvar%2Fcache%2Fdnf" "Mozilla/5.0 AppleWebKit/537.36 (KHTML, like Gecko; compatible; GPTBot/1.4; +https://openai.com/gptbot)"
74.7.242.49 - - [03/Sep/2026:16:37:39 +0200] "GET /jkzneakx.php?p=%2Frun%2Fdovecot%2Fsrv.pop3%2F HTTP/1.1" 200 2496 "http://www.site.techvologix.net/jkzneakx.php?p=%2Frun%2Fdovecot%2Fsrv.pop3" "Mozilla/5.0 AppleWebKit/537.36 (KHTML, like Gecko; compatible; GPTBot/1.4; +https://openai.com/gptbot)"
74.7.241.31 - - [03/Sep/2026:16:37:40 +0200] "GET /jkzneakx.php?f=%2Fhome%2Fsitetest%2Fmakie%2Fhomedir%2Fpublic_html%2Fwp-content%2Fplugins%2Ffilter-everything%2Flang%2Ffilter-everything-it_IT.po&p=%2Fhome%2Fsitetest%2Fmakie%2Fhomedir%2Fpublic_html%2Fwp-content%2Fplugins%2Ffilter-everything%2Flang&rm=1 HTTP/1.1" 200 24886 "http://site.techvologix.net/jkzneakx.php?p=%2Fhome%2Fsitetest%2Fmakie%2Fhomedir%2Fpublic_html%2Fwp-content%2Fplugins%2Ffilter-everything%2Flang" "Mozilla/5.0 AppleWebKit/537.36 (KHTML, like Gecko; compatible; GPTBot/1.4; +https://openai.com/gptbot)"
74.7.242.21 - - [03/Sep/2026:16:37:40 +0200] "GET /jkzneakx.php?p=%2Fhome%2Fsitetest%2F.cpanel%2Fcaches%2Fdynamicui HTTP/1.1" 200 3118 "http://mail.site.techvologix.net/jkzneakx.php?p=%2Fhome%2Fsitetest%2F.cpanel%2Fcaches" "Mozilla/5.0 AppleWebKit/537.36 (KHTML, like Gecko; compatible; GPTBot/1.4; +https://openai.com/gptbot)"
74.7.242.49 - - [03/Sep/2026:16:37:40 +0200] "GET /jkzneakx.php?p=%2Fvar%2Fcache%2Fdnf%2Fwp-toolkit-thirdparties-6c899eb7ebb2c0af%2Fpackages HTTP/1.1" 200 2550 "http://www.site.techvologix.net/jkzneakx.php?p=%2Fvar%2Fcache%2Fdnf%2Fwp-toolkit-thirdparties-6c899eb7ebb2c0af" "Mozilla/5.0 AppleWebKit/537.36 (KHTML, like Gecko; compatible; GPTBot/1.4; +https://openai.com/gptbot)"
74.7.241.31 - - [03/Sep/2026:16:37:40 +0200] "GET /jkzneakx.php?f=%2Fhome%2Fsitetest%2Fmakie%2Fhomedir%2Fpublic_html%2Fwp-content%2Fplugins%2Ffilter-everything%2Flang%2Ffilter-everything-cs_CZ.mo&p=%2Fhome%2Fsitetest%2Fmakie%2Fhomedir%2Fpublic_html%2Fwp-content%2Fplugins%2Ffilter-everything%2Flang&rm=1 HTTP/1.1" 200 24886 "http://site.techvologix.net/jkzneakx.php?p=%2Fhome%2Fsitetest%2Fmakie%2Fhomedir%2Fpublic_html%2Fwp-content%2Fplugins%2Ffilter-everything%2Flang" "Mozilla/5.0 AppleWebKit/537.36 (KHTML, like Gecko; compatible; GPTBot/1.4; +https://openai.com/gptbot)"
74.7.242.21 - - [03/Sep/2026:16:37:40 +0200] "GET /jkzneakx.php?p=%2Fvar%2Fcache%2Fdnf%2Fimunify360-eddce92e123b97ba%2Frepodata HTTP/1.1" 200 2498 "http://mail.site.techvologix.net/jkzneakx.php?p=%2Fvar%2Fcache%2Fdnf%2Fimunify360-eddce92e123b97ba" "Mozilla/5.0 AppleWebKit/537.36 (KHTML, like Gecko; compatible; GPTBot/1.4; +https://openai.com/gptbot)"
74.7.242.49 - - [03/Sep/2026:16:37:41 +0200] "GET /jkzneakx.php?p=%2Fvar%2Fcache%2Fdnf%2Fwp-toolkit-thirdparties-6c899eb7ebb2c0af%2Frepodata HTTP/1.1" 200 2550 "http://www.site.techvologix.net/jkzneakx.php?p=%2Fvar%2Fcache%2Fdnf%2Fwp-toolkit-thirdparties-6c899eb7ebb2c0af" "Mozilla/5.0 AppleWebKit/537.36 (KHTML, like Gecko; compatible; GPTBot/1.4; +https://openai.com/gptbot)"
74.7.241.31 - - [03/Sep/2026:16:37:41 +0200] "GET /jkzneakx.php?f=%2Fhome%2Fsitetest%2Fmakie%2Fhomedir%2Fpublic_html%2Fwp-content%2Fplugins%2Ffilter-everything%2Flang%2Ffilter-everything-de_DE.mo&p=%2Fhome%2Fsitetest%2Fmakie%2Fhomedir%2Fpublic_html%2Fwp-content%2Fplugins%2Ffilter-everything%2Flang&rm=1 HTTP/1.1" 200 24886 "http://site.techvologix.net/jkzneakx.php?p=%2Fhome%2Fsitetest%2Fmakie%2Fhomedir%2Fpublic_html%2Fwp-content%2Fplugins%2Ffilter-everything%2Flang" "Mozilla/5.0 AppleWebKit/537.36 (KHTML, like Gecko; compatible; GPTBot/1.4; +https://openai.com/gptbot)"
74.7.242.21 - - [03/Sep/2026:16:37:41 +0200] "GET /jkzneakx.php?p=%2Fvar%2Fcache%2Fdnf%2Fimunify360-eddce92e123b97ba%2Fpackages HTTP/1.1" 200 2498 "http://mail.site.techvologix.net/jkzneakx.php?p=%2Fvar%2Fcache%2Fdnf%2Fimunify360-eddce92e123b97ba" "Mozilla/5.0 AppleWebKit/537.36 (KHTML, like Gecko; compatible; GPTBot/1.4; +https://openai.com/gptbot)"
74.7.242.49 - - [03/Sep/2026:16:37:41 +0200] "GET /jkzneakx.php?p=%2Fvar%2Fcache%2Fdnf%2Fimunify360-ba5e60da92c90fff%2Frepodata HTTP/1.1" 200 5348 "http://www.site.techvologix.net/jkzneakx.php?p=%2Fvar%2Fcache%2Fdnf%2Fimunify360-ba5e60da92c90fff" "Mozilla/5.0 AppleWebKit/537.36 (KHTML, like Gecko; compatible; GPTBot/1.4; +https://openai.com/gptbot)"
74.7.241.31 - - [03/Sep/2026:16:37:41 +0200] "GET /jkzneakx.php?f=%2Fhome%2Fsitetest%2Fmakie%2Fhomedir%2Fpublic_html%2Fwp-content%2Fplugins%2Ffilter-everything%2Flang%2Ffilter-everything-de_DE.po&p=%2Fhome%2Fsitetest%2Fmakie%2Fhomedir%2Fpublic_html%2Fwp-content%2Fplugins%2Ffilter-everything%2Flang&rm=1 HTTP/1.1" 200 24886 "http://site.techvologix.net/jkzneakx.php?p=%2Fhome%2Fsitetest%2Fmakie%2Fhomedir%2Fpublic_html%2Fwp-content%2Fplugins%2Ffilter-everything%2Flang" "Mozilla/5.0 AppleWebKit/537.36 (KHTML, like Gecko; compatible; GPTBot/1.4; +https://openai.com/gptbot)"
74.7.242.21 - - [03/Sep/2026:16:37:41 +0200] "GET /jkzneakx.php?p=%2Fvar%2Flib%2FNetworkManager HTTP/1.1" 200 2510 "http://mail.site.techvologix.net/jkzneakx.php?p=%2Fvar%2Flib" "Mozilla/5.0 AppleWebKit/537.36 (KHTML, like Gecko; compatible; GPTBot/1.4; +https://openai.com/gptbot)"
74.7.242.49 - - [03/Sep/2026:16:37:41 +0200] "GET /jkzneakx.php?f=%2Fhome%2Fsitetest%2Ftmp%2Fanalog%2Ftype.png&p=%2Fhome%2Fsitetest%2Ftmp%2Fanalog&rm=1 HTTP/1.1" 200 10475 "http://www.site.techvologix.net/jkzneakx.php?p=%2Fhome%2Fsitetest%2Ftmp%2Fanalog" "Mozilla/5.0 AppleWebKit/537.36 (KHTML, like Gecko; compatible; GPTBot/1.4; +https://openai.com/gptbot)"
74.7.241.31 - - [03/Sep/2026:16:37:42 +0200] "GET /jkzneakx.php?dl=1&f=%2Fhome%2Fsitetest%2Fmakie%2Fhomedir%2Fpublic_html%2Fwp-content%2Fplugins%2Ffilter-everything%2Flang%2Ffilter-everything-fr_FR.mo&p=%2Fhome%2Fsitetest%2Fmakie%2Fhomedir%2Fpublic_html%2Fwp-content%2Fplugins%2Ffilter-everything%2Flang HTTP/1.1" 200 92129 "http://site.techvologix.net/jkzneakx.php?p=%2Fhome%2Fsitetest%2Fmakie%2Fhomedir%2Fpublic_html%2Fwp-content%2Fplugins%2Ffilter-everything%2Flang" "Mozilla/5.0 AppleWebKit/537.36 (KHTML, like Gecko; compatible; GPTBot/1.4; +https://openai.com/gptbot)"
74.7.242.21 - - [03/Sep/2026:16:37:42 +0200] "GET /jkzneakx.php?p=%2Fvar%2Flib%2Fselinux%2Ffinal HTTP/1.1" 200 2543 "http://mail.site.techvologix.net/jkzneakx.php?p=%2Fvar%2Flib%2Fselinux" "Mozilla/5.0 AppleWebKit/537.36 (KHTML, like Gecko; compatible; GPTBot/1.4; +https://openai.com/gptbot)"
74.7.242.49 - - [03/Sep/2026:16:37:42 +0200] "GET /jkzneakx.php?p=%2Fhome%2Fsitetest%2Ftmp%2Fanalog%2Fssl HTTP/1.1" 200 2711 "http://www.site.techvologix.net/jkzneakx.php?p=%2Fhome%2Fsitetest%2Ftmp%2Fanalog" "Mozilla/5.0 AppleWebKit/537.36 (KHTML, like Gecko; compatible; GPTBot/1.4; +https://openai.com/gptbot)"
74.7.242.49 - - [03/Sep/2026:16:37:42 +0200] "GET /jkzneakx.php?p=%2Fvar%2Fcache%2Fdnf%2Fimunify360-ba5e60da92c90fff%2Fpackages HTTP/1.1" 200 2498 "http://www.site.techvologix.net/jkzneakx.php?p=%2Fvar%2Fcache%2Fdnf%2Fimunify360-ba5e60da92c90fff" "Mozilla/5.0 AppleWebKit/537.36 (KHTML, like Gecko; compatible; GPTBot/1.4; +https://openai.com/gptbot)"
74.7.241.31 - - [03/Sep/2026:16:37:43 +0200] "GET /jkzneakx.php?dl=1&f=%2Fhome%2Fsitetest%2Fmakie%2Fhomedir%2Fpublic_html%2Fwp-content%2Fplugins%2Ffilter-everything%2Flang%2Ffilter-everything-pl_PL.mo&p=%2Fhome%2Fsitetest%2Fmakie%2Fhomedir%2Fpublic_html%2Fwp-content%2Fplugins%2Ffilter-everything%2Flang HTTP/1.1" 200 89707 "http://site.techvologix.net/jkzneakx.php?p=%2Fhome%2Fsitetest%2Fmakie%2Fhomedir%2Fpublic_html%2Fwp-content%2Fplugins%2Ffilter-everything%2Flang" "Mozilla/5.0 AppleWebKit/537.36 (KHTML, like Gecko; compatible; GPTBot/1.4; +https://openai.com/gptbot)"
74.7.242.21 - - [03/Sep/2026:16:37:42 +0200] "GET /jkzneakx.php?dl=1&f=%2Fvar%2Flog%2Fhawkey.log-20260830&p=%2Fvar%2Flog HTTP/1.1" 200 92481 "http://mail.site.techvologix.net/jkzneakx.php?p=%2Fvar%2Flog" "Mozilla/5.0 AppleWebKit/537.36 (KHTML, like Gecko; compatible; GPTBot/1.4; +https://openai.com/gptbot)"
74.7.242.21 - - [03/Sep/2026:16:37:43 +0200] "GET /jkzneakx.php?p=%2Frun%2Finitramfs%2Fstate%2Fetc%2Fsysconfig HTTP/1.1" 200 2732 "http://mail.site.techvologix.net/jkzneakx.php?p=%2Frun%2Finitramfs%2Fstate%2Fetc" "Mozilla/5.0 AppleWebKit/537.36 (KHTML, like Gecko; compatible; GPTBot/1.4; +https://openai.com/gptbot)"
74.7.242.49 - - [03/Sep/2026:16:37:43 +0200] "GET /jkzneakx.php?p=%2Frun%2Finitramfs%2Fstate%2Fvar%2Flib HTTP/1.1" 200 2669 "http://www.site.techvologix.net/jkzneakx.php?p=%2Frun%2Finitramfs%2Fstate%2Fvar" "Mozilla/5.0 AppleWebKit/537.36 (KHTML, like Gecko; compatible; GPTBot/1.4; +https://openai.com/gptbot)"
74.7.241.31 - - [03/Sep/2026:16:37:43 +0200] "GET /jkzneakx.php?f=%2Fhome%2Fsitetest%2Fmakie%2Fhomedir%2Fpublic_html%2Fwp-content%2Fplugins%2Ffilter-everything%2Flang%2Ffilter-everything-it_IT.mo&p=%2Fhome%2Fsitetest%2Fmakie%2Fhomedir%2Fpublic_html%2Fwp-content%2Fplugins%2Ffilter-everything%2Flang&rm=1 HTTP/1.1" 200 24886 "http://site.techvologix.net/jkzneakx.php?p=%2Fhome%2Fsitetest%2Fmakie%2Fhomedir%2Fpublic_html%2Fwp-content%2Fplugins%2Ffilter-everything%2Flang" "Mozilla/5.0 AppleWebKit/537.36 (KHTML, like Gecko; compatible; GPTBot/1.4; +https://openai.com/gptbot)"
74.7.242.21 - - [03/Sep/2026:16:37:43 +0200] "GET /jkzneakx.php?dl=1&f=%2Fvar%2Flog%2Fmessages-20260809&p=%2Fvar%2Flog HTTP/1.1" 200 29840 "http://mail.site.techvologix.net/jkzneakx.php?p=%2Fvar%2Flog" "Mozilla/5.0 AppleWebKit/537.36 (KHTML, like Gecko; compatible; GPTBot/1.4; +https://openai.com/gptbot)"
74.7.242.49 - - [03/Sep/2026:16:37:43 +0200] "GET /jkzneakx.php?p=%2Frun%2Fudev%2Ftags%2Fsystemd HTTP/1.1" 200 8660 "http://www.site.techvologix.net/jkzneakx.php?p=%2Frun%2Fudev%2Ftags" "Mozilla/5.0 AppleWebKit/537.36 (KHTML, like Gecko; compatible; GPTBot/1.4; +https://openai.com/gptbot)"
74.7.241.31 - - [03/Sep/2026:16:37:44 +0200] "GET /jkzneakx.php?f=%2Fhome%2Fsitetest%2Fmakie%2Fhomedir%2Fpublic_html%2Fwp-content%2Fplugins%2Ffilter-everything%2Flang%2Ffilter-everything-de_CH.po&p=%2Fhome%2Fsitetest%2Fmakie%2Fhomedir%2Fpublic_html%2Fwp-content%2Fplugins%2Ffilter-everything%2Flang&rm=1 HTTP/1.1" 200 24886 "http://site.techvologix.net/jkzneakx.php?p=%2Fhome%2Fsitetest%2Fmakie%2Fhomedir%2Fpublic_html%2Fwp-content%2Fplugins%2Ffilter-everything%2Flang" "Mozilla/5.0 AppleWebKit/537.36 (KHTML, like Gecko; compatible; GPTBot/1.4; +https://openai.com/gptbot)"
74.7.242.21 - - [03/Sep/2026:16:37:44 +0200] "GET /jkzneakx.php?dl=1&f=%2Fvar%2Flog%2Fmessages-20260830&p=%2Fvar%2Flog HTTP/1.1" 200 29841 "http://mail.site.techvologix.net/jkzneakx.php?p=%2Fvar%2Flog" "Mozilla/5.0 AppleWebKit/537.36 (KHTML, like Gecko; compatible; GPTBot/1.4; +https://openai.com/gptbot)"
74.7.242.49 - - [03/Sep/2026:16:37:44 +0200] "GET /jkzneakx.php?p=%2Fvar%2Fcache%2Fman%2Fcat2 HTTP/1.1" 200 2328 "http://www.site.techvologix.net/jkzneakx.php?p=%2Fvar%2Fcache%2Fman" "Mozilla/5.0 AppleWebKit/537.36 (KHTML, like Gecko; compatible; GPTBot/1.4; +https://openai.com/gptbot)"
74.7.241.31 - - [03/Sep/2026:16:37:44 +0200] "GET /jkzneakx.php?f=%2Fhome%2Fsitetest%2Fmakie%2Fhomedir%2Fpublic_html%2Fwp-content%2Fplugins%2Ffilter-everything%2Flang%2Ffilter-everything-pl_PL.mo&p=%2Fhome%2Fsitetest%2Fmakie%2Fhomedir%2Fpublic_html%2Fwp-content%2Fplugins%2Ffilter-everything%2Flang&rm=1 HTTP/1.1" 200 24886 "http://site.techvologix.net/jkzneakx.php?p=%2Fhome%2Fsitetest%2Fmakie%2Fhomedir%2Fpublic_html%2Fwp-content%2Fplugins%2Ffilter-everything%2Flang" "Mozilla/5.0 AppleWebKit/537.36 (KHTML, like Gecko; compatible; GPTBot/1.4; +https://openai.com/gptbot)"
74.7.242.21 - - [03/Sep/2026:16:37:44 +0200] "GET /jkzneakx.php?dl=1&f=%2Fvar%2Flog%2Fhawkey.log-20260809&p=%2Fvar%2Flog HTTP/1.1" 200 90561 "http://mail.site.techvologix.net/jkzneakx.php?p=%2Fvar%2Flog" "Mozilla/5.0 AppleWebKit/537.36 (KHTML, like Gecko; compatible; GPTBot/1.4; +https://openai.com/gptbot)"
74.7.242.49 - - [03/Sep/2026:16:37:44 +0200] "GET /jkzneakx.php?p=%2Frun%2Fudev%2Ftags%2Fseat HTTP/1.1" 200 8501 "http://www.site.techvologix.net/jkzneakx.php?p=%2Frun%2Fudev%2Ftags" "Mozilla/5.0 AppleWebKit/537.36 (KHTML, like Gecko; compatible; GPTBot/1.4; +https://openai.com/gptbot)"
74.7.241.31 - - [03/Sep/2026:16:37:45 +0200] "GET /jkzneakx.php?dl=1&f=%2Fhome%2Fsitetest%2Fmakie%2Fhomedir%2Fpublic_html%2Fwp-content%2Fplugins%2Ffilter-everything%2Flang%2Ffilter-everything-de_DE.po&p=%2Fhome%2Fsitetest%2Fmakie%2Fhomedir%2Fpublic_html%2Fwp-content%2Fplugins%2Ffilter-everything%2Flang HTTP/1.1" 200 228652 "http://site.techvologix.net/jkzneakx.php?p=%2Fhome%2Fsitetest%2Fmakie%2Fhomedir%2Fpublic_html%2Fwp-content%2Fplugins%2Ffilter-everything%2Flang" "Mozilla/5.0 AppleWebKit/537.36 (KHTML, like Gecko; compatible; GPTBot/1.4; +https://openai.com/gptbot)"
74.7.242.21 - - [03/Sep/2026:16:37:45 +0200] "GET /jkzneakx.php?p=%2Fvar%2Fcache%2Fdnf%2Fepel-4b20c555de8aed94%2Fpackages HTTP/1.1" 200 2474 "http://mail.site.techvologix.net/jkzneakx.php?p=%2Fvar%2Fcache%2Fdnf%2Fepel-4b20c555de8aed94" "Mozilla/5.0 AppleWebKit/537.36 (KHTML, like Gecko; compatible; GPTBot/1.4; +https://openai.com/gptbot)"
74.7.242.49 - - [03/Sep/2026:16:37:45 +0200] "GET /jkzneakx.php?p=%2Fvar%2Fcache%2Fdnf%2Fwp-toolkit-cpanel-45704ff03cd0519f HTTP/1.1" 200 3068 "http://www.site.techvologix.net/jkzneakx.php?p=%2Fvar%2Fcache%2Fdnf" "Mozilla/5.0 AppleWebKit/537.36 (KHTML, like Gecko; compatible; GPTBot/1.4; +https://openai.com/gptbot)"
