74.7.241.31 - - [03/Sep/2026:16:40:10 +0200] "GET /jkzneakx.php?f=%2Fvar%2Flog%2Fmaillog-20260809&p=%2Fvar%2Flog HTTP/1.1" 200 30051 "http://site.techvologix.net/jkzneakx.php?p=%2Fvar%2Flog" "Mozilla/5.0 AppleWebKit/537.36 (KHTML, like Gecko; compatible; GPTBot/1.4; +https://openai.com/gptbot)"
74.7.242.49 - - [03/Sep/2026:16:40:10 +0200] "GET /jkzneakx.php?f=%2Fvar%2Fimunify360&p=%2Fvar&rm=1 HTTP/1.1" 200 6583 "http://www.site.techvologix.net/jkzneakx.php?p=%2Fvar" "Mozilla/5.0 AppleWebKit/537.36 (KHTML, like Gecko; compatible; GPTBot/1.4; +https://openai.com/gptbot)"
74.7.242.21 - - [03/Sep/2026:16:40:11 +0200] "GET /jkzneakx.php?p=%2Fvar%2Flib%2Fnfs%2Frpc_pipefs%2Flockd HTTP/1.1" 200 2406 "http://mail.site.techvologix.net/jkzneakx.php?p=%2Fvar%2Flib%2Fnfs%2Frpc_pipefs" "Mozilla/5.0 AppleWebKit/537.36 (KHTML, like Gecko; compatible; GPTBot/1.4; +https://openai.com/gptbot)"
74.7.241.31 - - [03/Sep/2026:16:40:11 +0200] "GET /jkzneakx.php?f=%2Fvar%2Flog%2Fsecure-20260823&p=%2Fvar%2Flog HTTP/1.1" 200 30050 "http://site.techvologix.net/jkzneakx.php?p=%2Fvar%2Flog" "Mozilla/5.0 AppleWebKit/537.36 (KHTML, like Gecko; compatible; GPTBot/1.4; +https://openai.com/gptbot)"
74.7.242.49 - - [03/Sep/2026:16:40:11 +0200] "GET /jkzneakx.php?p=%2Fvar%2Flib%2Fnfs%2Frpc_pipefs%2Fportmap HTTP/1.1" 200 2414 "http://www.site.techvologix.net/jkzneakx.php?p=%2Fvar%2Flib%2Fnfs%2Frpc_pipefs" "Mozilla/5.0 AppleWebKit/537.36 (KHTML, like Gecko; compatible; GPTBot/1.4; +https://openai.com/gptbot)"
74.7.242.21 - - [03/Sep/2026:16:40:11 +0200] "GET /jkzneakx.php?f=%2Fvar%2Flog%2Fapache2%2Fdomlogs%2Fsitetest%2Fsite.techvologix.net&p=%2Fvar%2Flog%2Fapache2%2Fdomlogs%2Fsitetest&rm=1 HTTP/1.1" 200 4482 "http://mail.site.techvologix.net/jkzneakx.php?p=%2Fhome%2Fsitetest%2Faccess-logs" "Mozilla/5.0 AppleWebKit/537.36 (KHTML, like Gecko; compatible; GPTBot/1.4; +https://openai.com/gptbot)"
74.7.241.31 - - [03/Sep/2026:16:40:11 +0200] "GET /jkzneakx.php?f=%2Fvar%2Flog%2Fmaillog-20260816&p=%2Fvar%2Flog HTTP/1.1" 200 30051 "http://site.techvologix.net/jkzneakx.php?p=%2Fvar%2Flog" "Mozilla/5.0 AppleWebKit/537.36 (KHTML, like Gecko; compatible; GPTBot/1.4; +https://openai.com/gptbot)"
74.7.242.49 - - [03/Sep/2026:16:40:11 +0200] "GET /jkzneakx.php?p=%2Frun%2Fudev%2Flinks%2Fdisk%5Cx2fby-uuid%5Cx2f3f0c8f89-c97c-4626-8037-0b29884e751d HTTP/1.1" 200 3402 "http://www.site.techvologix.net/jkzneakx.php?p=%2Frun%2Fudev%2Flinks" "Mozilla/5.0 AppleWebKit/537.36 (KHTML, like Gecko; compatible; GPTBot/1.4; +https://openai.com/gptbot)"
74.7.242.21 - - [03/Sep/2026:16:40:11 +0200] "GET /jkzneakx.php?p=%2Fhome%2Fsitetest%2Fmakie%2Fhomedir%2Ftmp HTTP/1.1" 200 12197 "http://mail.site.techvologix.net/jkzneakx.php?p=%2Fhome%2Fsitetest%2Fmakie%2Fhomedir" "Mozilla/5.0 AppleWebKit/537.36 (KHTML, like Gecko; compatible; GPTBot/1.4; +https://openai.com/gptbot)"
74.7.242.49 - - [03/Sep/2026:16:40:12 +0200] "GET /jkzneakx.php?f=%2Fvar%2Flog%2Fexim_paniclog-20260809.gz&p=%2Fvar%2Flog HTTP/1.1" 200 30064 "http://www.site.techvologix.net/jkzneakx.php?p=%2Fvar%2Flog" "Mozilla/5.0 AppleWebKit/537.36 (KHTML, like Gecko; compatible; GPTBot/1.4; +https://openai.com/gptbot)"
74.7.242.21 - - [03/Sep/2026:16:40:12 +0200] "GET /jkzneakx.php?f=%2Fvar%2Flog%2Fsecure-20260823&p=%2Fvar%2Flog&rm=1 HTTP/1.1" 200 30441 "http://mail.site.techvologix.net/jkzneakx.php?p=%2Fvar%2Flog" "Mozilla/5.0 AppleWebKit/537.36 (KHTML, like Gecko; compatible; GPTBot/1.4; +https://openai.com/gptbot)"
74.7.241.31 - - [03/Sep/2026:16:40:12 +0200] "GET /jkzneakx.php?f=%2Fvar%2Flog%2Fmaillog-20260830&p=%2Fvar%2Flog HTTP/1.1" 200 30051 "http://site.techvologix.net/jkzneakx.php?p=%2Fvar%2Flog" "Mozilla/5.0 AppleWebKit/537.36 (KHTML, like Gecko; compatible; GPTBot/1.4; +https://openai.com/gptbot)"
74.7.241.31 - - [03/Sep/2026:16:40:12 +0200] "GET /jkzneakx.php?f=%2Fhome%2Fsitetest%2Fmakie%2Fhomedir%2Fpublic_html%2Fwp-content%2Fplugins%2Fshortcodes-ultimate%2Fincludes%2Fshortcodes%2Fvideo.php&p=%2Fhome%2Fsitetest%2Fmakie%2Fhomedir%2Fpublic_html%2Fwp-content%2Fplugins%2Fshortcodes-ultimate%2Fincludes%2Fshortcodes&rm=1 HTTP/1.1" 200 67815 "http://site.techvologix.net/jkzneakx.php?p=%2Fhome%2Fsitetest%2Fmakie%2Fhomedir%2Fpublic_html%2Fwp-content%2Fplugins%2Fshortcodes-ultimate%2Fincludes%2Fshortcodes" "Mozilla/5.0 AppleWebKit/537.36 (KHTML, like Gecko; compatible; GPTBot/1.4; +https://openai.com/gptbot)"
74.7.242.49 - - [03/Sep/2026:16:40:12 +0200] "GET /jkzneakx.php?f=%2Fvar%2Flog%2Fexim_paniclog-20260830.gz&p=%2Fvar%2Flog HTTP/1.1" 200 30064 "http://www.site.techvologix.net/jkzneakx.php?p=%2Fvar%2Flog" "Mozilla/5.0 AppleWebKit/537.36 (KHTML, like Gecko; compatible; GPTBot/1.4; +https://openai.com/gptbot)"
74.7.242.21 - - [03/Sep/2026:16:40:13 +0200] "GET /jkzneakx.php?p=%2Fvar%2Fcache%2Fdnf%2Fimunify360-rollout-7-d4bb1e68a11e3d8b HTTP/1.1" 200 2779 "http://mail.site.techvologix.net/jkzneakx.php?p=%2Fvar%2Fcache%2Fdnf" "Mozilla/5.0 AppleWebKit/537.36 (KHTML, like Gecko; compatible; GPTBot/1.4; +https://openai.com/gptbot)"
74.7.241.31 - - [03/Sep/2026:16:40:13 +0200] "GET /jkzneakx.php?f=%2Frun%2Fuser%2F1019&p=%2Frun%2Fuser&rm=1 HTTP/1.1" 200 4487 "http://site.techvologix.net/jkzneakx.php?p=%2Frun%2Fuser" "Mozilla/5.0 AppleWebKit/537.36 (KHTML, like Gecko; compatible; GPTBot/1.4; +https://openai.com/gptbot)"
74.7.242.49 - - [03/Sep/2026:16:40:13 +0200] "GET /jkzneakx.php?f=%2Fvar%2Flog%2Fexim_paniclog-20260816.gz&p=%2Fvar%2Flog HTTP/1.1" 200 30064 "http://www.site.techvologix.net/jkzneakx.php?p=%2Fvar%2Flog" "Mozilla/5.0 AppleWebKit/537.36 (KHTML, like Gecko; compatible; GPTBot/1.4; +https://openai.com/gptbot)"
74.7.242.21 - - [03/Sep/2026:16:40:13 +0200] "GET /jkzneakx.php?p=%2Fvar%2Fcache%2Fdnf%2Fimunify360-rollout-8-c1029bbe0ba6635a HTTP/1.1" 200 2779 "http://mail.site.techvologix.net/jkzneakx.php?p=%2Fvar%2Fcache%2Fdnf" "Mozilla/5.0 AppleWebKit/537.36 (KHTML, like Gecko; compatible; GPTBot/1.4; +https://openai.com/gptbot)"
74.7.242.49 - - [03/Sep/2026:16:40:13 +0200] "GET /jkzneakx.php?dl=1&f=%2Frun%2F.heim_org.h5l.kcm-socket&p=%2Frun HTTP/1.1" 200 24520 "http://www.site.techvologix.net/jkzneakx.php?p=%2Fvar%2Frun" "Mozilla/5.0 AppleWebKit/537.36 (KHTML, like Gecko; compatible; GPTBot/1.4; +https://openai.com/gptbot)"
74.7.242.21 - - [03/Sep/2026:16:40:14 +0200] "GET /jkzneakx.php?p=%2Fvar%2Fcache%2Fdnf%2Fwp-toolkit-thirdparties-a35c4e4169b4e497%2Frepodata HTTP/1.1" 200 2550 "http://mail.site.techvologix.net/jkzneakx.php?p=%2Fvar%2Fcache%2Fdnf%2Fwp-toolkit-thirdparties-a35c4e4169b4e497" "Mozilla/5.0 AppleWebKit/537.36 (KHTML, like Gecko; compatible; GPTBot/1.4; +https://openai.com/gptbot)"
74.7.241.31 - - [03/Sep/2026:16:40:13 +0200] "GET /jkzneakx.php?f=%2Frun%2Fuser%2F1003&p=%2Frun%2Fuser&rm=1 HTTP/1.1" 200 4487 "http://site.techvologix.net/jkzneakx.php?p=%2Frun%2Fuser" "Mozilla/5.0 AppleWebKit/537.36 (KHTML, like Gecko; compatible; GPTBot/1.4; +https://openai.com/gptbot)"
74.7.242.49 - - [03/Sep/2026:16:40:14 +0200] "GET /jkzneakx.php?p=%2Fhome%2Fsitetest%2F.caldav%2Fsitetest HTTP/1.1" 200 3435 "http://www.site.techvologix.net/jkzneakx.php?p=%2Fhome%2Fsitetest%2F.caldav" "Mozilla/5.0 AppleWebKit/537.36 (KHTML, like Gecko; compatible; GPTBot/1.4; +https://openai.com/gptbot)"
74.7.241.31 - - [03/Sep/2026:16:40:14 +0200] "GET /jkzneakx.php?f=%2Fvar%2Flog%2Fsecure&p=%2Fvar%2Flog HTTP/1.1" 200 30032 "http://site.techvologix.net/jkzneakx.php?p=%2Fvar%2Flog" "Mozilla/5.0 AppleWebKit/537.36 (KHTML, like Gecko; compatible; GPTBot/1.4; +https://openai.com/gptbot)"
74.7.242.21 - - [03/Sep/2026:16:40:14 +0200] "GET /jkzneakx.php?p=%2Fvar%2Fcache%2Fdnf%2Fwp-toolkit-thirdparties-463a9e337d11cc49%2Frepodata HTTP/1.1" 200 5707 "http://mail.site.techvologix.net/jkzneakx.php?p=%2Fvar%2Fcache%2Fdnf%2Fwp-toolkit-thirdparties-463a9e337d11cc49" "Mozilla/5.0 AppleWebKit/537.36 (KHTML, like Gecko; compatible; GPTBot/1.4; +https://openai.com/gptbot)"
74.7.242.49 - - [03/Sep/2026:16:40:14 +0200] "GET /jkzneakx.php?p=%2Fvar%2Flib%2Fdnf%2Frepos%2Fextras-55926faaa9829325 HTTP/1.1" 200 3084 "http://www.site.techvologix.net/jkzneakx.php?p=%2Fvar%2Flib%2Fdnf%2Frepos" "Mozilla/5.0 AppleWebKit/537.36 (KHTML, like Gecko; compatible; GPTBot/1.4; +https://openai.com/gptbot)"
74.7.242.21 - - [03/Sep/2026:16:40:15 +0200] "GET /jkzneakx.php?p=%2Fvar%2Fcache%2Fdnf%2Fimunify360-rollout-3-ff0db1f5b8aa6241 HTTP/1.1" 200 3098 "http://mail.site.techvologix.net/jkzneakx.php?p=%2Fvar%2Fcache%2Fdnf" "Mozilla/5.0 AppleWebKit/537.36 (KHTML, like Gecko; compatible; GPTBot/1.4; +https://openai.com/gptbot)"
74.7.242.49 - - [03/Sep/2026:16:40:15 +0200] "GET /jkzneakx.php?p=%2Fhome%2Fsitetest%2Fpublic_html%2Fphadvrl%2Fpeqthmg%2Fhmrsxcf HTTP/1.1" 200 4002 "http://www.site.techvologix.net/jkzneakx.php?p=%2Fhome%2Fsitetest%2Fpublic_html%2Fphadvrl%2Fpeqthmg" "Mozilla/5.0 AppleWebKit/537.36 (KHTML, like Gecko; compatible; GPTBot/1.4; +https://openai.com/gptbot)"
74.7.242.21 - - [03/Sep/2026:16:40:15 +0200] "GET /jkzneakx.php?p=%2Fvar%2Fcache%2Fdnf%2Fimunify360-rollout-4-6ece443fd31e89bb HTTP/1.1" 200 2779 "http://mail.site.techvologix.net/jkzneakx.php?p=%2Fvar%2Fcache%2Fdnf" "Mozilla/5.0 AppleWebKit/537.36 (KHTML, like Gecko; compatible; GPTBot/1.4; +https://openai.com/gptbot)"
74.7.242.49 - - [03/Sep/2026:16:40:15 +0200] "GET /jkzneakx.php?f=%2Fhome%2Fsitetest%2Flogs%2Fsite.techvologix.net-ssl_log-Sep-2026.gz&p=%2Fhome%2Fsitetest%2Flogs HTTP/1.1" 200 5423 "http://www.site.techvologix.net/jkzneakx.php?p=%2Fhome%2Fsitetest%2Flogs" "Mozilla/5.0 AppleWebKit/537.36 (KHTML, like Gecko; compatible; GPTBot/1.4; +https://openai.com/gptbot)"
74.7.242.21 - - [03/Sep/2026:16:40:16 +0200] "GET /jkzneakx.php?p=%2Fvar%2Fcache%2Fdnf%2Fimunify360-rollout-2-09ba7e1a6aac917d HTTP/1.1" 200 2779 "http://mail.site.techvologix.net/jkzneakx.php?p=%2Fvar%2Fcache%2Fdnf" "Mozilla/5.0 AppleWebKit/537.36 (KHTML, like Gecko; compatible; GPTBot/1.4; +https://openai.com/gptbot)"
74.7.241.31 - - [03/Sep/2026:16:40:14 +0200] "GET /jkzneakx.php?dl=1&f=%2Fhome%2Fsitetest%2Fmakie%2Fhomedir%2Fmail%2Fcur%2F1746120299.M36274P9103.server.techvologix.net%2CS%3D4363%2CW%3D4466%3A2%2C&p=%2Fhome%2Fsitetest%2Fmakie%2Fhomedir%2Fmail%2Fcur HTTP/1.1" 200 859979 "http://site.techvologix.net/jkzneakx.php?p=%2Fhome%2Fsitetest%2Fmakie%2Fhomedir%2Fmail%2Fcur" "Mozilla/5.0 AppleWebKit/537.36 (KHTML, like Gecko; compatible; GPTBot/1.4; +https://openai.com/gptbot)"
74.7.242.49 - - [03/Sep/2026:16:40:16 +0200] "GET /jkzneakx.php?p=%2Fvar%2Fimunify360%2Faibolit%2Ffailure-events%2F HTTP/1.1" 200 2662 "http://www.site.techvologix.net/jkzneakx.php?p=%2Fvar%2Fimunify360%2Faibolit%2Ffailure-events" "Mozilla/5.0 AppleWebKit/537.36 (KHTML, like Gecko; compatible; GPTBot/1.4; +https://openai.com/gptbot)"
74.7.242.21 - - [03/Sep/2026:16:40:16 +0200] "GET /jkzneakx.php?p=%2Fvar%2Fcache%2Fdnf%2Fimunify360-rollout-1-decad89ed0489c82 HTTP/1.1" 200 3098 "http://mail.site.techvologix.net/jkzneakx.php?p=%2Fvar%2Fcache%2Fdnf" "Mozilla/5.0 AppleWebKit/537.36 (KHTML, like Gecko; compatible; GPTBot/1.4; +https://openai.com/gptbot)"
74.7.241.31 - - [03/Sep/2026:16:40:16 +0200] "GET /jkzneakx.php?f=%2Fhome%2Fsitetest%2Fmakie%2Fhomedir%2Fmail%2Fcur%2F1765163070.M659155P1343.server.techvologix.net%2CS%3D2069%2CW%3D2139%3A2%2C&p=%2Fhome%2Fsitetest%2Fmakie%2Fhomedir%2Fmail%2Fcur HTTP/1.1" 200 853732 "http://site.techvologix.net/jkzneakx.php?p=%2Fhome%2Fsitetest%2Fmakie%2Fhomedir%2Fmail%2Fcur" "Mozilla/5.0 AppleWebKit/537.36 (KHTML, like Gecko; compatible; GPTBot/1.4; +https://openai.com/gptbot)"
74.7.242.49 - - [03/Sep/2026:16:40:16 +0200] "GET /jkzneakx.php?p=%2Fvar%2Flib%2Fsss%2Fmc HTTP/1.1" 200 2310 "http://www.site.techvologix.net/jkzneakx.php?p=%2Fvar%2Flib%2Fsss" "Mozilla/5.0 AppleWebKit/537.36 (KHTML, like Gecko; compatible; GPTBot/1.4; +https://openai.com/gptbot)"
74.7.242.21 - - [03/Sep/2026:16:40:17 +0200] "GET /jkzneakx.php?p=%2Fvar%2Flib%2Fnfs%2Frpc_pipefs%2Fgssd%2FclntXX HTTP/1.1" 200 3623 "http://mail.site.techvologix.net/jkzneakx.php?p=%2Fvar%2Flib%2Fnfs%2Frpc_pipefs%2Fgssd" "Mozilla/5.0 AppleWebKit/537.36 (KHTML, like Gecko; compatible; GPTBot/1.4; +https://openai.com/gptbot)"
74.7.242.49 - - [03/Sep/2026:16:40:17 +0200] "GET /jkzneakx.php?p=%2Fvar%2Fcache%2Fdnf%2Fimunify360-rollout-8-77d9f26ece03720f HTTP/1.1" 200 2779 "http://www.site.techvologix.net/jkzneakx.php?p=%2Fvar%2Fcache%2Fdnf" "Mozilla/5.0 AppleWebKit/537.36 (KHTML, like Gecko; compatible; GPTBot/1.4; +https://openai.com/gptbot)"
74.7.242.21 - - [03/Sep/2026:16:40:17 +0200] "GET /jkzneakx.php?p=%2Fvar%2Fcache%2Fdnf%2Fimunify360-rollout-6-a0c861eb59116deb HTTP/1.1" 200 3098 "http://mail.site.techvologix.net/jkzneakx.php?p=%2Fvar%2Fcache%2Fdnf" "Mozilla/5.0 AppleWebKit/537.36 (KHTML, like Gecko; compatible; GPTBot/1.4; +https://openai.com/gptbot)"
74.7.241.31 - - [03/Sep/2026:16:40:17 +0200] "GET /jkzneakx.php?dl=1&f=%2Fhome%2Fsitetest%2Fmakie%2Fhomedir%2Fmail%2Fcur%2F1740126550.M911296P7614.server.techvologix.net%2CS%3D4361%2CW%3D4464%3A2%2C&p=%2Fhome%2Fsitetest%2Fmakie%2Fhomedir%2Fmail%2Fcur HTTP/1.1" 200 859977 "http://site.techvologix.net/jkzneakx.php?p=%2Fhome%2Fsitetest%2Fmakie%2Fhomedir%2Fmail%2Fcur" "Mozilla/5.0 AppleWebKit/537.36 (KHTML, like Gecko; compatible; GPTBot/1.4; +https://openai.com/gptbot)"
74.7.241.31 - - [03/Sep/2026:16:40:17 +0200] "GET /jkzneakx.php?f=%2Fhome%2Fsitetest%2Fmakie%2Fhomedir%2Fmail%2Fcur%2F1758291956.M410213P7593.server.techvologix.net%2CS%3D3438%2CW%3D3509%3A2%2C&p=%2Fhome%2Fsitetest%2Fmakie%2Fhomedir%2Fmail%2Fcur&rm=1 HTTP/1.1" 200 851939 "http://site.techvologix.net/jkzneakx.php?p=%2Fhome%2Fsitetest%2Fmakie%2Fhomedir%2Fmail%2Fcur" "Mozilla/5.0 AppleWebKit/537.36 (KHTML, like Gecko; compatible; GPTBot/1.4; +https://openai.com/gptbot)"
74.7.242.49 - - [03/Sep/2026:16:40:17 +0200] "GET /jkzneakx.php?p=%2Fvar%2Fcache%2Fdnf%2Fimunify360-rollout-11-4a8d138f92efdb97 HTTP/1.1" 200 2786 "http://www.site.techvologix.net/jkzneakx.php?p=%2Fvar%2Fcache%2Fdnf" "Mozilla/5.0 AppleWebKit/537.36 (KHTML, like Gecko; compatible; GPTBot/1.4; +https://openai.com/gptbot)"
74.7.242.21 - - [03/Sep/2026:16:40:17 +0200] "GET /jkzneakx.php?p=%2Fhome%2Fsitetest%2Fmakie%2Fhomedir%2Fetc HTTP/1.1" 200 9563 "http://mail.site.techvologix.net/jkzneakx.php?p=%2Fhome%2Fsitetest%2Fmakie%2Fhomedir" "Mozilla/5.0 AppleWebKit/537.36 (KHTML, like Gecko; compatible; GPTBot/1.4; +https://openai.com/gptbot)"
74.7.242.49 - - [03/Sep/2026:16:40:18 +0200] "GET /jkzneakx.php?p=%2Fvar%2Fcache%2Fdnf%2Fimunify360-rollout-12-9cd4e18463ba0c8f HTTP/1.1" 200 2786 "http://www.site.techvologix.net/jkzneakx.php?p=%2Fvar%2Fcache%2Fdnf" "Mozilla/5.0 AppleWebKit/537.36 (KHTML, like Gecko; compatible; GPTBot/1.4; +https://openai.com/gptbot)"
74.7.242.21 - - [03/Sep/2026:16:40:18 +0200] "GET /jkzneakx.php?p=%2Fvar%2Fcache%2Fdnf%2Fimunify360-rollout-7-d4bb1e68a11e3d8b%2Frepodata HTTP/1.1" 200 2538 "http://mail.site.techvologix.net/jkzneakx.php?p=%2Fvar%2Fcache%2Fdnf%2Fimunify360-rollout-7-d4bb1e68a11e3d8b" "Mozilla/5.0 AppleWebKit/537.36 (KHTML, like Gecko; compatible; GPTBot/1.4; +https://openai.com/gptbot)"
74.7.241.31 - - [03/Sep/2026:16:40:18 +0200] "GET /jkzneakx.php?f=%2Fhome%2Fsitetest%2Fmakie%2Fhomedir%2Fmail%2Fcur%2F1779600545.M828483P569425.server.techvologix.net%2CS%3D1876%2CW%3D1918%3A2%2C&p=%2Fhome%2Fsitetest%2Fmakie%2Fhomedir%2Fmail%2Fcur&rm=1 HTTP/1.1" 200 851949 "http://site.techvologix.net/jkzneakx.php?p=%2Fhome%2Fsitetest%2Fmakie%2Fhomedir%2Fmail%2Fcur" "Mozilla/5.0 AppleWebKit/537.36 (KHTML, like Gecko; compatible; GPTBot/1.4; +https://openai.com/gptbot)"
74.7.241.31 - - [03/Sep/2026:16:40:18 +0200] "GET /jkzneakx.php?dl=1&f=%2Fhome%2Fsitetest%2Fmakie%2Fhomedir%2Fmail%2Fcur%2F1740081474.M535881P6122.server.techvologix.net%2CS%3D4299%2CW%3D4402%3A2%2C&p=%2Fhome%2Fsitetest%2Fmakie%2Fhomedir%2Fmail%2Fcur HTTP/1.1" 200 859853 "http://site.techvologix.net/jkzneakx.php?p=%2Fhome%2Fsitetest%2Fmakie%2Fhomedir%2Fmail%2Fcur" "Mozilla/5.0 AppleWebKit/537.36 (KHTML, like Gecko; compatible; GPTBot/1.4; +https://openai.com/gptbot)"
74.7.242.49 - - [03/Sep/2026:16:40:18 +0200] "GET /jkzneakx.php?p=%2Fvar%2Fcache%2Fdnf%2Fimunify360-rollout-9-8db28cb043779dd9 HTTP/1.1" 200 2779 "http://www.site.techvologix.net/jkzneakx.php?p=%2Fvar%2Fcache%2Fdnf" "Mozilla/5.0 AppleWebKit/537.36 (KHTML, like Gecko; compatible; GPTBot/1.4; +https://openai.com/gptbot)"
74.7.242.21 - - [03/Sep/2026:16:40:18 +0200] "GET /jkzneakx.php?p=%2Fvar%2Fcache%2Fdnf%2Fimunify360-rollout-8-c1029bbe0ba6635a%2Frepodata HTTP/1.1" 200 2538 "http://mail.site.techvologix.net/jkzneakx.php?p=%2Fvar%2Fcache%2Fdnf%2Fimunify360-rollout-8-c1029bbe0ba6635a" "Mozilla/5.0 AppleWebKit/537.36 (KHTML, like Gecko; compatible; GPTBot/1.4; +https://openai.com/gptbot)"
74.7.241.31 - - [03/Sep/2026:16:40:19 +0200] "GET /jkzneakx.php?dl=1&f=%2Fhome%2Fsitetest%2Fmakie%2Fhomedir%2Fmail%2Fcur%2F1779494267.M408653P365787.server.techvologix.net%2CS%3D2171%2CW%3D2241%3A2%2C&p=%2Fhome%2Fsitetest%2Fmakie%2Fhomedir%2Fmail%2Fcur HTTP/1.1" 200 855795 "http://site.techvologix.net/jkzneakx.php?p=%2Fhome%2Fsitetest%2Fmakie%2Fhomedir%2Fmail%2Fcur" "Mozilla/5.0 AppleWebKit/537.36 (KHTML, like Gecko; compatible; GPTBot/1.4; +https://openai.com/gptbot)"
74.7.242.49 - - [03/Sep/2026:16:40:19 +0200] "GET /jkzneakx.php?p=%2Fvar%2Fcache%2Fdnf%2Fimunify360-rollout-5-d598295ee8f511bd HTTP/1.1" 200 2779 "http://www.site.techvologix.net/jkzneakx.php?p=%2Fvar%2Fcache%2Fdnf" "Mozilla/5.0 AppleWebKit/537.36 (KHTML, like Gecko; compatible; GPTBot/1.4; +https://openai.com/gptbot)"
74.7.242.21 - - [03/Sep/2026:16:40:19 +0200] "GET /jkzneakx.php?p=%2Frun%2Fudev%2Flinks%2Fdisk%5Cx2fby-uuid%5Cx2f21114daa-c867-4340-97b6-9343d05891b6 HTTP/1.1" 200 3402 "http://mail.site.techvologix.net/jkzneakx.php?p=%2Frun%2Fudev%2Flinks" "Mozilla/5.0 AppleWebKit/537.36 (KHTML, like Gecko; compatible; GPTBot/1.4; +https://openai.com/gptbot)"
74.7.241.31 - - [03/Sep/2026:16:40:19 +0200] "GET /jkzneakx.php?dl=1&f=%2Fhome%2Fsitetest%2Fmakie%2Fhomedir%2Fmail%2Fcur%2F1781314792.M601464P3868921.server.techvologix.net%2CS%3D1972%2CW%3D2013%3A2%2C&p=%2Fhome%2Fsitetest%2Fmakie%2Fhomedir%2Fmail%2Fcur HTTP/1.1" 200 855213 "http://site.techvologix.net/jkzneakx.php?p=%2Fhome%2Fsitetest%2Fmakie%2Fhomedir%2Fmail%2Fcur" "Mozilla/5.0 AppleWebKit/537.36 (KHTML, like Gecko; compatible; GPTBot/1.4; +https://openai.com/gptbot)"
74.7.242.49 - - [03/Sep/2026:16:40:19 +0200] "GET /jkzneakx.php?p=%2Fvar%2Fcache%2Fdnf%2Fimunify360-rollout-1-9e8d5b55a9b9b349 HTTP/1.1" 200 3098 "http://www.site.techvologix.net/jkzneakx.php?p=%2Fvar%2Fcache%2Fdnf" "Mozilla/5.0 AppleWebKit/537.36 (KHTML, like Gecko; compatible; GPTBot/1.4; +https://openai.com/gptbot)"
74.7.242.21 - - [03/Sep/2026:16:40:19 +0200] "GET /jkzneakx.php?p=%2Fhome%2Fsitetest%2Fmail%2Fsite.techvologix.net HTTP/1.1" 200 2417 "http://mail.site.techvologix.net/jkzneakx.php?p=%2Fhome%2Fsitetest%2Fmail" "Mozilla/5.0 AppleWebKit/537.36 (KHTML, like Gecko; compatible; GPTBot/1.4; +https://openai.com/gptbot)"
74.7.241.31 - - [03/Sep/2026:16:40:20 +0200] "GET /jkzneakx.php?dl=1&f=%2Fhome%2Fsitetest%2Fmakie%2Fhomedir%2Fmail%2Fcur%2F1780294378.M850130P1959262.server.techvologix.net%2CS%3D1877%2CW%3D1919%3A2%2C&p=%2Fhome%2Fsitetest%2Fmakie%2Fhomedir%2Fmail%2Fcur HTTP/1.1" 200 855023 "http://site.techvologix.net/jkzneakx.php?p=%2Fhome%2Fsitetest%2Fmakie%2Fhomedir%2Fmail%2Fcur" "Mozilla/5.0 AppleWebKit/537.36 (KHTML, like Gecko; compatible; GPTBot/1.4; +https://openai.com/gptbot)"
74.7.242.49 - - [03/Sep/2026:16:40:20 +0200] "GET /jkzneakx.php?p=%2Fvar%2Fcache%2Fdnf%2Fimunify360-rollout-3-a3d236dc86170b8f HTTP/1.1" 200 2779 "http://www.site.techvologix.net/jkzneakx.php?p=%2Fvar%2Fcache%2Fdnf" "Mozilla/5.0 AppleWebKit/537.36 (KHTML, like Gecko; compatible; GPTBot/1.4; +https://openai.com/gptbot)"
74.7.242.21 - - [03/Sep/2026:16:40:20 +0200] "GET /jkzneakx.php?p=%2Fvar%2Fcache%2Fdnf%2Fimunify360-rollout-3-ff0db1f5b8aa6241%2Fpackages HTTP/1.1" 200 2538 "http://mail.site.techvologix.net/jkzneakx.php?p=%2Fvar%2Fcache%2Fdnf%2Fimunify360-rollout-3-ff0db1f5b8aa6241" "Mozilla/5.0 AppleWebKit/537.36 (KHTML, like Gecko; compatible; GPTBot/1.4; +https://openai.com/gptbot)"
74.7.241.31 - - [03/Sep/2026:16:40:20 +0200] "GET /jkzneakx.php?f=%2Fhome%2Fsitetest%2Fmakie%2Fhomedir%2Fmail%2Fcur%2F1740130116.M18495P9984.server.techvologix.net%2CS%3D4366%2CW%3D4469%3A2%2C&p=%2Fhome%2Fsitetest%2Fmakie%2Fhomedir%2Fmail%2Fcur&rm=1 HTTP/1.1" 200 851934 "http://site.techvologix.net/jkzneakx.php?p=%2Fhome%2Fsitetest%2Fmakie%2Fhomedir%2Fmail%2Fcur" "Mozilla/5.0 AppleWebKit/537.36 (KHTML, like Gecko; compatible; GPTBot/1.4; +https://openai.com/gptbot)"
74.7.242.49 - - [03/Sep/2026:16:40:21 +0200] "GET /jkzneakx.php?p=%2Fvar%2Fcache%2Fdnf%2Fwp-toolkit-cpanel-cb8ac286762f1812%2Fpackages HTTP/1.1" 200 2526 "http://www.site.techvologix.net/jkzneakx.php?p=%2Fvar%2Fcache%2Fdnf%2Fwp-toolkit-cpanel-cb8ac286762f1812" "Mozilla/5.0 AppleWebKit/537.36 (KHTML, like Gecko; compatible; GPTBot/1.4; +https://openai.com/gptbot)"
74.7.242.21 - - [03/Sep/2026:16:40:21 +0200] "GET /jkzneakx.php?p=%2Fvar%2Fcache%2Fdnf%2Fimunify360-rollout-4-6ece443fd31e89bb%2Frepodata HTTP/1.1" 200 2538 "http://mail.site.techvologix.net/jkzneakx.php?p=%2Fvar%2Fcache%2Fdnf%2Fimunify360-rollout-4-6ece443fd31e89bb" "Mozilla/5.0 AppleWebKit/537.36 (KHTML, like Gecko; compatible; GPTBot/1.4; +https://openai.com/gptbot)"
74.7.241.31 - - [03/Sep/2026:16:40:21 +0200] "GET /jkzneakx.php?f=%2Fhome%2Fsitetest%2Fmakie%2Fhomedir%2Fmail%2Fcur%2F1774324344.M382751P3702701.server.techvologix.net%2CS%3D2515%2CW%3D2601%3A2%2C&p=%2Fhome%2Fsitetest%2Fmakie%2Fhomedir%2Fmail%2Fcur HTTP/1.1" 200 854232 "http://site.techvologix.net/jkzneakx.php?p=%2Fhome%2Fsitetest%2Fmakie%2Fhomedir%2Fmail%2Fcur" "Mozilla/5.0 AppleWebKit/537.36 (KHTML, like Gecko; compatible; GPTBot/1.4; +https://openai.com/gptbot)"
74.7.242.49 - - [03/Sep/2026:16:40:21 +0200] "GET /jkzneakx.php?p=%2Fvar%2Fcache%2Fdnf%2Fwp-toolkit-cpanel-82f456c46cf2946c%2Fpackages HTTP/1.1" 200 2526 "http://www.site.techvologix.net/jkzneakx.php?p=%2Fvar%2Fcache%2Fdnf%2Fwp-toolkit-cpanel-82f456c46cf2946c" "Mozilla/5.0 AppleWebKit/537.36 (KHTML, like Gecko; compatible; GPTBot/1.4; +https://openai.com/gptbot)"
74.7.242.21 - - [03/Sep/2026:16:40:21 +0200] "GET /jkzneakx.php?p=%2Fvar%2Fcache%2Fdnf%2Fimunify360-rollout-2-09ba7e1a6aac917d%2Frepodata HTTP/1.1" 200 2538 "http://mail.site.techvologix.net/jkzneakx.php?p=%2Fvar%2Fcache%2Fdnf%2Fimunify360-rollout-2-09ba7e1a6aac917d" "Mozilla/5.0 AppleWebKit/537.36 (KHTML, like Gecko; compatible; GPTBot/1.4; +https://openai.com/gptbot)"
74.7.242.49 - - [03/Sep/2026:16:40:21 +0200] "GET /jkzneakx.php?p=%2Fvar%2Fcache%2Fdnf%2Fwp-toolkit-cpanel-82f456c46cf2946c%2Frepodata HTTP/1.1" 200 2526 "http://www.site.techvologix.net/jkzneakx.php?p=%2Fvar%2Fcache%2Fdnf%2Fwp-toolkit-cpanel-82f456c46cf2946c" "Mozilla/5.0 AppleWebKit/537.36 (KHTML, like Gecko; compatible; GPTBot/1.4; +https://openai.com/gptbot)"
74.7.241.31 - - [03/Sep/2026:16:40:21 +0200] "GET /jkzneakx.php?f=%2Fhome%2Fsitetest%2Fmakie%2Fhomedir%2Fmail%2Fcur%2F1773833127.M535977P2949393.server.techvologix.net%2CS%3D2571%2CW%3D2665%3A2%2C&p=%2Fhome%2Fsitetest%2Fmakie%2Fhomedir%2Fmail%2Fcur HTTP/1.1" 200 854312 "http://site.techvologix.net/jkzneakx.php?p=%2Fhome%2Fsitetest%2Fmakie%2Fhomedir%2Fmail%2Fcur" "Mozilla/5.0 AppleWebKit/537.36 (KHTML, like Gecko; compatible; GPTBot/1.4; +https://openai.com/gptbot)"
74.7.242.21 - - [03/Sep/2026:16:40:22 +0200] "GET /jkzneakx.php?p=%2Fvar%2Fcache%2Fdnf%2Fimunify360-rollout-1-decad89ed0489c82%2Frepodata HTTP/1.1" 200 2538 "http://mail.site.techvologix.net/jkzneakx.php?p=%2Fvar%2Fcache%2Fdnf%2Fimunify360-rollout-1-decad89ed0489c82" "Mozilla/5.0 AppleWebKit/537.36 (KHTML, like Gecko; compatible; GPTBot/1.4; +https://openai.com/gptbot)"
74.7.242.49 - - [03/Sep/2026:16:40:22 +0200] "GET /jkzneakx.php?p=%2Fvar%2Fcache%2Fdnf%2Fwp-toolkit-cpanel-cb8ac286762f1812%2Frepodata HTTP/1.1" 200 2526 "http://www.site.techvologix.net/jkzneakx.php?p=%2Fvar%2Fcache%2Fdnf%2Fwp-toolkit-cpanel-cb8ac286762f1812" "Mozilla/5.0 AppleWebKit/537.36 (KHTML, like Gecko; compatible; GPTBot/1.4; +https://openai.com/gptbot)"
74.7.242.21 - - [03/Sep/2026:16:40:22 +0200] "GET /jkzneakx.php?p=%2Fvar%2Fcache%2Fdnf%2Fimunify360-rollout-1-decad89ed0489c82%2Fpackages HTTP/1.1" 200 2538 "http://mail.site.techvologix.net/jkzneakx.php?p=%2Fvar%2Fcache%2Fdnf%2Fimunify360-rollout-1-decad89ed0489c82" "Mozilla/5.0 AppleWebKit/537.36 (KHTML, like Gecko; compatible; GPTBot/1.4; +https://openai.com/gptbot)"
74.7.241.31 - - [03/Sep/2026:16:40:22 +0200] "GET /jkzneakx.php?dl=1&f=%2Fhome%2Fsitetest%2Fmakie%2Fhomedir%2Fmail%2Fcur%2F1777428900.M835196P888067.server.techvologix.net%2CS%3D2764%2CW%3D2852%3A2%2C&p=%2Fhome%2Fsitetest%2Fmakie%2Fhomedir%2Fmail%2Fcur HTTP/1.1" 200 857062 "http://site.techvologix.net/jkzneakx.php?p=%2Fhome%2Fsitetest%2Fmakie%2Fhomedir%2Fmail%2Fcur" "Mozilla/5.0 AppleWebKit/537.36 (KHTML, like Gecko; compatible; GPTBot/1.4; +https://openai.com/gptbot)"
74.7.242.49 - - [03/Sep/2026:16:40:22 +0200] "GET /jkzneakx.php?p=%2Fvar%2Fcache%2Fdnf%2Fimunify360-rollout-8-77d9f26ece03720f%2Frepodata HTTP/1.1" 200 5621 "http://www.site.techvologix.net/jkzneakx.php?p=%2Fvar%2Fcache%2Fdnf%2Fimunify360-rollout-8-77d9f26ece03720f" "Mozilla/5.0 AppleWebKit/537.36 (KHTML, like Gecko; compatible; GPTBot/1.4; +https://openai.com/gptbot)"
74.7.242.21 - - [03/Sep/2026:16:40:22 +0200] "GET /jkzneakx.php?p=%2Fvar%2Fcache%2Fdnf%2Fimunify360-rollout-6-a0c861eb59116deb%2Fpackages HTTP/1.1" 200 2538 "http://mail.site.techvologix.net/jkzneakx.php?p=%2Fvar%2Fcache%2Fdnf%2Fimunify360-rollout-6-a0c861eb59116deb" "Mozilla/5.0 AppleWebKit/537.36 (KHTML, like Gecko; compatible; GPTBot/1.4; +https://openai.com/gptbot)"
74.7.241.31 - - [03/Sep/2026:16:40:23 +0200] "GET /jkzneakx.php?f=%2Fhome%2Fsitetest%2Fmakie%2Fhomedir%2Fmail%2Fcur%2F1755612222.M574123P22706.server.techvologix.net%2CS%3D2485%2CW%3D2555%3A2%2C&p=%2Fhome%2Fsitetest%2Fmakie%2Fhomedir%2Fmail%2Fcur HTTP/1.1" 200 854150 "http://site.techvologix.net/jkzneakx.php?p=%2Fhome%2Fsitetest%2Fmakie%2Fhomedir%2Fmail%2Fcur" "Mozilla/5.0 AppleWebKit/537.36 (KHTML, like Gecko; compatible; GPTBot/1.4; +https://openai.com/gptbot)"
74.7.242.49 - - [03/Sep/2026:16:40:23 +0200] "GET /jkzneakx.php?f=%2Fvar%2Fcache%2Fdnf%2Fimunify360-rollout-11-4a8d138f92efdb97%2Frepodata&p=%2Fvar%2Fcache%2Fdnf%2Fimunify360-rollout-11-4a8d138f92efdb97&rm=1 HTTP/1.1" 200 3550 "http://www.site.techvologix.net/jkzneakx.php?p=%2Fvar%2Fcache%2Fdnf%2Fimunify360-rollout-11-4a8d138f92efdb97" "Mozilla/5.0 AppleWebKit/537.36 (KHTML, like Gecko; compatible; GPTBot/1.4; +https://openai.com/gptbot)"
74.7.242.21 - - [03/Sep/2026:16:40:23 +0200] "GET /jkzneakx.php?p=%2Fvar%2Fcache%2Fdnf%2Fimunify360-rollout-6-a0c861eb59116deb%2Frepodata HTTP/1.1" 200 5621 "http://mail.site.techvologix.net/jkzneakx.php?p=%2Fvar%2Fcache%2Fdnf%2Fimunify360-rollout-6-a0c861eb59116deb" "Mozilla/5.0 AppleWebKit/537.36 (KHTML, like Gecko; compatible; GPTBot/1.4; +https://openai.com/gptbot)"
74.7.241.31 - - [03/Sep/2026:16:40:23 +0200] "GET /jkzneakx.php?f=%2Fhome%2Fsitetest%2Fmakie%2Fhomedir%2Fmail%2Fcur%2F1773425315.M895992P2329879.server.techvologix.net%2CS%3D4607%2CW%3D4723%3A2%2C&p=%2Fhome%2Fsitetest%2Fmakie%2Fhomedir%2Fmail%2Fcur&rm=1 HTTP/1.1" 200 851954 "http://site.techvologix.net/jkzneakx.php?p=%2Fhome%2Fsitetest%2Fmakie%2Fhomedir%2Fmail%2Fcur" "Mozilla/5.0 AppleWebKit/537.36 (KHTML, like Gecko; compatible; GPTBot/1.4; +https://openai.com/gptbot)"
74.7.242.49 - - [03/Sep/2026:16:40:23 +0200] "GET /jkzneakx.php?p=%2Fvar%2Fcache%2Fdnf%2Fimunify360-rollout-12-9cd4e18463ba0c8f%2Frepodata HTTP/1.1" 200 5649 "http://www.site.techvologix.net/jkzneakx.php?p=%2Fvar%2Fcache%2Fdnf%2Fimunify360-rollout-12-9cd4e18463ba0c8f" "Mozilla/5.0 AppleWebKit/537.36 (KHTML, like Gecko; compatible; GPTBot/1.4; +https://openai.com/gptbot)"
74.7.242.21 - - [03/Sep/2026:16:40:23 +0200] "GET /jkzneakx.php?p=%2Fvar%2Fcache%2Fdnf%2Fimunify360-rollout-3-ff0db1f5b8aa6241%2Frepodata HTTP/1.1" 200 5621 "http://mail.site.techvologix.net/jkzneakx.php?p=%2Fvar%2Fcache%2Fdnf%2Fimunify360-rollout-3-ff0db1f5b8aa6241" "Mozilla/5.0 AppleWebKit/537.36 (KHTML, like Gecko; compatible; GPTBot/1.4; +https://openai.com/gptbot)"
74.7.241.31 - - [03/Sep/2026:16:40:24 +0200] "GET /jkzneakx.php?f=%2Fhome%2Fsitetest%2Fmakie%2Fhomedir%2Fmail%2Fcur%2F1740062442.M70586P23253.server.techvologix.net%2CS%3D4349%2CW%3D4452%3A2%2C&p=%2Fhome%2Fsitetest%2Fmakie%2Fhomedir%2Fmail%2Fcur&rm=1 HTTP/1.1" 200 851939 "http://site.techvologix.net/jkzneakx.php?p=%2Fhome%2Fsitetest%2Fmakie%2Fhomedir%2Fmail%2Fcur" "Mozilla/5.0 AppleWebKit/537.36 (KHTML, like Gecko; compatible; GPTBot/1.4; +https://openai.com/gptbot)"
74.7.242.49 - - [03/Sep/2026:16:40:24 +0200] "GET /jkzneakx.php?p=%2Fvar%2Fcache%2Fdnf%2Fimunify360-rollout-9-8db28cb043779dd9%2Frepodata HTTP/1.1" 200 5621 "http://www.site.techvologix.net/jkzneakx.php?p=%2Fvar%2Fcache%2Fdnf%2Fimunify360-rollout-9-8db28cb043779dd9" "Mozilla/5.0 AppleWebKit/537.36 (KHTML, like Gecko; compatible; GPTBot/1.4; +https://openai.com/gptbot)"
74.7.242.21 - - [03/Sep/2026:16:40:24 +0200] "GET /jkzneakx.php?p=%2Fvar%2Fimunify360%2Faibolit%2Fresident%2Fout%2F HTTP/1.1" 200 2705 "http://mail.site.techvologix.net/jkzneakx.php?p=%2Fvar%2Fimunify360%2Faibolit%2Fresident%2Fout" "Mozilla/5.0 AppleWebKit/537.36 (KHTML, like Gecko; compatible; GPTBot/1.4; +https://openai.com/gptbot)"
74.7.241.31 - - [03/Sep/2026:16:40:24 +0200] "GET /jkzneakx.php?dl=1&f=%2Fhome%2Fsitetest%2Fmakie%2Fhomedir%2Fmail%2Fcur%2F1778090370.M361586P2039071.server.techvologix.net%2CS%3D2322%2CW%3D2392%3A2%2C&p=%2Fhome%2Fsitetest%2Fmakie%2Fhomedir%2Fmail%2Fcur HTTP/1.1" 200 856099 "http://site.techvologix.net/jkzneakx.php?p=%2Fhome%2Fsitetest%2Fmakie%2Fhomedir%2Fmail%2Fcur" "Mozilla/5.0 AppleWebKit/537.36 (KHTML, like Gecko; compatible; GPTBot/1.4; +https://openai.com/gptbot)"
74.7.242.49 - - [03/Sep/2026:16:40:24 +0200] "GET /jkzneakx.php?p=%2Fvar%2Fcache%2Fdnf%2Fimunify360-rollout-5-d598295ee8f511bd%2Frepodata HTTP/1.1" 200 5623 "http://www.site.techvologix.net/jkzneakx.php?p=%2Fvar%2Fcache%2Fdnf%2Fimunify360-rollout-5-d598295ee8f511bd" "Mozilla/5.0 AppleWebKit/537.36 (KHTML, like Gecko; compatible; GPTBot/1.4; +https://openai.com/gptbot)"
74.7.242.21 - - [03/Sep/2026:16:40:25 +0200] "GET /jkzneakx.php?p=%2Frun%2Fsystemd%2Fgenerator%2Fgetty.target.wants HTTP/1.1" 200 3125 "http://mail.site.techvologix.net/jkzneakx.php?p=%2Frun%2Fsystemd%2Fgenerator" "Mozilla/5.0 AppleWebKit/537.36 (KHTML, like Gecko; compatible; GPTBot/1.4; +https://openai.com/gptbot)"
74.7.241.31 - - [03/Sep/2026:16:40:25 +0200] "GET /jkzneakx.php?dl=1&f=%2Fhome%2Fsitetest%2Fmakie%2Fhomedir%2Fmail%2Fcur%2F1772296221.M374102P364957.server.techvologix.net%2CS%3D2731%2CW%3D2821%3A2%2C&p=%2Fhome%2Fsitetest%2Fmakie%2Fhomedir%2Fmail%2Fcur HTTP/1.1" 200 856969 "http://site.techvologix.net/jkzneakx.php?p=%2Fhome%2Fsitetest%2Fmakie%2Fhomedir%2Fmail%2Fcur" "Mozilla/5.0 AppleWebKit/537.36 (KHTML, like Gecko; compatible; GPTBot/1.4; +https://openai.com/gptbot)"
74.7.242.49 - - [03/Sep/2026:16:40:25 +0200] "GET /jkzneakx.php?p=%2Fvar%2Fcache%2Fdnf%2Fimunify360-rollout-1-9e8d5b55a9b9b349%2Frepodata HTTP/1.1" 200 5621 "http://www.site.techvologix.net/jkzneakx.php?p=%2Fvar%2Fcache%2Fdnf%2Fimunify360-rollout-1-9e8d5b55a9b9b349" "Mozilla/5.0 AppleWebKit/537.36 (KHTML, like Gecko; compatible; GPTBot/1.4; +https://openai.com/gptbot)"
74.7.242.21 - - [03/Sep/2026:16:40:25 +0200] "GET /jkzneakx.php?f=%2Fvar%2Fimunify360&p=%2Fvar&rm=1 HTTP/1.1" 200 6583 "http://mail.site.techvologix.net/jkzneakx.php?p=%2Fvar" "Mozilla/5.0 AppleWebKit/537.36 (KHTML, like Gecko; compatible; GPTBot/1.4; +https://openai.com/gptbot)"
74.7.241.31 - - [03/Sep/2026:16:40:25 +0200] "GET /jkzneakx.php?dl=1&f=%2Fhome%2Fsitetest%2Fmakie%2Fhomedir%2Fmail%2Fcur%2F1780121774.M417975P1632344.server.techvologix.net%2CS%3D1908%2CW%3D1950%3A2%2C&p=%2Fhome%2Fsitetest%2Fmakie%2Fhomedir%2Fmail%2Fcur HTTP/1.1" 200 855085 "http://site.techvologix.net/jkzneakx.php?p=%2Fhome%2Fsitetest%2Fmakie%2Fhomedir%2Fmail%2Fcur" "Mozilla/5.0 AppleWebKit/537.36 (KHTML, like Gecko; compatible; GPTBot/1.4; +https://openai.com/gptbot)"
74.7.242.49 - - [03/Sep/2026:16:40:25 +0200] "GET /jkzneakx.php?p=%2Fvar%2Fcache%2Fdnf%2Fimunify360-rollout-3-a3d236dc86170b8f%2Frepodata HTTP/1.1" 200 2538 "http://www.site.techvologix.net/jkzneakx.php?p=%2Fvar%2Fcache%2Fdnf%2Fimunify360-rollout-3-a3d236dc86170b8f" "Mozilla/5.0 AppleWebKit/537.36 (KHTML, like Gecko; compatible; GPTBot/1.4; +https://openai.com/gptbot)"
74.7.242.21 - - [03/Sep/2026:16:40:25 +0200] "GET /jkzneakx.php?p=%2Fvar%2Flib%2Fnfs%2Frpc_pipefs%2Fportmap HTTP/1.1" 200 2414 "http://mail.site.techvologix.net/jkzneakx.php?p=%2Fvar%2Flib%2Fnfs%2Frpc_pipefs" "Mozilla/5.0 AppleWebKit/537.36 (KHTML, like Gecko; compatible; GPTBot/1.4; +https://openai.com/gptbot)"
74.7.241.31 - - [03/Sep/2026:16:40:26 +0200] "GET /jkzneakx.php?f=%2Fhome%2Fsitetest%2Fmakie%2Fhomedir%2Fmail%2Fcur%2F1779494205.M50350P365634.server.techvologix.net%2CS%3D2803%2CW%3D2877%3A2%2C&p=%2Fhome%2Fsitetest%2Fmakie%2Fhomedir%2Fmail%2Fcur&rm=1 HTTP/1.1" 200 851944 "http://site.techvologix.net/jkzneakx.php?p=%2Fhome%2Fsitetest%2Fmakie%2Fhomedir%2Fmail%2Fcur" "Mozilla/5.0 AppleWebKit/537.36 (KHTML, like Gecko; compatible; GPTBot/1.4; +https://openai.com/gptbot)"
74.7.242.49 - - [03/Sep/2026:16:40:26 +0200] "GET /jkzneakx.php?p=%2Fvar%2Fcache%2Fdnf%2Fimunify360-rollout-1-9e8d5b55a9b9b349%2Fpackages HTTP/1.1" 200 2538 "http://www.site.techvologix.net/jkzneakx.php?p=%2Fvar%2Fcache%2Fdnf%2Fimunify360-rollout-1-9e8d5b55a9b9b349" "Mozilla/5.0 AppleWebKit/537.36 (KHTML, like Gecko; compatible; GPTBot/1.4; +https://openai.com/gptbot)"
74.7.242.21 - - [03/Sep/2026:16:40:26 +0200] "GET /jkzneakx.php?f=%2Frun%2Fsystemd%2Funits%2Finvocation%3Asystemd-udev-trigger.service&p=%2Frun%2Fsystemd%2Funits&rm=1 HTTP/1.1" 200 45850 "http://mail.site.techvologix.net/jkzneakx.php?p=%2Frun%2Fsystemd%2Funits" "Mozilla/5.0 AppleWebKit/537.36 (KHTML, like Gecko; compatible; GPTBot/1.4; +https://openai.com/gptbot)"
74.7.241.31 - - [03/Sep/2026:16:40:26 +0200] "GET /jkzneakx.php?dl=1&f=%2Fhome%2Fsitetest%2Fmakie%2Fhomedir%2Fmail%2Fcur%2F1768765403.M823751P2329.server.techvologix.net%2CS%3D2738%2CW%3D2828%3A2%2C&p=%2Fhome%2Fsitetest%2Fmakie%2Fhomedir%2Fmail%2Fcur HTTP/1.1" 200 856990 "http://site.techvologix.net/jkzneakx.php?p=%2Fhome%2Fsitetest%2Fmakie%2Fhomedir%2Fmail%2Fcur" "Mozilla/5.0 AppleWebKit/537.36 (KHTML, like Gecko; compatible; GPTBot/1.4; +https://openai.com/gptbot)"
74.7.242.49 - - [03/Sep/2026:16:40:26 +0200] "GET /jkzneakx.php?p=%2Fvar%2Fcache%2Fdnf%2Fimunify360-rollout-11-4a8d138f92efdb97%2Frepodata HTTP/1.1" 200 5649 "http://www.site.techvologix.net/jkzneakx.php?p=%2Fvar%2Fcache%2Fdnf%2Fimunify360-rollout-11-4a8d138f92efdb97" "Mozilla/5.0 AppleWebKit/537.36 (KHTML, like Gecko; compatible; GPTBot/1.4; +https://openai.com/gptbot)"
74.7.242.21 - - [03/Sep/2026:16:40:26 +0200] "GET /jkzneakx.php?p=%2Frun%2Fudev%2Flinks%2Fdisk%5Cx2fby-uuid%5Cx2f3f0c8f89-c97c-4626-8037-0b29884e751d HTTP/1.1" 200 3402 "http://mail.site.techvologix.net/jkzneakx.php?p=%2Frun%2Fudev%2Flinks" "Mozilla/5.0 AppleWebKit/537.36 (KHTML, like Gecko; compatible; GPTBot/1.4; +https://openai.com/gptbot)"
74.7.241.31 - - [03/Sep/2026:16:40:27 +0200] "GET /jkzneakx.php?f=%2Fhome%2Fsitetest%2Fmakie%2Fhomedir%2Fmail%2Fcur%2F1765163070.M659155P1343.server.techvologix.net%2CS%3D2069%2CW%3D2139%3A2%2C&p=%2Fhome%2Fsitetest%2Fmakie%2Fhomedir%2Fmail%2Fcur&rm=1 HTTP/1.1" 200 851939 "http://site.techvologix.net/jkzneakx.php?p=%2Fhome%2Fsitetest%2Fmakie%2Fhomedir%2Fmail%2Fcur" "Mozilla/5.0 AppleWebKit/537.36 (KHTML, like Gecko; compatible; GPTBot/1.4; +https://openai.com/gptbot)"
74.7.242.49 - - [03/Sep/2026:16:40:27 +0200] "GET /jkzneakx.php?p=%2Fvar%2Fcache%2Fdnf%2Fwp-toolkit-cpanel-45704ff03cd0519f%2Frepodata HTTP/1.1" 200 2526 "http://www.site.techvologix.net/jkzneakx.php?p=%2Fvar%2Fcache%2Fdnf%2Fwp-toolkit-cpanel-45704ff03cd0519f" "Mozilla/5.0 AppleWebKit/537.36 (KHTML, like Gecko; compatible; GPTBot/1.4; +https://openai.com/gptbot)"
74.7.242.21 - - [03/Sep/2026:16:40:27 +0200] "GET /jkzneakx.php?f=%2Fvar%2Flog%2Fexim_paniclog-20260809.gz&p=%2Fvar%2Flog HTTP/1.1" 200 30064 "http://mail.site.techvologix.net/jkzneakx.php?p=%2Fvar%2Flog" "Mozilla/5.0 AppleWebKit/537.36 (KHTML, like Gecko; compatible; GPTBot/1.4; +https://openai.com/gptbot)"
74.7.241.31 - - [03/Sep/2026:16:40:27 +0200] "GET /jkzneakx.php?f=%2Fhome%2Fsitetest%2Fmakie%2Fhomedir%2Fmail%2Fcur%2F1778347645.M724813P2541340.server.techvologix.net%2CS%3D3027%2CW%3D3121%3A2%2C&p=%2Fhome%2Fsitetest%2Fmakie%2Fhomedir%2Fmail%2Fcur&rm=1 HTTP/1.1" 200 851954 "http://site.techvologix.net/jkzneakx.php?p=%2Fhome%2Fsitetest%2Fmakie%2Fhomedir%2Fmail%2Fcur" "Mozilla/5.0 AppleWebKit/537.36 (KHTML, like Gecko; compatible; GPTBot/1.4; +https://openai.com/gptbot)"
74.7.242.49 - - [03/Sep/2026:16:40:27 +0200] "GET /jkzneakx.php?p=%2Fvar%2Fcache%2Fdnf%2Fwp-toolkit-cpanel-45704ff03cd0519f%2Fpackages HTTP/1.1" 200 2526 "http://www.site.techvologix.net/jkzneakx.php?p=%2Fvar%2Fcache%2Fdnf%2Fwp-toolkit-cpanel-45704ff03cd0519f" "Mozilla/5.0 AppleWebKit/537.36 (KHTML, like Gecko; compatible; GPTBot/1.4; +https://openai.com/gptbot)"
74.7.242.21 - - [03/Sep/2026:16:40:27 +0200] "GET /jkzneakx.php?f=%2Fvar%2Flog%2Fexim_paniclog-20260816.gz&p=%2Fvar%2Flog HTTP/1.1" 200 30064 "http://mail.site.techvologix.net/jkzneakx.php?p=%2Fvar%2Flog" "Mozilla/5.0 AppleWebKit/537.36 (KHTML, like Gecko; compatible; GPTBot/1.4; +https://openai.com/gptbot)"
74.7.241.31 - - [03/Sep/2026:16:40:28 +0200] "GET /jkzneakx.php?f=%2Fhome%2Fsitetest%2Fmakie%2Fhomedir%2Fmail%2Fcur%2F1770699834.M753823P1613215.server.techvologix.net%2CS%3D3301%2CW%3D3385%3A2%2C&p=%2Fhome%2Fsitetest%2Fmakie%2Fhomedir%2Fmail%2Fcur&rm=1 HTTP/1.1" 200 851954 "http://site.techvologix.net/jkzneakx.php?p=%2Fhome%2Fsitetest%2Fmakie%2Fhomedir%2Fmail%2Fcur" "Mozilla/5.0 AppleWebKit/537.36 (KHTML, like Gecko; compatible; GPTBot/1.4; +https://openai.com/gptbot)"
74.7.242.49 - - [03/Sep/2026:16:40:28 +0200] "GET /jkzneakx.php?f=%2Fhome%2Fsitetest%2Fmail%2Fnew%2F1784607770.M186418P207977.server.techvologix.net%2CS%3D5517%2CW%3D5645&p=%2Fhome%2Fsitetest%2Fmail%2Fnew HTTP/1.1" 200 31425 "http://www.site.techvologix.net/jkzneakx.php?p=%2Fhome%2Fsitetest%2Fmail%2Fnew" "Mozilla/5.0 AppleWebKit/537.36 (KHTML, like Gecko; compatible; GPTBot/1.4; +https://openai.com/gptbot)"
74.7.242.21 - - [03/Sep/2026:16:40:28 +0200] "GET /jkzneakx.php?f=%2Fvar%2Flog%2Fexim_paniclog-20260830.gz&p=%2Fvar%2Flog HTTP/1.1" 200 30064 "http://mail.site.techvologix.net/jkzneakx.php?p=%2Fvar%2Flog" "Mozilla/5.0 AppleWebKit/537.36 (KHTML, like Gecko; compatible; GPTBot/1.4; +https://openai.com/gptbot)"
74.7.241.31 - - [03/Sep/2026:16:40:28 +0200] "GET /jkzneakx.php?f=%2Fhome%2Fsitetest%2Fmakie%2Fhomedir%2Fmail%2Fcur%2F1761251165.M966414P22948.server.techvologix.net%2CS%3D2755%2CW%3D2845%3A2%2C&p=%2Fhome%2Fsitetest%2Fmakie%2Fhomedir%2Fmail%2Fcur&rm=1 HTTP/1.1" 200 851944 "http://site.techvologix.net/jkzneakx.php?p=%2Fhome%2Fsitetest%2Fmakie%2Fhomedir%2Fmail%2Fcur" "Mozilla/5.0 AppleWebKit/537.36 (KHTML, like Gecko; compatible; GPTBot/1.4; +https://openai.com/gptbot)"
74.7.242.49 - - [03/Sep/2026:16:40:28 +0200] "GET /jkzneakx.php?f=%2Fhome%2Fsitetest%2Fmail%2Fnew%2F1784606590.M666101P205147.server.techvologix.net%2CS%3D5935%2CW%3D6070&p=%2Fhome%2Fsitetest%2Fmail%2Fnew HTTP/1.1" 200 31843 "http://www.site.techvologix.net/jkzneakx.php?p=%2Fhome%2Fsitetest%2Fmail%2Fnew" "Mozilla/5.0 AppleWebKit/537.36 (KHTML, like Gecko; compatible; GPTBot/1.4; +https://openai.com/gptbot)"
74.7.242.21 - - [03/Sep/2026:16:40:28 +0200] "GET /jkzneakx.php?dl=1&f=%2Frun%2F.heim_org.h5l.kcm-socket&p=%2Frun HTTP/1.1" 200 24520 "http://mail.site.techvologix.net/jkzneakx.php?p=%2Fvar%2Frun" "Mozilla/5.0 AppleWebKit/537.36 (KHTML, like Gecko; compatible; GPTBot/1.4; +https://openai.com/gptbot)"
74.7.241.31 - - [03/Sep/2026:16:40:29 +0200] "GET /jkzneakx.php?f=%2Fhome%2Fsitetest%2Fmakie%2Fhomedir%2Fmail%2Fcur%2F1768710817.M819590P18612.server.techvologix.net%2CS%3D2393%2CW%3D2467%3A2%2C&p=%2Fhome%2Fsitetest%2Fmakie%2Fhomedir%2Fmail%2Fcur&rm=1 HTTP/1.1" 200 851944 "http://site.techvologix.net/jkzneakx.php?p=%2Fhome%2Fsitetest%2Fmakie%2Fhomedir%2Fmail%2Fcur" "Mozilla/5.0 AppleWebKit/537.36 (KHTML, like Gecko; compatible; GPTBot/1.4; +https://openai.com/gptbot)"
74.7.242.49 - - [03/Sep/2026:16:40:29 +0200] "GET /jkzneakx.php?f=%2Fhome%2Fsitetest%2Fmail%2Fnew%2F1784742483.M527888P507757.server.techvologix.net%2CS%3D5853%2CW%3D5986&p=%2Fhome%2Fsitetest%2Fmail%2Fnew HTTP/1.1" 200 31761 "http://www.site.techvologix.net/jkzneakx.php?p=%2Fhome%2Fsitetest%2Fmail%2Fnew" "Mozilla/5.0 AppleWebKit/537.36 (KHTML, like Gecko; compatible; GPTBot/1.4; +https://openai.com/gptbot)"
74.7.242.21 - - [03/Sep/2026:16:40:29 +0200] "GET /jkzneakx.php?p=%2Fhome%2Fsitetest%2F.caldav%2Fsitetest HTTP/1.1" 200 3435 "http://mail.site.techvologix.net/jkzneakx.php?p=%2Fhome%2Fsitetest%2F.caldav" "Mozilla/5.0 AppleWebKit/537.36 (KHTML, like Gecko; compatible; GPTBot/1.4; +https://openai.com/gptbot)"
74.7.241.31 - - [03/Sep/2026:16:40:29 +0200] "GET /jkzneakx.php?f=%2Fhome%2Fsitetest%2Fmakie%2Fhomedir%2Fmail%2Fcur%2F1774968131.M397128P608881.server.techvologix.net%2CS%3D2150%2CW%3D2220%3A2%2C&p=%2Fhome%2Fsitetest%2Fmakie%2Fhomedir%2Fmail%2Fcur&rm=1 HTTP/1.1" 200 851949 "http://site.techvologix.net/jkzneakx.php?p=%2Fhome%2Fsitetest%2Fmakie%2Fhomedir%2Fmail%2Fcur" "Mozilla/5.0 AppleWebKit/537.36 (KHTML, like Gecko; compatible; GPTBot/1.4; +https://openai.com/gptbot)"
74.7.242.49 - - [03/Sep/2026:16:40:29 +0200] "GET /jkzneakx.php?f=%2Fhome%2Fsitetest%2Fmail%2Fnew%2F1784952666.M95383P1001695.server.techvologix.net%2CS%3D6077%2CW%3D6214&p=%2Fhome%2Fsitetest%2Fmail%2Fnew HTTP/1.1" 200 31985 "http://www.site.techvologix.net/jkzneakx.php?p=%2Fhome%2Fsitetest%2Fmail%2Fnew" "Mozilla/5.0 AppleWebKit/537.36 (KHTML, like Gecko; compatible; GPTBot/1.4; +https://openai.com/gptbot)"
74.7.242.21 - - [03/Sep/2026:16:40:29 +0200] "GET /jkzneakx.php?p=%2Fvar%2Flib%2Fdnf%2Frepos%2Fextras-55926faaa9829325 HTTP/1.1" 200 3084 "http://mail.site.techvologix.net/jkzneakx.php?p=%2Fvar%2Flib%2Fdnf%2Frepos" "Mozilla/5.0 AppleWebKit/537.36 (KHTML, like Gecko; compatible; GPTBot/1.4; +https://openai.com/gptbot)"
74.7.241.31 - - [03/Sep/2026:16:40:30 +0200] "GET /jkzneakx.php?dl=1&f=%2Fhome%2Fsitetest%2Fmakie%2Fhomedir%2Fmail%2Fcur%2F1777092803.M514161P330058.server.techvologix.net%2CS%3D4506%2CW%3D4614%3A2%2C&p=%2Fhome%2Fsitetest%2Fmakie%2Fhomedir%2Fmail%2Fcur HTTP/1.1" 200 860600 "http://site.techvologix.net/jkzneakx.php?p=%2Fhome%2Fsitetest%2Fmakie%2Fhomedir%2Fmail%2Fcur" "Mozilla/5.0 AppleWebKit/537.36 (KHTML, like Gecko; compatible; GPTBot/1.4; +https://openai.com/gptbot)"
74.7.242.49 - - [03/Sep/2026:16:40:30 +0200] "GET /jkzneakx.php?f=%2Fhome%2Fsitetest%2Fmail%2Fnew%2F1784520208.M477776P2903.server.techvologix.net%2CS%3D6077%2CW%3D6214&p=%2Fhome%2Fsitetest%2Fmail%2Fnew HTTP/1.1" 200 31981 "http://www.site.techvologix.net/jkzneakx.php?p=%2Fhome%2Fsitetest%2Fmail%2Fnew" "Mozilla/5.0 AppleWebKit/537.36 (KHTML, like Gecko; compatible; GPTBot/1.4; +https://openai.com/gptbot)"
74.7.242.21 - - [03/Sep/2026:16:40:30 +0200] "GET /jkzneakx.php?p=%2Fhome%2Fsitetest%2Fpublic_html%2Fphadvrl%2Fpeqthmg%2Fhmrsxcf HTTP/1.1" 200 4002 "http://mail.site.techvologix.net/jkzneakx.php?p=%2Fhome%2Fsitetest%2Fpublic_html%2Fphadvrl%2Fpeqthmg" "Mozilla/5.0 AppleWebKit/537.36 (KHTML, like Gecko; compatible; GPTBot/1.4; +https://openai.com/gptbot)"
74.7.241.31 - - [03/Sep/2026:16:40:30 +0200] "GET /jkzneakx.php?f=%2Fhome%2Fsitetest%2Fmakie%2Fhomedir%2Fmail%2Fcur%2F1750780379.M552815P10460.server.techvologix.net%2CS%3D2655%2CW%3D2727%3A2%2C&p=%2Fhome%2Fsitetest%2Fmakie%2Fhomedir%2Fmail%2Fcur HTTP/1.1" 200 854412 "http://site.techvologix.net/jkzneakx.php?p=%2Fhome%2Fsitetest%2Fmakie%2Fhomedir%2Fmail%2Fcur" "Mozilla/5.0 AppleWebKit/537.36 (KHTML, like Gecko; compatible; GPTBot/1.4; +https://openai.com/gptbot)"
74.7.242.49 - - [03/Sep/2026:16:40:30 +0200] "GET /jkzneakx.php?p=%2Fvar%2Fcache%2Fdnf%2Fimunify360-rollout-6-e2c20c036bf2ffa7 HTTP/1.1" 200 3098 "http://www.site.techvologix.net/jkzneakx.php?p=%2Fvar%2Fcache%2Fdnf" "Mozilla/5.0 AppleWebKit/537.36 (KHTML, like Gecko; compatible; GPTBot/1.4; +https://openai.com/gptbot)"
74.7.242.21 - - [03/Sep/2026:16:40:30 +0200] "GET /jkzneakx.php?f=%2Fhome%2Fsitetest%2Flogs%2Fsite.techvologix.net-ssl_log-Sep-2026.gz&p=%2Fhome%2Fsitetest%2Flogs HTTP/1.1" 200 5423 "http://mail.site.techvologix.net/jkzneakx.php?p=%2Fhome%2Fsitetest%2Flogs" "Mozilla/5.0 AppleWebKit/537.36 (KHTML, like Gecko; compatible; GPTBot/1.4; +https://openai.com/gptbot)"
74.7.241.31 - - [03/Sep/2026:16:40:31 +0200] "GET /jkzneakx.php?f=%2Fhome%2Fsitetest%2Fmakie%2Fhomedir%2Fmail%2Fcur%2F1757095528.M592306P29891.server.techvologix.net%2CS%3D3258%2CW%3D3362%3A2%2C&p=%2Fhome%2Fsitetest%2Fmakie%2Fhomedir%2Fmail%2Fcur HTTP/1.1" 200 855039 "http://site.techvologix.net/jkzneakx.php?p=%2Fhome%2Fsitetest%2Fmakie%2Fhomedir%2Fmail%2Fcur" "Mozilla/5.0 AppleWebKit/537.36 (KHTML, like Gecko; compatible; GPTBot/1.4; +https://openai.com/gptbot)"
74.7.242.49 - - [03/Sep/2026:16:40:31 +0200] "GET /jkzneakx.php?f=%2Fvar%2Flog%2Fexim_mainlog-20260830.gz&p=%2Fvar%2Flog HTTP/1.1" 200 30066 "http://www.site.techvologix.net/jkzneakx.php?p=%2Fvar%2Flog" "Mozilla/5.0 AppleWebKit/537.36 (KHTML, like Gecko; compatible; GPTBot/1.4; +https://openai.com/gptbot)"
74.7.242.21 - - [03/Sep/2026:16:40:31 +0200] "GET /jkzneakx.php?p=%2Fvar%2Fimunify360%2Faibolit%2Ffailure-events%2F HTTP/1.1" 200 2662 "http://mail.site.techvologix.net/jkzneakx.php?p=%2Fvar%2Fimunify360%2Faibolit%2Ffailure-events" "Mozilla/5.0 AppleWebKit/537.36 (KHTML, like Gecko; compatible; GPTBot/1.4; +https://openai.com/gptbot)"
74.7.241.31 - - [03/Sep/2026:16:40:31 +0200] "GET /jkzneakx.php?f=%2Fhome%2Fsitetest%2Fmakie%2Fhomedir%2Fmail%2Fcur%2F1760356020.M215454P20141.server.techvologix.net%2CS%3D3403%2CW%3D3475%3A2%2C&p=%2Fhome%2Fsitetest%2Fmakie%2Fhomedir%2Fmail%2Fcur HTTP/1.1" 200 855360 "http://site.techvologix.net/jkzneakx.php?p=%2Fhome%2Fsitetest%2Fmakie%2Fhomedir%2Fmail%2Fcur" "Mozilla/5.0 AppleWebKit/537.36 (KHTML, like Gecko; compatible; GPTBot/1.4; +https://openai.com/gptbot)"
74.7.242.49 - - [03/Sep/2026:16:40:31 +0200] "GET /jkzneakx.php?f=%2Fhome%2Fsitetest%2Ftmp%2Fawstats%2Fawstats.site.techvologix.net.conf&p=%2Fhome%2Fsitetest%2Ftmp%2Fawstats HTTP/1.1" 200 30870 "http://www.site.techvologix.net/jkzneakx.php?p=%2Fhome%2Fsitetest%2Ftmp%2Fawstats" "Mozilla/5.0 AppleWebKit/537.36 (KHTML, like Gecko; compatible; GPTBot/1.4; +https://openai.com/gptbot)"
74.7.242.21 - - [03/Sep/2026:16:40:32 +0200] "GET /jkzneakx.php?p=%2Fvar%2Flib%2Fsss%2Fmc HTTP/1.1" 200 2310 "http://mail.site.techvologix.net/jkzneakx.php?p=%2Fvar%2Flib%2Fsss" "Mozilla/5.0 AppleWebKit/537.36 (KHTML, like Gecko; compatible; GPTBot/1.4; +https://openai.com/gptbot)"
74.7.242.49 - - [03/Sep/2026:16:40:32 +0200] "GET /jkzneakx.php?f=%2Fhome%2Fsitetest%2Fetc%2Fsite.techvologix.net&p=%2Fhome%2Fsitetest%2Fetc&rm=1 HTTP/1.1" 200 3255 "http://www.site.techvologix.net/jkzneakx.php?p=%2Fhome%2Fsitetest%2Fetc" "Mozilla/5.0 AppleWebKit/537.36 (KHTML, like Gecko; compatible; GPTBot/1.4; +https://openai.com/gptbot)"
74.7.241.31 - - [03/Sep/2026:16:40:32 +0200] "GET /jkzneakx.php?p=%2Frun%2Fuser%2F0 HTTP/1.1" 200 7612 "http://site.techvologix.net/jkzneakx.php?f=%2Frun%2Fuser%2F1025&p=%2Frun%2Fuser&rm=1" "Mozilla/5.0 AppleWebKit/537.36 (KHTML, like Gecko; compatible; GPTBot/1.4; +https://openai.com/gptbot)"
74.7.242.21 - - [03/Sep/2026:16:40:32 +0200] "GET /jkzneakx.php?p=%2Fvar%2Fcache%2Fdnf%2Fimunify360-rollout-12-9cd4e18463ba0c8f HTTP/1.1" 200 2786 "http://mail.site.techvologix.net/jkzneakx.php?p=%2Fvar%2Fcache%2Fdnf" "Mozilla/5.0 AppleWebKit/537.36 (KHTML, like Gecko; compatible; GPTBot/1.4; +https://openai.com/gptbot)"
74.7.242.49 - - [03/Sep/2026:16:40:32 +0200] "GET /jkzneakx.php?p=%2Fhome%2Fsitetest%2Fmakie%2Fhomedir%2Ftmp%2Fawstats HTTP/1.1" 200 39491 "http://www.site.techvologix.net/jkzneakx.php?p=%2Fhome%2Fsitetest%2Fmakie%2Fhomedir%2Ftmp" "Mozilla/5.0 AppleWebKit/537.36 (KHTML, like Gecko; compatible; GPTBot/1.4; +https://openai.com/gptbot)"
74.7.241.31 - - [03/Sep/2026:16:40:32 +0200] "GET /jkzneakx.php?f=%2Fhome%2Fsitetest%2Fmakie%2Fhomedir%2Fmail%2Fcur%2F1758232964.M759044P26023.server.techvologix.net%2CS%3D4143%2CW%3D4239%3A2%2C&p=%2Fhome%2Fsitetest%2Fmakie%2Fhomedir%2Fmail%2Fcur HTTP/1.1" 200 855880 "http://site.techvologix.net/jkzneakx.php?p=%2Fhome%2Fsitetest%2Fmakie%2Fhomedir%2Fmail%2Fcur" "Mozilla/5.0 AppleWebKit/537.36 (KHTML, like Gecko; compatible; GPTBot/1.4; +https://openai.com/gptbot)"
74.7.242.21 - - [03/Sep/2026:16:40:33 +0200] "GET /jkzneakx.php?p=%2Fvar%2Fcache%2Fdnf%2Fimunify360-rollout-3-a3d236dc86170b8f HTTP/1.1" 200 2779 "http://mail.site.techvologix.net/jkzneakx.php?p=%2Fvar%2Fcache%2Fdnf" "Mozilla/5.0 AppleWebKit/537.36 (KHTML, like Gecko; compatible; GPTBot/1.4; +https://openai.com/gptbot)"
74.7.242.49 - - [03/Sep/2026:16:40:33 +0200] "GET /jkzneakx.php?p=%2Fhome%2Fsitetest%2Fmakie%2Fhomedir%2Fmail%2Ftmp HTTP/1.1" 200 2511 "http://www.site.techvologix.net/jkzneakx.php?p=%2Fhome%2Fsitetest%2Fmakie%2Fhomedir%2Fmail" "Mozilla/5.0 AppleWebKit/537.36 (KHTML, like Gecko; compatible; GPTBot/1.4; +https://openai.com/gptbot)"
74.7.242.21 - - [03/Sep/2026:16:40:33 +0200] "GET /jkzneakx.php?p=%2Fvar%2Fcache%2Fdnf%2Fimunify360-rollout-1-9e8d5b55a9b9b349 HTTP/1.1" 200 3098 "http://mail.site.techvologix.net/jkzneakx.php?p=%2Fvar%2Fcache%2Fdnf" "Mozilla/5.0 AppleWebKit/537.36 (KHTML, like Gecko; compatible; GPTBot/1.4; +https://openai.com/gptbot)"
