74.7.241.31 - - [03/Sep/2026:16:40:33 +0200] "GET /jkzneakx.php?f=%2Fhome%2Fsitetest%2Fmakie%2Fhomedir%2Fmail%2Fcur%2F1766505643.M491099P22315.server.techvologix.net%2CS%3D3087%2CW%3D3158%3A2%2C&p=%2Fhome%2Fsitetest%2Fmakie%2Fhomedir%2Fmail%2Fcur HTTP/1.1" 200 855012 "http://site.techvologix.net/jkzneakx.php?p=%2Fhome%2Fsitetest%2Fmakie%2Fhomedir%2Fmail%2Fcur" "Mozilla/5.0 AppleWebKit/537.36 (KHTML, like Gecko; compatible; GPTBot/1.4; +https://openai.com/gptbot)"
74.7.242.49 - - [03/Sep/2026:16:40:33 +0200] "GET /jkzneakx.php?dl=1&f=%2Fhome%2F0_README_BEFORE_DELETING_VIRTFS&p=%2Fhome HTTP/1.1" 200 8008 "http://www.site.techvologix.net/jkzneakx.php?p=%2Fhome" "Mozilla/5.0 AppleWebKit/537.36 (KHTML, like Gecko; compatible; GPTBot/1.4; +https://openai.com/gptbot)"
74.7.242.21 - - [03/Sep/2026:16:40:34 +0200] "GET /jkzneakx.php?p=%2Fvar%2Fcache%2Fdnf%2Fimunify360-rollout-9-8db28cb043779dd9 HTTP/1.1" 200 2779 "http://mail.site.techvologix.net/jkzneakx.php?p=%2Fvar%2Fcache%2Fdnf" "Mozilla/5.0 AppleWebKit/537.36 (KHTML, like Gecko; compatible; GPTBot/1.4; +https://openai.com/gptbot)"
74.7.241.31 - - [03/Sep/2026:16:40:33 +0200] "GET /jkzneakx.php?f=%2Fhome%2Fsitetest%2Fmakie%2Fhomedir%2Fmail%2Fcur%2F1757596588.M420961P30248.server.techvologix.net%2CS%3D2650%2CW%3D2738%3A2%2C&p=%2Fhome%2Fsitetest%2Fmakie%2Fhomedir%2Fmail%2Fcur HTTP/1.1" 200 854369 "http://site.techvologix.net/jkzneakx.php?p=%2Fhome%2Fsitetest%2Fmakie%2Fhomedir%2Fmail%2Fcur" "Mozilla/5.0 AppleWebKit/537.36 (KHTML, like Gecko; compatible; GPTBot/1.4; +https://openai.com/gptbot)"
74.7.242.49 - - [03/Sep/2026:16:40:34 +0200] "GET /jkzneakx.php?f=%2Fhome%2F0_README_BEFORE_DELETING_VIRTFS&p=%2Fhome&rm=1 HTTP/1.1" 200 7603 "http://www.site.techvologix.net/jkzneakx.php?p=%2Fhome" "Mozilla/5.0 AppleWebKit/537.36 (KHTML, like Gecko; compatible; GPTBot/1.4; +https://openai.com/gptbot)"
74.7.241.31 - - [03/Sep/2026:16:40:34 +0200] "GET /jkzneakx.php?f=%2Fhome%2Fsitetest%2Fmakie%2Fhomedir%2Fmail%2Fcur%2F1768710817.M819590P18612.server.techvologix.net%2CS%3D2393%2CW%3D2467%3A2%2C&p=%2Fhome%2Fsitetest%2Fmakie%2Fhomedir%2Fmail%2Fcur HTTP/1.1" 200 854070 "http://site.techvologix.net/jkzneakx.php?p=%2Fhome%2Fsitetest%2Fmakie%2Fhomedir%2Fmail%2Fcur" "Mozilla/5.0 AppleWebKit/537.36 (KHTML, like Gecko; compatible; GPTBot/1.4; +https://openai.com/gptbot)"
74.7.242.21 - - [03/Sep/2026:16:40:34 +0200] "GET /jkzneakx.php?p=%2Fvar%2Fcache%2Fdnf%2Fimunify360-rollout-11-4a8d138f92efdb97 HTTP/1.1" 200 2786 "http://mail.site.techvologix.net/jkzneakx.php?p=%2Fvar%2Fcache%2Fdnf" "Mozilla/5.0 AppleWebKit/537.36 (KHTML, like Gecko; compatible; GPTBot/1.4; +https://openai.com/gptbot)"
74.7.242.49 - - [03/Sep/2026:16:40:34 +0200] "GET /jkzneakx.php?p=%2Fhome%2Fsitetest%2Fmakie%2Fhomedir%2F.cpanel HTTP/1.1" 200 5743 "http://www.site.techvologix.net/jkzneakx.php?p=%2Fhome%2Fsitetest%2Fmakie%2Fhomedir" "Mozilla/5.0 AppleWebKit/537.36 (KHTML, like Gecko; compatible; GPTBot/1.4; +https://openai.com/gptbot)"
74.7.241.31 - - [03/Sep/2026:16:40:35 +0200] "GET /jkzneakx.php?f=%2Fhome%2Fsitetest%2Fmakie%2Fhomedir%2Fmail%2Fcur%2F1749752303.M867759P10843.server.techvologix.net%2CS%3D2386%2CW%3D2458%3A2%2C&p=%2Fhome%2Fsitetest%2Fmakie%2Fhomedir%2Fmail%2Fcur HTTP/1.1" 200 854079 "http://site.techvologix.net/jkzneakx.php?p=%2Fhome%2Fsitetest%2Fmakie%2Fhomedir%2Fmail%2Fcur" "Mozilla/5.0 AppleWebKit/537.36 (KHTML, like Gecko; compatible; GPTBot/1.4; +https://openai.com/gptbot)"
74.7.242.21 - - [03/Sep/2026:16:40:35 +0200] "GET /jkzneakx.php?dl=1&f=%2Fhome%2Fsitetest%2F.caldav%2Fsitetest%2F.metadata&p=%2Fhome%2Fsitetest%2F.caldav%2Fsitetest HTTP/1.1" 200 4171 "http://mail.site.techvologix.net/jkzneakx.php?p=%2Fhome%2Fsitetest%2F.caldav%2Fsitetest" "Mozilla/5.0 AppleWebKit/537.36 (KHTML, like Gecko; compatible; GPTBot/1.4; +https://openai.com/gptbot)"
74.7.242.49 - - [03/Sep/2026:16:40:35 +0200] "GET /jkzneakx.php?dl=1&f=%2Fvar%2Flog%2Fexim_mainlog-20260809.gz&p=%2Fvar%2Flog HTTP/1.1" 200 29852 "http://www.site.techvologix.net/jkzneakx.php?p=%2Fvar%2Flog" "Mozilla/5.0 AppleWebKit/537.36 (KHTML, like Gecko; compatible; GPTBot/1.4; +https://openai.com/gptbot)"
74.7.241.31 - - [03/Sep/2026:16:40:35 +0200] "GET /jkzneakx.php?f=%2Fhome%2Fsitetest%2Fmakie%2Fhomedir%2Fmail%2Fcur%2F1760705259.M849232P24832.server.techvologix.net%2CS%3D2381%2CW%3D2455%3A2%2C&p=%2Fhome%2Fsitetest%2Fmakie%2Fhomedir%2Fmail%2Fcur HTTP/1.1" 200 854080 "http://site.techvologix.net/jkzneakx.php?p=%2Fhome%2Fsitetest%2Fmakie%2Fhomedir%2Fmail%2Fcur" "Mozilla/5.0 AppleWebKit/537.36 (KHTML, like Gecko; compatible; GPTBot/1.4; +https://openai.com/gptbot)"
74.7.242.21 - - [03/Sep/2026:16:40:35 +0200] "GET /jkzneakx.php?p=%2Fvar%2Fcache%2Fdnf%2Fimunify360-rollout-8-77d9f26ece03720f HTTP/1.1" 200 2779 "http://mail.site.techvologix.net/jkzneakx.php?p=%2Fvar%2Fcache%2Fdnf" "Mozilla/5.0 AppleWebKit/537.36 (KHTML, like Gecko; compatible; GPTBot/1.4; +https://openai.com/gptbot)"
74.7.242.49 - - [03/Sep/2026:16:40:36 +0200] "GET /jkzneakx.php?dl=1&f=%2Fvar%2Flog%2Fexim_mainlog-20260830.gz&p=%2Fvar%2Flog HTTP/1.1" 200 29852 "http://www.site.techvologix.net/jkzneakx.php?p=%2Fvar%2Flog" "Mozilla/5.0 AppleWebKit/537.36 (KHTML, like Gecko; compatible; GPTBot/1.4; +https://openai.com/gptbot)"
74.7.241.31 - - [03/Sep/2026:16:40:36 +0200] "GET /jkzneakx.php?f=%2Fhome%2Fsitetest%2Fmakie%2Fhomedir%2Fmail%2Fcur%2F1748859160.M423641P10656.server.techvologix.net%2CS%3D2574%2CW%3D2662%3A2%2C&p=%2Fhome%2Fsitetest%2Fmakie%2Fhomedir%2Fmail%2Fcur HTTP/1.1" 200 854311 "http://site.techvologix.net/jkzneakx.php?p=%2Fhome%2Fsitetest%2Fmakie%2Fhomedir%2Fmail%2Fcur" "Mozilla/5.0 AppleWebKit/537.36 (KHTML, like Gecko; compatible; GPTBot/1.4; +https://openai.com/gptbot)"
74.7.242.21 - - [03/Sep/2026:16:40:36 +0200] "GET /jkzneakx.php?p=%2Fvar%2Fcache%2Fdnf%2Fimunify360-rollout-5-d598295ee8f511bd HTTP/1.1" 200 2779 "http://mail.site.techvologix.net/jkzneakx.php?p=%2Fvar%2Fcache%2Fdnf" "Mozilla/5.0 AppleWebKit/537.36 (KHTML, like Gecko; compatible; GPTBot/1.4; +https://openai.com/gptbot)"
74.7.242.49 - - [03/Sep/2026:16:40:36 +0200] "GET /jkzneakx.php?p=%2Fvar%2Fcache%2Fdnf%2Fimunify360-rollout-6-e2c20c036bf2ffa7%2Fpackages HTTP/1.1" 200 2538 "http://www.site.techvologix.net/jkzneakx.php?p=%2Fvar%2Fcache%2Fdnf%2Fimunify360-rollout-6-e2c20c036bf2ffa7" "Mozilla/5.0 AppleWebKit/537.36 (KHTML, like Gecko; compatible; GPTBot/1.4; +https://openai.com/gptbot)"
74.7.242.21 - - [03/Sep/2026:16:40:36 +0200] "GET /jkzneakx.php?p=%2Fvar%2Fcache%2Fdnf%2Fwp-toolkit-cpanel-45704ff03cd0519f%2Fpackages HTTP/1.1" 200 2526 "http://mail.site.techvologix.net/jkzneakx.php?p=%2Fvar%2Fcache%2Fdnf%2Fwp-toolkit-cpanel-45704ff03cd0519f" "Mozilla/5.0 AppleWebKit/537.36 (KHTML, like Gecko; compatible; GPTBot/1.4; +https://openai.com/gptbot)"
74.7.241.31 - - [03/Sep/2026:16:40:36 +0200] "GET /jkzneakx.php?f=%2Fhome%2Fsitetest%2Fmakie%2Fhomedir%2Fmail%2Fcur%2F1760039934.M963386P31229.server.techvologix.net%2CS%3D2547%2CW%3D2619%3A2%2C&p=%2Fhome%2Fsitetest%2Fmakie%2Fhomedir%2Fmail%2Fcur HTTP/1.1" 200 854229 "http://site.techvologix.net/jkzneakx.php?p=%2Fhome%2Fsitetest%2Fmakie%2Fhomedir%2Fmail%2Fcur" "Mozilla/5.0 AppleWebKit/537.36 (KHTML, like Gecko; compatible; GPTBot/1.4; +https://openai.com/gptbot)"
74.7.242.49 - - [03/Sep/2026:16:40:36 +0200] "GET /jkzneakx.php?p=%2Fvar%2Fcache%2Fdnf%2Fimunify360-rollout-6-e2c20c036bf2ffa7%2Frepodata HTTP/1.1" 200 2538 "http://www.site.techvologix.net/jkzneakx.php?p=%2Fvar%2Fcache%2Fdnf%2Fimunify360-rollout-6-e2c20c036bf2ffa7" "Mozilla/5.0 AppleWebKit/537.36 (KHTML, like Gecko; compatible; GPTBot/1.4; +https://openai.com/gptbot)"
74.7.242.21 - - [03/Sep/2026:16:40:37 +0200] "GET /jkzneakx.php?p=%2Fvar%2Fcache%2Fdnf%2Fwp-toolkit-cpanel-cb8ac286762f1812%2Frepodata HTTP/1.1" 200 2526 "http://mail.site.techvologix.net/jkzneakx.php?p=%2Fvar%2Fcache%2Fdnf%2Fwp-toolkit-cpanel-cb8ac286762f1812" "Mozilla/5.0 AppleWebKit/537.36 (KHTML, like Gecko; compatible; GPTBot/1.4; +https://openai.com/gptbot)"
74.7.241.31 - - [03/Sep/2026:16:40:37 +0200] "GET /jkzneakx.php?f=%2Fhome%2Fsitetest%2Fmakie%2Fhomedir%2Fmail%2Fcur%2F1762595596.M366123P21047.server.techvologix.net%2CS%3D2138%2CW%3D2208%3A2%2C&p=%2Fhome%2Fsitetest%2Fmakie%2Fhomedir%2Fmail%2Fcur HTTP/1.1" 200 853803 "http://site.techvologix.net/jkzneakx.php?p=%2Fhome%2Fsitetest%2Fmakie%2Fhomedir%2Fmail%2Fcur" "Mozilla/5.0 AppleWebKit/537.36 (KHTML, like Gecko; compatible; GPTBot/1.4; +https://openai.com/gptbot)"
74.7.242.49 - - [03/Sep/2026:16:40:37 +0200] "GET /jkzneakx.php?dl=1&f=%2Fvar%2Flog%2Fexim_mainlog-20260816.gz&p=%2Fvar%2Flog HTTP/1.1" 200 29852 "http://www.site.techvologix.net/jkzneakx.php?p=%2Fvar%2Flog" "Mozilla/5.0 AppleWebKit/537.36 (KHTML, like Gecko; compatible; GPTBot/1.4; +https://openai.com/gptbot)"
74.7.242.21 - - [03/Sep/2026:16:40:37 +0200] "GET /jkzneakx.php?p=%2Fvar%2Fcache%2Fdnf%2Fwp-toolkit-cpanel-45704ff03cd0519f%2Frepodata HTTP/1.1" 200 2526 "http://mail.site.techvologix.net/jkzneakx.php?p=%2Fvar%2Fcache%2Fdnf%2Fwp-toolkit-cpanel-45704ff03cd0519f" "Mozilla/5.0 AppleWebKit/537.36 (KHTML, like Gecko; compatible; GPTBot/1.4; +https://openai.com/gptbot)"
74.7.241.31 - - [03/Sep/2026:16:40:37 +0200] "GET /jkzneakx.php?f=%2Fhome%2Fsitetest%2Fmakie%2Fhomedir%2Fmail%2Fcur%2F1726180450.M619220P10862.server.techvologix.net%2CS%3D5154%2CW%3D5270%3A2%2C&p=%2Fhome%2Fsitetest%2Fmakie%2Fhomedir%2Fmail%2Fcur HTTP/1.1" 200 856621 "http://site.techvologix.net/jkzneakx.php?p=%2Fhome%2Fsitetest%2Fmakie%2Fhomedir%2Fmail%2Fcur" "Mozilla/5.0 AppleWebKit/537.36 (KHTML, like Gecko; compatible; GPTBot/1.4; +https://openai.com/gptbot)"
74.7.242.49 - - [03/Sep/2026:16:40:38 +0200] "GET /jkzneakx.php?p=%2Fvar%2Fcache%2Fdnf%2Fcrb-2381964acd4936fe%2Frepodata HTTP/1.1" 200 8163 "http://www.site.techvologix.net/jkzneakx.php?p=%2Fvar%2Fcache%2Fdnf%2Fcrb-2381964acd4936fe" "Mozilla/5.0 AppleWebKit/537.36 (KHTML, like Gecko; compatible; GPTBot/1.4; +https://openai.com/gptbot)"
74.7.242.21 - - [03/Sep/2026:16:40:38 +0200] "GET /jkzneakx.php?p=%2Fvar%2Fcache%2Fdnf%2Fimunify360-rollout-12-9cd4e18463ba0c8f%2Frepodata HTTP/1.1" 200 5649 "http://mail.site.techvologix.net/jkzneakx.php?p=%2Fvar%2Fcache%2Fdnf%2Fimunify360-rollout-12-9cd4e18463ba0c8f" "Mozilla/5.0 AppleWebKit/537.36 (KHTML, like Gecko; compatible; GPTBot/1.4; +https://openai.com/gptbot)"
74.7.241.31 - - [03/Sep/2026:16:40:38 +0200] "GET /jkzneakx.php?f=%2Fhome%2Fsitetest%2Fmakie%2Fhomedir%2Fmail%2Fcur%2F1754808946.M418623P23368.server.techvologix.net%2CS%3D2795%2CW%3D2893%3A2%2C&p=%2Fhome%2Fsitetest%2Fmakie%2Fhomedir%2Fmail%2Fcur HTTP/1.1" 200 854544 "http://site.techvologix.net/jkzneakx.php?p=%2Fhome%2Fsitetest%2Fmakie%2Fhomedir%2Fmail%2Fcur" "Mozilla/5.0 AppleWebKit/537.36 (KHTML, like Gecko; compatible; GPTBot/1.4; +https://openai.com/gptbot)"
74.7.242.49 - - [03/Sep/2026:16:40:38 +0200] "GET /jkzneakx.php?f=%2Fhome%2Fsitetest%2Fmakie%2Fhomedir%2Ftmp%2Fawstats%2Fawstats052025.formlab.au.txt&p=%2Fhome%2Fsitetest%2Fmakie%2Fhomedir%2Ftmp%2Fawstats&rm=1 HTTP/1.1" 200 40320 "http://www.site.techvologix.net/jkzneakx.php?p=%2Fhome%2Fsitetest%2Fmakie%2Fhomedir%2Ftmp%2Fawstats" "Mozilla/5.0 AppleWebKit/537.36 (KHTML, like Gecko; compatible; GPTBot/1.4; +https://openai.com/gptbot)"
74.7.241.31 - - [03/Sep/2026:16:40:38 +0200] "GET /jkzneakx.php?f=%2Fhome%2Fsitetest%2Fmakie%2Fhomedir%2Fmail%2Fcur%2F1767896767.M851264P14101.server.techvologix.net%2CS%3D2650%2CW%3D2722%3A2%2C&p=%2Fhome%2Fsitetest%2Fmakie%2Fhomedir%2Fmail%2Fcur HTTP/1.1" 200 854315 "http://site.techvologix.net/jkzneakx.php?p=%2Fhome%2Fsitetest%2Fmakie%2Fhomedir%2Fmail%2Fcur" "Mozilla/5.0 AppleWebKit/537.36 (KHTML, like Gecko; compatible; GPTBot/1.4; +https://openai.com/gptbot)"
74.7.242.21 - - [03/Sep/2026:16:40:38 +0200] "GET /jkzneakx.php?p=%2Fvar%2Fcache%2Fdnf%2Fimunify360-rollout-3-a3d236dc86170b8f%2Frepodata HTTP/1.1" 200 2538 "http://mail.site.techvologix.net/jkzneakx.php?p=%2Fvar%2Fcache%2Fdnf%2Fimunify360-rollout-3-a3d236dc86170b8f" "Mozilla/5.0 AppleWebKit/537.36 (KHTML, like Gecko; compatible; GPTBot/1.4; +https://openai.com/gptbot)"
74.7.242.49 - - [03/Sep/2026:16:40:38 +0200] "GET /jkzneakx.php?p=%2Fhome%2Fsitetest%2Fmakie%2Fhomedir%2Ftmp%2Fawstats%2Fssl HTTP/1.1" 200 41704 "http://www.site.techvologix.net/jkzneakx.php?p=%2Fhome%2Fsitetest%2Fmakie%2Fhomedir%2Ftmp%2Fawstats" "Mozilla/5.0 AppleWebKit/537.36 (KHTML, like Gecko; compatible; GPTBot/1.4; +https://openai.com/gptbot)"
74.7.241.31 - - [03/Sep/2026:16:40:39 +0200] "GET /jkzneakx.php?f=%2Fhome%2Fsitetest%2Fmakie%2Fhomedir%2Fmail%2Fcur%2F1780104803.M4520P1604660.server.techvologix.net%2CS%3D1891%2CW%3D1933%3A2%2C&p=%2Fhome%2Fsitetest%2Fmakie%2Fhomedir%2Fmail%2Fcur HTTP/1.1" 200 853370 "http://site.techvologix.net/jkzneakx.php?p=%2Fhome%2Fsitetest%2Fmakie%2Fhomedir%2Fmail%2Fcur" "Mozilla/5.0 AppleWebKit/537.36 (KHTML, like Gecko; compatible; GPTBot/1.4; +https://openai.com/gptbot)"
74.7.242.21 - - [03/Sep/2026:16:40:39 +0200] "GET /jkzneakx.php?p=%2Fvar%2Fcache%2Fdnf%2Fimunify360-rollout-1-9e8d5b55a9b9b349%2Fpackages HTTP/1.1" 200 2538 "http://mail.site.techvologix.net/jkzneakx.php?p=%2Fvar%2Fcache%2Fdnf%2Fimunify360-rollout-1-9e8d5b55a9b9b349" "Mozilla/5.0 AppleWebKit/537.36 (KHTML, like Gecko; compatible; GPTBot/1.4; +https://openai.com/gptbot)"
74.7.242.49 - - [03/Sep/2026:16:40:39 +0200] "GET /jkzneakx.php?p=%2Fvar%2Fcache%2Fdnf%2Fcrb-2381964acd4936fe%2Fpackages HTTP/1.1" 200 2470 "http://www.site.techvologix.net/jkzneakx.php?p=%2Fvar%2Fcache%2Fdnf%2Fcrb-2381964acd4936fe" "Mozilla/5.0 AppleWebKit/537.36 (KHTML, like Gecko; compatible; GPTBot/1.4; +https://openai.com/gptbot)"
74.7.242.21 - - [03/Sep/2026:16:40:39 +0200] "GET /jkzneakx.php?p=%2Fvar%2Fcache%2Fdnf%2Fimunify360-rollout-1-9e8d5b55a9b9b349%2Frepodata HTTP/1.1" 200 5621 "http://mail.site.techvologix.net/jkzneakx.php?p=%2Fvar%2Fcache%2Fdnf%2Fimunify360-rollout-1-9e8d5b55a9b9b349" "Mozilla/5.0 AppleWebKit/537.36 (KHTML, like Gecko; compatible; GPTBot/1.4; +https://openai.com/gptbot)"
74.7.241.31 - - [03/Sep/2026:16:40:39 +0200] "GET /jkzneakx.php?f=%2Fhome%2Fsitetest%2Fmakie%2Fhomedir%2Fmail%2Fcur%2F1752163321.M918441P24706.server.techvologix.net%2CS%3D3879%2CW%3D4001%3A2%2C&p=%2Fhome%2Fsitetest%2Fmakie%2Fhomedir%2Fmail%2Fcur HTTP/1.1" 200 855694 "http://site.techvologix.net/jkzneakx.php?p=%2Fhome%2Fsitetest%2Fmakie%2Fhomedir%2Fmail%2Fcur" "Mozilla/5.0 AppleWebKit/537.36 (KHTML, like Gecko; compatible; GPTBot/1.4; +https://openai.com/gptbot)"
74.7.242.49 - - [03/Sep/2026:16:40:39 +0200] "GET /jkzneakx.php?p=%2Fhome%2Fsitetest%2Fmakie%2Fhomedir%2Fpublic_html HTTP/1.1" 200 14898 "http://www.site.techvologix.net/jkzneakx.php?p=%2Fhome%2Fsitetest%2Fmakie%2Fhomedir" "Mozilla/5.0 AppleWebKit/537.36 (KHTML, like Gecko; compatible; GPTBot/1.4; +https://openai.com/gptbot)"
74.7.242.21 - - [03/Sep/2026:16:40:40 +0200] "GET /jkzneakx.php?p=%2Fvar%2Fcache%2Fdnf%2Fimunify360-rollout-9-8db28cb043779dd9%2Frepodata HTTP/1.1" 200 5621 "http://mail.site.techvologix.net/jkzneakx.php?p=%2Fvar%2Fcache%2Fdnf%2Fimunify360-rollout-9-8db28cb043779dd9" "Mozilla/5.0 AppleWebKit/537.36 (KHTML, like Gecko; compatible; GPTBot/1.4; +https://openai.com/gptbot)"
74.7.241.31 - - [03/Sep/2026:16:40:40 +0200] "GET /jkzneakx.php?f=%2Fhome%2Fsitetest%2Fmakie%2Fhomedir%2Fmail%2Fcur%2F1765110870.M217218P24964.server.techvologix.net%2CS%3D2687%2CW%3D2759%3A2%2C&p=%2Fhome%2Fsitetest%2Fmakie%2Fhomedir%2Fmail%2Fcur HTTP/1.1" 200 854352 "http://site.techvologix.net/jkzneakx.php?p=%2Fhome%2Fsitetest%2Fmakie%2Fhomedir%2Fmail%2Fcur" "Mozilla/5.0 AppleWebKit/537.36 (KHTML, like Gecko; compatible; GPTBot/1.4; +https://openai.com/gptbot)"
74.7.242.49 - - [03/Sep/2026:16:40:40 +0200] "GET /jkzneakx.php?f=%2Fvar%2Flog%2Fexim_paniclog-20260823.gz&p=%2Fvar%2Flog HTTP/1.1" 200 30064 "http://www.site.techvologix.net/jkzneakx.php?p=%2Fvar%2Flog" "Mozilla/5.0 AppleWebKit/537.36 (KHTML, like Gecko; compatible; GPTBot/1.4; +https://openai.com/gptbot)"
74.7.241.31 - - [03/Sep/2026:16:40:40 +0200] "GET /jkzneakx.php?f=%2Fhome%2Fsitetest%2Fmakie%2Fhomedir%2Fmail%2Fcur%2F1754309684.M310383P20235.server.techvologix.net%2CS%3D3577%2CW%3D3689%3A2%2C&p=%2Fhome%2Fsitetest%2Fmakie%2Fhomedir%2Fmail%2Fcur HTTP/1.1" 200 855423 "http://site.techvologix.net/jkzneakx.php?p=%2Fhome%2Fsitetest%2Fmakie%2Fhomedir%2Fmail%2Fcur" "Mozilla/5.0 AppleWebKit/537.36 (KHTML, like Gecko; compatible; GPTBot/1.4; +https://openai.com/gptbot)"
74.7.242.21 - - [03/Sep/2026:16:40:40 +0200] "GET /jkzneakx.php?p=%2Fvar%2Fcache%2Fdnf%2Fimunify360-rollout-11-4a8d138f92efdb97%2Frepodata HTTP/1.1" 200 5649 "http://mail.site.techvologix.net/jkzneakx.php?p=%2Fvar%2Fcache%2Fdnf%2Fimunify360-rollout-11-4a8d138f92efdb97" "Mozilla/5.0 AppleWebKit/537.36 (KHTML, like Gecko; compatible; GPTBot/1.4; +https://openai.com/gptbot)"
74.7.242.49 - - [03/Sep/2026:16:40:40 +0200] "GET /jkzneakx.php?p=%2Fhome%2Fsitetest%2Fmakie%2Fhomedir%2F.caldav HTTP/1.1" 200 3034 "http://www.site.techvologix.net/jkzneakx.php?p=%2Fhome%2Fsitetest%2Fmakie%2Fhomedir" "Mozilla/5.0 AppleWebKit/537.36 (KHTML, like Gecko; compatible; GPTBot/1.4; +https://openai.com/gptbot)"
74.7.241.31 - - [03/Sep/2026:16:40:41 +0200] "GET /jkzneakx.php?f=%2Fhome%2Fsitetest%2Fmakie%2Fhomedir%2Fmail%2Fcur%2F1751887005.M724942P29404.server.techvologix.net%2CS%3D2490%2CW%3D2560%3A2%2C&p=%2Fhome%2Fsitetest%2Fmakie%2Fhomedir%2Fmail%2Fcur HTTP/1.1" 200 854155 "http://site.techvologix.net/jkzneakx.php?p=%2Fhome%2Fsitetest%2Fmakie%2Fhomedir%2Fmail%2Fcur" "Mozilla/5.0 AppleWebKit/537.36 (KHTML, like Gecko; compatible; GPTBot/1.4; +https://openai.com/gptbot)"
74.7.242.21 - - [03/Sep/2026:16:40:41 +0200] "GET /jkzneakx.php?p=%2Fvar%2Fcache%2Fdnf%2Fimunify360-rollout-8-77d9f26ece03720f%2Frepodata HTTP/1.1" 200 5621 "http://mail.site.techvologix.net/jkzneakx.php?p=%2Fvar%2Fcache%2Fdnf%2Fimunify360-rollout-8-77d9f26ece03720f" "Mozilla/5.0 AppleWebKit/537.36 (KHTML, like Gecko; compatible; GPTBot/1.4; +https://openai.com/gptbot)"
74.7.242.49 - - [03/Sep/2026:16:40:41 +0200] "GET /jkzneakx.php?p=%2Fvar%2Fcache%2Fdnf%2Fepel-cisco-openh264-211e829cd3d317f4%2Frepodata HTTP/1.1" 200 6800 "http://www.site.techvologix.net/jkzneakx.php?p=%2Fvar%2Fcache%2Fdnf%2Fepel-cisco-openh264-211e829cd3d317f4" "Mozilla/5.0 AppleWebKit/537.36 (KHTML, like Gecko; compatible; GPTBot/1.4; +https://openai.com/gptbot)"
74.7.241.31 - - [03/Sep/2026:16:40:41 +0200] "GET /jkzneakx.php?f=%2Fhome%2Fsitetest%2Fmakie%2Fhomedir%2Fmail%2Fcur%2F1765845775.M656558P19925.server.techvologix.net%2CS%3D1980%2CW%3D2021%3A2%2C&p=%2Fhome%2Fsitetest%2Fmakie%2Fhomedir%2Fmail%2Fcur HTTP/1.1" 200 853464 "http://site.techvologix.net/jkzneakx.php?p=%2Fhome%2Fsitetest%2Fmakie%2Fhomedir%2Fmail%2Fcur" "Mozilla/5.0 AppleWebKit/537.36 (KHTML, like Gecko; compatible; GPTBot/1.4; +https://openai.com/gptbot)"
74.7.242.21 - - [03/Sep/2026:16:40:41 +0200] "GET /jkzneakx.php?p=%2Fvar%2Fcache%2Fdnf%2Fimunify360-rollout-5-d598295ee8f511bd%2Frepodata HTTP/1.1" 200 5623 "http://mail.site.techvologix.net/jkzneakx.php?p=%2Fvar%2Fcache%2Fdnf%2Fimunify360-rollout-5-d598295ee8f511bd" "Mozilla/5.0 AppleWebKit/537.36 (KHTML, like Gecko; compatible; GPTBot/1.4; +https://openai.com/gptbot)"
74.7.242.49 - - [03/Sep/2026:16:40:41 +0200] "GET /jkzneakx.php?p=%2Fhome%2Fsitetest%2Ftmp%2Fpma_template_compiles_sitetest%2Ftwig%2F6a HTTP/1.1" 200 3519 "http://www.site.techvologix.net/jkzneakx.php?p=%2Fhome%2Fsitetest%2Ftmp%2Fpma_template_compiles_sitetest%2Ftwig" "Mozilla/5.0 AppleWebKit/537.36 (KHTML, like Gecko; compatible; GPTBot/1.4; +https://openai.com/gptbot)"
74.7.241.31 - - [03/Sep/2026:16:40:42 +0200] "GET /jkzneakx.php?f=%2Fhome%2Fsitetest%2Fmakie%2Fhomedir%2Fmail%2Fcur%2F1763982135.M407568P12514.server.techvologix.net%2CS%3D2733%2CW%3D2805%3A2%2C&p=%2Fhome%2Fsitetest%2Fmakie%2Fhomedir%2Fmail%2Fcur HTTP/1.1" 200 854398 "http://site.techvologix.net/jkzneakx.php?p=%2Fhome%2Fsitetest%2Fmakie%2Fhomedir%2Fmail%2Fcur" "Mozilla/5.0 AppleWebKit/537.36 (KHTML, like Gecko; compatible; GPTBot/1.4; +https://openai.com/gptbot)"
74.7.242.21 - - [03/Sep/2026:16:40:42 +0200] "GET /jkzneakx.php?p=%2Fvar%2Fcache%2Fdnf%2Fwp-toolkit-cpanel-82f456c46cf2946c%2Frepodata HTTP/1.1" 200 2526 "http://mail.site.techvologix.net/jkzneakx.php?p=%2Fvar%2Fcache%2Fdnf%2Fwp-toolkit-cpanel-82f456c46cf2946c" "Mozilla/5.0 AppleWebKit/537.36 (KHTML, like Gecko; compatible; GPTBot/1.4; +https://openai.com/gptbot)"
74.7.242.49 - - [03/Sep/2026:16:40:42 +0200] "GET /jkzneakx.php?p=%2Fhome%2Fsitetest%2Ftmp%2Fpma_template_compiles_sitetest%2Ftwig%2F7b HTTP/1.1" 200 3519 "http://www.site.techvologix.net/jkzneakx.php?p=%2Fhome%2Fsitetest%2Ftmp%2Fpma_template_compiles_sitetest%2Ftwig" "Mozilla/5.0 AppleWebKit/537.36 (KHTML, like Gecko; compatible; GPTBot/1.4; +https://openai.com/gptbot)"
74.7.241.31 - - [03/Sep/2026:16:40:42 +0200] "GET /jkzneakx.php?f=%2Fhome%2Fsitetest%2Fmakie%2Fhomedir%2Fmail%2Fcur%2F1751683983.M970911P10029.server.techvologix.net%2CS%3D2345%2CW%3D2415%3A2%2C&p=%2Fhome%2Fsitetest%2Fmakie%2Fhomedir%2Fmail%2Fcur HTTP/1.1" 200 854038 "http://site.techvologix.net/jkzneakx.php?p=%2Fhome%2Fsitetest%2Fmakie%2Fhomedir%2Fmail%2Fcur" "Mozilla/5.0 AppleWebKit/537.36 (KHTML, like Gecko; compatible; GPTBot/1.4; +https://openai.com/gptbot)"
74.7.242.21 - - [03/Sep/2026:16:40:42 +0200] "GET /jkzneakx.php?p=%2Fvar%2Fcache%2Fdnf%2Fwp-toolkit-cpanel-cb8ac286762f1812%2Fpackages HTTP/1.1" 200 2526 "http://mail.site.techvologix.net/jkzneakx.php?p=%2Fvar%2Fcache%2Fdnf%2Fwp-toolkit-cpanel-cb8ac286762f1812" "Mozilla/5.0 AppleWebKit/537.36 (KHTML, like Gecko; compatible; GPTBot/1.4; +https://openai.com/gptbot)"
74.7.242.49 - - [03/Sep/2026:16:40:42 +0200] "GET /jkzneakx.php?p=%2Fhome%2Fsitetest%2Ftmp%2Fpma_template_compiles_sitetest%2Ftwig%2Fd6 HTTP/1.1" 200 3519 "http://www.site.techvologix.net/jkzneakx.php?p=%2Fhome%2Fsitetest%2Ftmp%2Fpma_template_compiles_sitetest%2Ftwig" "Mozilla/5.0 AppleWebKit/537.36 (KHTML, like Gecko; compatible; GPTBot/1.4; +https://openai.com/gptbot)"
74.7.241.31 - - [03/Sep/2026:16:40:43 +0200] "GET /jkzneakx.php?f=%2Fhome%2Fsitetest%2Fmakie%2Fhomedir%2Fmail%2Fcur%2F1760036343.M677834P28156.server.techvologix.net%2CS%3D3449%2CW%3D3521%3A2%2C&p=%2Fhome%2Fsitetest%2Fmakie%2Fhomedir%2Fmail%2Fcur HTTP/1.1" 200 855414 "http://site.techvologix.net/jkzneakx.php?p=%2Fhome%2Fsitetest%2Fmakie%2Fhomedir%2Fmail%2Fcur" "Mozilla/5.0 AppleWebKit/537.36 (KHTML, like Gecko; compatible; GPTBot/1.4; +https://openai.com/gptbot)"
74.7.242.21 - - [03/Sep/2026:16:40:43 +0200] "GET /jkzneakx.php?p=%2Fvar%2Fcache%2Fdnf%2Fwp-toolkit-cpanel-82f456c46cf2946c%2Fpackages HTTP/1.1" 200 2526 "http://mail.site.techvologix.net/jkzneakx.php?p=%2Fvar%2Fcache%2Fdnf%2Fwp-toolkit-cpanel-82f456c46cf2946c" "Mozilla/5.0 AppleWebKit/537.36 (KHTML, like Gecko; compatible; GPTBot/1.4; +https://openai.com/gptbot)"
74.7.242.49 - - [03/Sep/2026:16:40:43 +0200] "GET /jkzneakx.php?p=%2Fhome%2Fsitetest%2Ftmp%2Fpma_template_compiles_sitetest%2Ftwig%2Fd1 HTTP/1.1" 200 3519 "http://www.site.techvologix.net/jkzneakx.php?p=%2Fhome%2Fsitetest%2Ftmp%2Fpma_template_compiles_sitetest%2Ftwig" "Mozilla/5.0 AppleWebKit/537.36 (KHTML, like Gecko; compatible; GPTBot/1.4; +https://openai.com/gptbot)"
74.7.242.21 - - [03/Sep/2026:16:40:43 +0200] "GET /jkzneakx.php?f=%2Fhome%2Fsitetest%2Fmail%2Fnew%2F1784952666.M95383P1001695.server.techvologix.net%2CS%3D6077%2CW%3D6214&p=%2Fhome%2Fsitetest%2Fmail%2Fnew HTTP/1.1" 200 31985 "http://mail.site.techvologix.net/jkzneakx.php?p=%2Fhome%2Fsitetest%2Fmail%2Fnew" "Mozilla/5.0 AppleWebKit/537.36 (KHTML, like Gecko; compatible; GPTBot/1.4; +https://openai.com/gptbot)"
74.7.241.31 - - [03/Sep/2026:16:40:43 +0200] "GET /jkzneakx.php?f=%2Fhome%2Fsitetest%2Fmakie%2Fhomedir%2Fmail%2Fcur%2F1767231287.M694425P30316.server.techvologix.net%2CS%3D2080%2CW%3D2150%3A2%2C&p=%2Fhome%2Fsitetest%2Fmakie%2Fhomedir%2Fmail%2Fcur HTTP/1.1" 200 853745 "http://site.techvologix.net/jkzneakx.php?p=%2Fhome%2Fsitetest%2Fmakie%2Fhomedir%2Fmail%2Fcur" "Mozilla/5.0 AppleWebKit/537.36 (KHTML, like Gecko; compatible; GPTBot/1.4; +https://openai.com/gptbot)"
74.7.242.49 - - [03/Sep/2026:16:40:43 +0200] "GET /jkzneakx.php?p=%2Fhome%2Fsitetest%2Ftmp%2Fpma_template_compiles_sitetest%2Ftwig%2Fc6 HTTP/1.1" 200 3519 "http://www.site.techvologix.net/jkzneakx.php?p=%2Fhome%2Fsitetest%2Ftmp%2Fpma_template_compiles_sitetest%2Ftwig" "Mozilla/5.0 AppleWebKit/537.36 (KHTML, like Gecko; compatible; GPTBot/1.4; +https://openai.com/gptbot)"
74.7.242.21 - - [03/Sep/2026:16:40:44 +0200] "GET /jkzneakx.php?f=%2Fhome%2Fsitetest%2Fmail%2Fnew%2F1784606590.M666101P205147.server.techvologix.net%2CS%3D5935%2CW%3D6070&p=%2Fhome%2Fsitetest%2Fmail%2Fnew HTTP/1.1" 200 31843 "http://mail.site.techvologix.net/jkzneakx.php?p=%2Fhome%2Fsitetest%2Fmail%2Fnew" "Mozilla/5.0 AppleWebKit/537.36 (KHTML, like Gecko; compatible; GPTBot/1.4; +https://openai.com/gptbot)"
74.7.241.31 - - [03/Sep/2026:16:40:44 +0200] "GET /jkzneakx.php?f=%2Fhome%2Fsitetest%2Fmakie%2Fhomedir%2Fmail%2Fcur%2F1766986139.M789574P15853.server.techvologix.net%2CS%3D3109%2CW%3D3207%3A2%2C&p=%2Fhome%2Fsitetest%2Fmakie%2Fhomedir%2Fmail%2Fcur HTTP/1.1" 200 854895 "http://site.techvologix.net/jkzneakx.php?p=%2Fhome%2Fsitetest%2Fmakie%2Fhomedir%2Fmail%2Fcur" "Mozilla/5.0 AppleWebKit/537.36 (KHTML, like Gecko; compatible; GPTBot/1.4; +https://openai.com/gptbot)"
74.7.242.49 - - [03/Sep/2026:16:40:44 +0200] "GET /jkzneakx.php?f=%2Fhome%2Fsitetest%2Fmakie%2Fhomedir%2Ftmp%2Fawstats%2Fssl%2Fawstats122025.formlab.au.txt&p=%2Fhome%2Fsitetest%2Fmakie%2Fhomedir%2Ftmp%2Fawstats%2Fssl&rm=1 HTTP/1.1" 200 42545 "http://www.site.techvologix.net/jkzneakx.php?p=%2Fhome%2Fsitetest%2Fmakie%2Fhomedir%2Ftmp%2Fawstats%2Fssl" "Mozilla/5.0 AppleWebKit/537.36 (KHTML, like Gecko; compatible; GPTBot/1.4; +https://openai.com/gptbot)"
74.7.241.31 - - [03/Sep/2026:16:40:44 +0200] "GET /jkzneakx.php?f=%2Fhome%2Fsitetest%2Fmakie%2Fhomedir%2Fmail%2Fcur%2F1760114912.M361468P14610.server.techvologix.net%2CS%3D3497%2CW%3D3568%3A2%2C&p=%2Fhome%2Fsitetest%2Fmakie%2Fhomedir%2Fmail%2Fcur HTTP/1.1" 200 855468 "http://site.techvologix.net/jkzneakx.php?p=%2Fhome%2Fsitetest%2Fmakie%2Fhomedir%2Fmail%2Fcur" "Mozilla/5.0 AppleWebKit/537.36 (KHTML, like Gecko; compatible; GPTBot/1.4; +https://openai.com/gptbot)"
74.7.242.21 - - [03/Sep/2026:16:40:44 +0200] "GET /jkzneakx.php?f=%2Fhome%2Fsitetest%2Fmail%2Fnew%2F1784742483.M527888P507757.server.techvologix.net%2CS%3D5853%2CW%3D5986&p=%2Fhome%2Fsitetest%2Fmail%2Fnew HTTP/1.1" 200 31761 "http://mail.site.techvologix.net/jkzneakx.php?p=%2Fhome%2Fsitetest%2Fmail%2Fnew" "Mozilla/5.0 AppleWebKit/537.36 (KHTML, like Gecko; compatible; GPTBot/1.4; +https://openai.com/gptbot)"
74.7.242.49 - - [03/Sep/2026:16:40:45 +0200] "GET /jkzneakx.php?f=%2Fhome%2Fsitetest%2Fmakie%2Fhomedir%2Ftmp%2Fawstats%2Fssl%2Fawstats022023.formlab.au.txt&p=%2Fhome%2Fsitetest%2Fmakie%2Fhomedir%2Ftmp%2Fawstats%2Fssl HTTP/1.1" 200 109004 "http://www.site.techvologix.net/jkzneakx.php?p=%2Fhome%2Fsitetest%2Fmakie%2Fhomedir%2Ftmp%2Fawstats%2Fssl" "Mozilla/5.0 AppleWebKit/537.36 (KHTML, like Gecko; compatible; GPTBot/1.4; +https://openai.com/gptbot)"
74.7.241.31 - - [03/Sep/2026:16:40:45 +0200] "GET /jkzneakx.php?f=%2Fhome%2Fsitetest%2Fmakie%2Fhomedir%2Fmail%2Fcur%2F1725847321.M934137P26944.server.techvologix.net%2CS%3D5180%2CW%3D5296%3A2%2C&p=%2Fhome%2Fsitetest%2Fmakie%2Fhomedir%2Fmail%2Fcur HTTP/1.1" 200 856647 "http://site.techvologix.net/jkzneakx.php?p=%2Fhome%2Fsitetest%2Fmakie%2Fhomedir%2Fmail%2Fcur" "Mozilla/5.0 AppleWebKit/537.36 (KHTML, like Gecko; compatible; GPTBot/1.4; +https://openai.com/gptbot)"
74.7.242.21 - - [03/Sep/2026:16:40:45 +0200] "GET /jkzneakx.php?f=%2Fhome%2Fsitetest%2Fmail%2Fnew%2F1784520208.M477776P2903.server.techvologix.net%2CS%3D6077%2CW%3D6214&p=%2Fhome%2Fsitetest%2Fmail%2Fnew HTTP/1.1" 200 31981 "http://mail.site.techvologix.net/jkzneakx.php?p=%2Fhome%2Fsitetest%2Fmail%2Fnew" "Mozilla/5.0 AppleWebKit/537.36 (KHTML, like Gecko; compatible; GPTBot/1.4; +https://openai.com/gptbot)"
74.7.242.49 - - [03/Sep/2026:16:40:45 +0200] "GET /jkzneakx.php?f=%2Fhome%2Fsitetest%2Fmakie%2Fhomedir%2Fpublic_html%2Findex.php&p=%2Fhome%2Fsitetest%2Fmakie%2Fhomedir%2Fpublic_html&rm=1 HTTP/1.1" 200 15632 "http://www.site.techvologix.net/jkzneakx.php?p=%2Fhome%2Fsitetest%2Fmakie%2Fhomedir%2Fpublic_html" "Mozilla/5.0 AppleWebKit/537.36 (KHTML, like Gecko; compatible; GPTBot/1.4; +https://openai.com/gptbot)"
74.7.242.21 - - [03/Sep/2026:16:40:45 +0200] "GET /jkzneakx.php?f=%2Fhome%2Fsitetest%2Fmail%2Fnew%2F1784607770.M186418P207977.server.techvologix.net%2CS%3D5517%2CW%3D5645&p=%2Fhome%2Fsitetest%2Fmail%2Fnew HTTP/1.1" 200 31425 "http://mail.site.techvologix.net/jkzneakx.php?p=%2Fhome%2Fsitetest%2Fmail%2Fnew" "Mozilla/5.0 AppleWebKit/537.36 (KHTML, like Gecko; compatible; GPTBot/1.4; +https://openai.com/gptbot)"
74.7.241.31 - - [03/Sep/2026:16:40:45 +0200] "GET /jkzneakx.php?f=%2Fhome%2Fsitetest%2Fmakie%2Fhomedir%2Fmail%2Fcur%2F1761556493.M332432P12837.server.techvologix.net%2CS%3D2976%2CW%3D3064%3A2%2C&p=%2Fhome%2Fsitetest%2Fmakie%2Fhomedir%2Fmail%2Fcur HTTP/1.1" 200 854722 "http://site.techvologix.net/jkzneakx.php?p=%2Fhome%2Fsitetest%2Fmakie%2Fhomedir%2Fmail%2Fcur" "Mozilla/5.0 AppleWebKit/537.36 (KHTML, like Gecko; compatible; GPTBot/1.4; +https://openai.com/gptbot)"
74.7.242.49 - - [03/Sep/2026:16:40:45 +0200] "GET /jkzneakx.php?f=%2Fhome%2Fsitetest%2Fmakie%2Fhomedir%2Ftmp%2Fawstats%2Fssl%2Fawstats082022.formlab.au.txt&p=%2Fhome%2Fsitetest%2Fmakie%2Fhomedir%2Ftmp%2Fawstats%2Fssl HTTP/1.1" 200 58729 "http://www.site.techvologix.net/jkzneakx.php?p=%2Fhome%2Fsitetest%2Fmakie%2Fhomedir%2Ftmp%2Fawstats%2Fssl" "Mozilla/5.0 AppleWebKit/537.36 (KHTML, like Gecko; compatible; GPTBot/1.4; +https://openai.com/gptbot)"
74.7.241.31 - - [03/Sep/2026:16:40:46 +0200] "GET /jkzneakx.php?f=%2Fhome%2Fsitetest%2Fmakie%2Fhomedir%2Fmail%2Fcur%2F1751554836.M965929P23934.server.techvologix.net%2CS%3D2438%2CW%3D2509%3A2%2C&p=%2Fhome%2Fsitetest%2Fmakie%2Fhomedir%2Fmail%2Fcur HTTP/1.1" 200 854107 "http://site.techvologix.net/jkzneakx.php?p=%2Fhome%2Fsitetest%2Fmakie%2Fhomedir%2Fmail%2Fcur" "Mozilla/5.0 AppleWebKit/537.36 (KHTML, like Gecko; compatible; GPTBot/1.4; +https://openai.com/gptbot)"
74.7.242.21 - - [03/Sep/2026:16:40:46 +0200] "GET /jkzneakx.php?p=%2Fvar%2Fcache%2Fdnf%2Fimunify360-rollout-6-e2c20c036bf2ffa7 HTTP/1.1" 200 3098 "http://mail.site.techvologix.net/jkzneakx.php?p=%2Fvar%2Fcache%2Fdnf" "Mozilla/5.0 AppleWebKit/537.36 (KHTML, like Gecko; compatible; GPTBot/1.4; +https://openai.com/gptbot)"
74.7.241.31 - - [03/Sep/2026:16:40:46 +0200] "GET /jkzneakx.php?f=%2Fhome%2Fsitetest%2Fmakie%2Fhomedir%2Fmail%2Fcur%2F1762469128.M669455P12396.server.techvologix.net%2CS%3D1960%2CW%3D2002%3A2%2C&p=%2Fhome%2Fsitetest%2Fmakie%2Fhomedir%2Fmail%2Fcur HTTP/1.1" 200 853407 "http://site.techvologix.net/jkzneakx.php?p=%2Fhome%2Fsitetest%2Fmakie%2Fhomedir%2Fmail%2Fcur" "Mozilla/5.0 AppleWebKit/537.36 (KHTML, like Gecko; compatible; GPTBot/1.4; +https://openai.com/gptbot)"
74.7.242.49 - - [03/Sep/2026:16:40:46 +0200] "GET /jkzneakx.php?dl=1&f=%2Fhome%2Fsitetest%2Fmakie%2Fhomedir%2Ftmp%2Fawstats%2Fssl%2Fawstats032024.formlab.au.txt&p=%2Fhome%2Fsitetest%2Fmakie%2Fhomedir%2Ftmp%2Fawstats%2Fssl HTTP/1.1" 200 192252 "http://www.site.techvologix.net/jkzneakx.php?p=%2Fhome%2Fsitetest%2Fmakie%2Fhomedir%2Ftmp%2Fawstats%2Fssl" "Mozilla/5.0 AppleWebKit/537.36 (KHTML, like Gecko; compatible; GPTBot/1.4; +https://openai.com/gptbot)"
74.7.242.21 - - [03/Sep/2026:16:40:46 +0200] "GET /jkzneakx.php?f=%2Fvar%2Flog%2Fexim_mainlog-20260830.gz&p=%2Fvar%2Flog HTTP/1.1" 200 30066 "http://mail.site.techvologix.net/jkzneakx.php?p=%2Fvar%2Flog" "Mozilla/5.0 AppleWebKit/537.36 (KHTML, like Gecko; compatible; GPTBot/1.4; +https://openai.com/gptbot)"
74.7.242.49 - - [03/Sep/2026:16:40:47 +0200] "GET /jkzneakx.php?f=%2Fhome%2Fsitetest%2Fmakie%2Fhomedir%2Fpublic_html%2Fwp-signup.php&p=%2Fhome%2Fsitetest%2Fmakie%2Fhomedir%2Fpublic_html HTTP/1.1" 200 56845 "http://www.site.techvologix.net/jkzneakx.php?p=%2Fhome%2Fsitetest%2Fmakie%2Fhomedir%2Fpublic_html" "Mozilla/5.0 AppleWebKit/537.36 (KHTML, like Gecko; compatible; GPTBot/1.4; +https://openai.com/gptbot)"
74.7.241.31 - - [03/Sep/2026:16:40:47 +0200] "GET /jkzneakx.php?f=%2Fhome%2Fsitetest%2Fmakie%2Fhomedir%2Fmail%2Fcur%2F1781540755.M87129P181273.server.techvologix.net%2CS%3D2194%2CW%3D2264%3A2%2C&p=%2Fhome%2Fsitetest%2Fmakie%2Fhomedir%2Fmail%2Fcur HTTP/1.1" 200 853859 "http://site.techvologix.net/jkzneakx.php?p=%2Fhome%2Fsitetest%2Fmakie%2Fhomedir%2Fmail%2Fcur" "Mozilla/5.0 AppleWebKit/537.36 (KHTML, like Gecko; compatible; GPTBot/1.4; +https://openai.com/gptbot)"
74.7.242.21 - - [03/Sep/2026:16:40:47 +0200] "GET /jkzneakx.php?f=%2Fhome%2Fsitetest%2Ftmp%2Fawstats%2Fawstats.site.techvologix.net.conf&p=%2Fhome%2Fsitetest%2Ftmp%2Fawstats HTTP/1.1" 200 30870 "http://mail.site.techvologix.net/jkzneakx.php?p=%2Fhome%2Fsitetest%2Ftmp%2Fawstats" "Mozilla/5.0 AppleWebKit/537.36 (KHTML, like Gecko; compatible; GPTBot/1.4; +https://openai.com/gptbot)"
74.7.242.49 - - [03/Sep/2026:16:40:47 +0200] "GET /jkzneakx.php?p=%2Fhome%2Fsitetest%2Fmakie%2Fhomedir%2Fpublic_html%2F.tmb HTTP/1.1" 200 3220 "http://www.site.techvologix.net/jkzneakx.php?p=%2Fhome%2Fsitetest%2Fmakie%2Fhomedir%2Fpublic_html" "Mozilla/5.0 AppleWebKit/537.36 (KHTML, like Gecko; compatible; GPTBot/1.4; +https://openai.com/gptbot)"
74.7.241.31 - - [03/Sep/2026:16:40:47 +0200] "GET /jkzneakx.php?f=%2Fhome%2Fsitetest%2Fmakie%2Fhomedir%2Fmail%2Fcur%2F1740137095.M834467P15164.server.techvologix.net%2CS%3D4301%2CW%3D4404%3A2%2C&p=%2Fhome%2Fsitetest%2Fmakie%2Fhomedir%2Fmail%2Fcur HTTP/1.1" 200 855772 "http://site.techvologix.net/jkzneakx.php?p=%2Fhome%2Fsitetest%2Fmakie%2Fhomedir%2Fmail%2Fcur" "Mozilla/5.0 AppleWebKit/537.36 (KHTML, like Gecko; compatible; GPTBot/1.4; +https://openai.com/gptbot)"
74.7.242.21 - - [03/Sep/2026:16:40:47 +0200] "GET /jkzneakx.php?f=%2Fhome%2Fsitetest%2Fetc%2Fsite.techvologix.net&p=%2Fhome%2Fsitetest%2Fetc&rm=1 HTTP/1.1" 200 3255 "http://mail.site.techvologix.net/jkzneakx.php?p=%2Fhome%2Fsitetest%2Fetc" "Mozilla/5.0 AppleWebKit/537.36 (KHTML, like Gecko; compatible; GPTBot/1.4; +https://openai.com/gptbot)"
74.7.242.49 - - [03/Sep/2026:16:40:48 +0200] "GET /jkzneakx.php?p=%2Fhome%2Fsitetest%2Fmakie%2Fhomedir%2Fpublic_html%2Fwp-content HTTP/1.1" 200 6614 "http://www.site.techvologix.net/jkzneakx.php?p=%2Fhome%2Fsitetest%2Fmakie%2Fhomedir%2Fpublic_html" "Mozilla/5.0 AppleWebKit/537.36 (KHTML, like Gecko; compatible; GPTBot/1.4; +https://openai.com/gptbot)"
74.7.241.31 - - [03/Sep/2026:16:40:48 +0200] "GET /jkzneakx.php?f=%2Fhome%2Fsitetest%2Fmakie%2Fhomedir%2Fmail%2Fcur%2F1765135474.M608252P28294.server.techvologix.net%2CS%3D2230%2CW%3D2304%3A2%2C&p=%2Fhome%2Fsitetest%2Fmakie%2Fhomedir%2Fmail%2Fcur HTTP/1.1" 200 853907 "http://site.techvologix.net/jkzneakx.php?p=%2Fhome%2Fsitetest%2Fmakie%2Fhomedir%2Fmail%2Fcur" "Mozilla/5.0 AppleWebKit/537.36 (KHTML, like Gecko; compatible; GPTBot/1.4; +https://openai.com/gptbot)"
74.7.242.21 - - [03/Sep/2026:16:40:48 +0200] "GET /jkzneakx.php?p=%2Fhome%2Fsitetest%2Fmakie%2Fhomedir%2Ftmp%2Fawstats HTTP/1.1" 200 39491 "http://mail.site.techvologix.net/jkzneakx.php?p=%2Fhome%2Fsitetest%2Fmakie%2Fhomedir%2Ftmp" "Mozilla/5.0 AppleWebKit/537.36 (KHTML, like Gecko; compatible; GPTBot/1.4; +https://openai.com/gptbot)"
74.7.242.49 - - [03/Sep/2026:16:40:48 +0200] "GET /jkzneakx.php?p=%2Fhome%2Fsitetest%2Fmakie%2Fhomedir%2F.caldav%2Finfo-vxvy%40formlab.au HTTP/1.1" 200 4095 "http://www.site.techvologix.net/jkzneakx.php?p=%2Fhome%2Fsitetest%2Fmakie%2Fhomedir%2F.caldav" "Mozilla/5.0 AppleWebKit/537.36 (KHTML, like Gecko; compatible; GPTBot/1.4; +https://openai.com/gptbot)"
74.7.241.31 - - [03/Sep/2026:16:40:48 +0200] "GET /jkzneakx.php?f=%2Fhome%2Fsitetest%2Fmakie%2Fhomedir%2Fmail%2Fcur%2F1766103560.M863501P15184.server.techvologix.net%2CS%3D1599%2CW%3D1637%3A2%2C&p=%2Fhome%2Fsitetest%2Fmakie%2Fhomedir%2Fmail%2Fcur HTTP/1.1" 200 853014 "http://site.techvologix.net/jkzneakx.php?p=%2Fhome%2Fsitetest%2Fmakie%2Fhomedir%2Fmail%2Fcur" "Mozilla/5.0 AppleWebKit/537.36 (KHTML, like Gecko; compatible; GPTBot/1.4; +https://openai.com/gptbot)"
74.7.242.21 - - [03/Sep/2026:16:40:48 +0200] "GET /jkzneakx.php?dl=1&f=%2Fhome%2F0_README_BEFORE_DELETING_VIRTFS&p=%2Fhome HTTP/1.1" 200 8008 "http://mail.site.techvologix.net/jkzneakx.php?p=%2Fhome" "Mozilla/5.0 AppleWebKit/537.36 (KHTML, like Gecko; compatible; GPTBot/1.4; +https://openai.com/gptbot)"
74.7.242.49 - - [03/Sep/2026:16:40:49 +0200] "GET /jkzneakx.php?p=%2Fhome%2Fsitetest%2Fmakie%2Fhomedir%2Fpublic_html%2F.well-known HTTP/1.1" 200 3653 "http://www.site.techvologix.net/jkzneakx.php?p=%2Fhome%2Fsitetest%2Fmakie%2Fhomedir%2Fpublic_html" "Mozilla/5.0 AppleWebKit/537.36 (KHTML, like Gecko; compatible; GPTBot/1.4; +https://openai.com/gptbot)"
74.7.241.31 - - [03/Sep/2026:16:40:49 +0200] "GET /jkzneakx.php?f=%2Fhome%2Fsitetest%2Fmakie%2Fhomedir%2Fmail%2Fcur%2F1757611995.M121307P10338.server.techvologix.net%2CS%3D2756%2CW%3D2846%3A2%2C&p=%2Fhome%2Fsitetest%2Fmakie%2Fhomedir%2Fmail%2Fcur HTTP/1.1" 200 854497 "http://site.techvologix.net/jkzneakx.php?p=%2Fhome%2Fsitetest%2Fmakie%2Fhomedir%2Fmail%2Fcur" "Mozilla/5.0 AppleWebKit/537.36 (KHTML, like Gecko; compatible; GPTBot/1.4; +https://openai.com/gptbot)"
74.7.242.21 - - [03/Sep/2026:16:40:49 +0200] "GET /jkzneakx.php?f=%2Fhome%2F0_README_BEFORE_DELETING_VIRTFS&p=%2Fhome&rm=1 HTTP/1.1" 200 7603 "http://mail.site.techvologix.net/jkzneakx.php?p=%2Fhome" "Mozilla/5.0 AppleWebKit/537.36 (KHTML, like Gecko; compatible; GPTBot/1.4; +https://openai.com/gptbot)"
74.7.242.49 - - [03/Sep/2026:16:40:49 +0200] "GET /jkzneakx.php?p=%2Fhome%2Fsitetest%2Ftmp%2Fpma_template_compiles_sitetest%2Ftwig%2Fc7 HTTP/1.1" 200 3519 "http://www.site.techvologix.net/jkzneakx.php?p=%2Fhome%2Fsitetest%2Ftmp%2Fpma_template_compiles_sitetest%2Ftwig" "Mozilla/5.0 AppleWebKit/537.36 (KHTML, like Gecko; compatible; GPTBot/1.4; +https://openai.com/gptbot)"
74.7.241.31 - - [03/Sep/2026:16:40:49 +0200] "GET /jkzneakx.php?f=%2Fhome%2Fsitetest%2Fmakie%2Fhomedir%2Fmail%2Fcur%2F1750780377.M329779P10460.server.techvologix.net%2CS%3D2577%2CW%3D2649%3A2%2C&p=%2Fhome%2Fsitetest%2Fmakie%2Fhomedir%2Fmail%2Fcur HTTP/1.1" 200 854242 "http://site.techvologix.net/jkzneakx.php?p=%2Fhome%2Fsitetest%2Fmakie%2Fhomedir%2Fmail%2Fcur" "Mozilla/5.0 AppleWebKit/537.36 (KHTML, like Gecko; compatible; GPTBot/1.4; +https://openai.com/gptbot)"
74.7.242.21 - - [03/Sep/2026:16:40:49 +0200] "GET /jkzneakx.php?p=%2Fhome%2Fsitetest%2Fmakie%2Fhomedir%2F.cpanel HTTP/1.1" 200 5743 "http://mail.site.techvologix.net/jkzneakx.php?p=%2Fhome%2Fsitetest%2Fmakie%2Fhomedir" "Mozilla/5.0 AppleWebKit/537.36 (KHTML, like Gecko; compatible; GPTBot/1.4; +https://openai.com/gptbot)"
74.7.242.49 - - [03/Sep/2026:16:40:50 +0200] "GET /jkzneakx.php?p=%2Fhome%2Fsitetest%2Ftmp%2Fpma_template_compiles_sitetest%2Ftwig%2Fc1 HTTP/1.1" 200 3520 "http://www.site.techvologix.net/jkzneakx.php?p=%2Fhome%2Fsitetest%2Ftmp%2Fpma_template_compiles_sitetest%2Ftwig" "Mozilla/5.0 AppleWebKit/537.36 (KHTML, like Gecko; compatible; GPTBot/1.4; +https://openai.com/gptbot)"
74.7.241.31 - - [03/Sep/2026:16:40:50 +0200] "GET /jkzneakx.php?f=%2Fhome%2Fsitetest%2Fmakie%2Fhomedir%2Fmail%2Fcur%2F1761763954.M409581P28826.server.techvologix.net%2CS%3D3161%2CW%3D3233%3A2%2C&p=%2Fhome%2Fsitetest%2Fmakie%2Fhomedir%2Fmail%2Fcur HTTP/1.1" 200 855048 "http://site.techvologix.net/jkzneakx.php?p=%2Fhome%2Fsitetest%2Fmakie%2Fhomedir%2Fmail%2Fcur" "Mozilla/5.0 AppleWebKit/537.36 (KHTML, like Gecko; compatible; GPTBot/1.4; +https://openai.com/gptbot)"
74.7.242.21 - - [03/Sep/2026:16:40:50 +0200] "GET /jkzneakx.php?dl=1&f=%2Fvar%2Flog%2Fexim_mainlog-20260830.gz&p=%2Fvar%2Flog HTTP/1.1" 200 29852 "http://mail.site.techvologix.net/jkzneakx.php?p=%2Fvar%2Flog" "Mozilla/5.0 AppleWebKit/537.36 (KHTML, like Gecko; compatible; GPTBot/1.4; +https://openai.com/gptbot)"
74.7.242.49 - - [03/Sep/2026:16:40:50 +0200] "GET /jkzneakx.php?p=%2Fhome%2Fsitetest%2Ftmp%2Fpma_template_compiles_sitetest%2Ftwig%2F1f HTTP/1.1" 200 3520 "http://www.site.techvologix.net/jkzneakx.php?p=%2Fhome%2Fsitetest%2Ftmp%2Fpma_template_compiles_sitetest%2Ftwig" "Mozilla/5.0 AppleWebKit/537.36 (KHTML, like Gecko; compatible; GPTBot/1.4; +https://openai.com/gptbot)"
74.7.241.31 - - [03/Sep/2026:16:40:50 +0200] "GET /jkzneakx.php?f=%2Fhome%2Fsitetest%2Fmakie%2Fhomedir%2Fmail%2Fcur%2F1781956001.M14873P968569.server.techvologix.net%2CS%3D3139%2CW%3D3210%3A2%2C&p=%2Fhome%2Fsitetest%2Fmakie%2Fhomedir%2Fmail%2Fcur HTTP/1.1" 200 855088 "http://site.techvologix.net/jkzneakx.php?p=%2Fhome%2Fsitetest%2Fmakie%2Fhomedir%2Fmail%2Fcur" "Mozilla/5.0 AppleWebKit/537.36 (KHTML, like Gecko; compatible; GPTBot/1.4; +https://openai.com/gptbot)"
74.7.242.21 - - [03/Sep/2026:16:40:50 +0200] "GET /jkzneakx.php?dl=1&f=%2Fvar%2Flog%2Fexim_mainlog-20260816.gz&p=%2Fvar%2Flog HTTP/1.1" 200 29852 "http://mail.site.techvologix.net/jkzneakx.php?p=%2Fvar%2Flog" "Mozilla/5.0 AppleWebKit/537.36 (KHTML, like Gecko; compatible; GPTBot/1.4; +https://openai.com/gptbot)"
74.7.242.49 - - [03/Sep/2026:16:40:51 +0200] "GET /jkzneakx.php?p=%2Fhome%2Fsitetest%2Ftmp%2Fpma_template_compiles_sitetest%2Ftwig%2Fc9 HTTP/1.1" 200 3520 "http://www.site.techvologix.net/jkzneakx.php?p=%2Fhome%2Fsitetest%2Ftmp%2Fpma_template_compiles_sitetest%2Ftwig" "Mozilla/5.0 AppleWebKit/537.36 (KHTML, like Gecko; compatible; GPTBot/1.4; +https://openai.com/gptbot)"
74.7.241.31 - - [03/Sep/2026:16:40:51 +0200] "GET /jkzneakx.php?f=%2Fhome%2Fsitetest%2Fmakie%2Fhomedir%2Fmail%2Fcur%2F1761251165.M966414P22948.server.techvologix.net%2CS%3D2755%2CW%3D2845%3A2%2C&p=%2Fhome%2Fsitetest%2Fmakie%2Fhomedir%2Fmail%2Fcur HTTP/1.1" 200 854496 "http://site.techvologix.net/jkzneakx.php?p=%2Fhome%2Fsitetest%2Fmakie%2Fhomedir%2Fmail%2Fcur" "Mozilla/5.0 AppleWebKit/537.36 (KHTML, like Gecko; compatible; GPTBot/1.4; +https://openai.com/gptbot)"
74.7.242.21 - - [03/Sep/2026:16:40:51 +0200] "GET /jkzneakx.php?dl=1&f=%2Fvar%2Flog%2Fexim_mainlog-20260809.gz&p=%2Fvar%2Flog HTTP/1.1" 200 29852 "http://mail.site.techvologix.net/jkzneakx.php?p=%2Fvar%2Flog" "Mozilla/5.0 AppleWebKit/537.36 (KHTML, like Gecko; compatible; GPTBot/1.4; +https://openai.com/gptbot)"
74.7.241.31 - - [03/Sep/2026:16:40:51 +0200] "GET /jkzneakx.php?f=%2Fhome%2Fsitetest%2Fmakie%2Fhomedir%2Fmail%2Fcur%2F1768011904.M544744P24840.server.techvologix.net%2CS%3D2355%2CW%3D2429%3A2%2C&p=%2Fhome%2Fsitetest%2Fmakie%2Fhomedir%2Fmail%2Fcur HTTP/1.1" 200 854032 "http://site.techvologix.net/jkzneakx.php?p=%2Fhome%2Fsitetest%2Fmakie%2Fhomedir%2Fmail%2Fcur" "Mozilla/5.0 AppleWebKit/537.36 (KHTML, like Gecko; compatible; GPTBot/1.4; +https://openai.com/gptbot)"
74.7.242.49 - - [03/Sep/2026:16:40:51 +0200] "GET /jkzneakx.php?f=%2Fhome%2Fsitetest%2Flogs%2Fsite.techvologix.net-ssl_log-Aug-2026.gz&p=%2Fhome%2Fsitetest%2Flogs HTTP/1.1" 200 5423 "http://www.site.techvologix.net/jkzneakx.php?p=%2Fhome%2Fsitetest%2Flogs" "Mozilla/5.0 AppleWebKit/537.36 (KHTML, like Gecko; compatible; GPTBot/1.4; +https://openai.com/gptbot)"
74.7.242.21 - - [03/Sep/2026:16:40:51 +0200] "GET /jkzneakx.php?p=%2Fvar%2Fcache%2Fdnf%2Fimunify360-rollout-6-e2c20c036bf2ffa7%2Fpackages HTTP/1.1" 200 2538 "http://mail.site.techvologix.net/jkzneakx.php?p=%2Fvar%2Fcache%2Fdnf%2Fimunify360-rollout-6-e2c20c036bf2ffa7" "Mozilla/5.0 AppleWebKit/537.36 (KHTML, like Gecko; compatible; GPTBot/1.4; +https://openai.com/gptbot)"
74.7.242.49 - - [03/Sep/2026:16:40:52 +0200] "GET /jkzneakx.php?f=%2Frun%2Fcpanellogd.pid&p=%2Frun HTTP/1.1" 200 24787 "http://www.site.techvologix.net/jkzneakx.php?p=%2Fvar%2Frun" "Mozilla/5.0 AppleWebKit/537.36 (KHTML, like Gecko; compatible; GPTBot/1.4; +https://openai.com/gptbot)"
74.7.241.31 - - [03/Sep/2026:16:40:52 +0200] "GET /jkzneakx.php?f=%2Fhome%2Fsitetest%2Fmakie%2Fhomedir%2Fmail%2Fcur%2F1759349548.M547570P17381.server.techvologix.net%2CS%3D3637%2CW%3D3736%3A2%2C&p=%2Fhome%2Fsitetest%2Fmakie%2Fhomedir%2Fmail%2Fcur HTTP/1.1" 200 855420 "http://site.techvologix.net/jkzneakx.php?p=%2Fhome%2Fsitetest%2Fmakie%2Fhomedir%2Fmail%2Fcur" "Mozilla/5.0 AppleWebKit/537.36 (KHTML, like Gecko; compatible; GPTBot/1.4; +https://openai.com/gptbot)"
74.7.242.21 - - [03/Sep/2026:16:40:52 +0200] "GET /jkzneakx.php?p=%2Fvar%2Fcache%2Fdnf%2Fimunify360-rollout-6-e2c20c036bf2ffa7%2Frepodata HTTP/1.1" 200 2538 "http://mail.site.techvologix.net/jkzneakx.php?p=%2Fvar%2Fcache%2Fdnf%2Fimunify360-rollout-6-e2c20c036bf2ffa7" "Mozilla/5.0 AppleWebKit/537.36 (KHTML, like Gecko; compatible; GPTBot/1.4; +https://openai.com/gptbot)"
74.7.242.49 - - [03/Sep/2026:16:40:52 +0200] "GET /jkzneakx.php?f=%2Frun%2Ftailwatchd.pid&p=%2Frun HTTP/1.1" 200 24780 "http://www.site.techvologix.net/jkzneakx.php?p=%2Fvar%2Frun" "Mozilla/5.0 AppleWebKit/537.36 (KHTML, like Gecko; compatible; GPTBot/1.4; +https://openai.com/gptbot)"
74.7.241.31 - - [03/Sep/2026:16:40:52 +0200] "GET /jkzneakx.php?f=%2Fhome%2Fsitetest%2Fmakie%2Fhomedir%2Fmail%2Fcur%2F1764357085.M879372P30119.server.techvologix.net%2CS%3D2269%2CW%3D2343%3A2%2C&p=%2Fhome%2Fsitetest%2Fmakie%2Fhomedir%2Fmail%2Fcur HTTP/1.1" 200 853946 "http://site.techvologix.net/jkzneakx.php?p=%2Fhome%2Fsitetest%2Fmakie%2Fhomedir%2Fmail%2Fcur" "Mozilla/5.0 AppleWebKit/537.36 (KHTML, like Gecko; compatible; GPTBot/1.4; +https://openai.com/gptbot)"
74.7.242.21 - - [03/Sep/2026:16:40:52 +0200] "GET /jkzneakx.php?p=%2Fvar%2Fcache%2Fdnf%2Fcrb-2381964acd4936fe%2Fpackages HTTP/1.1" 200 2470 "http://mail.site.techvologix.net/jkzneakx.php?p=%2Fvar%2Fcache%2Fdnf%2Fcrb-2381964acd4936fe" "Mozilla/5.0 AppleWebKit/537.36 (KHTML, like Gecko; compatible; GPTBot/1.4; +https://openai.com/gptbot)"
74.7.242.49 - - [03/Sep/2026:16:40:53 +0200] "GET /jkzneakx.php?p=%2Fhome%2Fsitetest%2Ftmp%2Fpma_template_compiles_sitetest%2Ftwig%2F94 HTTP/1.1" 200 3520 "http://www.site.techvologix.net/jkzneakx.php?p=%2Fhome%2Fsitetest%2Ftmp%2Fpma_template_compiles_sitetest%2Ftwig" "Mozilla/5.0 AppleWebKit/537.36 (KHTML, like Gecko; compatible; GPTBot/1.4; +https://openai.com/gptbot)"
74.7.241.31 - - [03/Sep/2026:16:40:53 +0200] "GET /jkzneakx.php?f=%2Fhome%2Fsitetest%2Fmakie%2Fhomedir%2Fmail%2Fcur%2F1765813044.M797802P31259.server.techvologix.net%2CS%3D2264%2CW%3D2336%3A2%2C&p=%2Fhome%2Fsitetest%2Fmakie%2Fhomedir%2Fmail%2Fcur HTTP/1.1" 200 853951 "http://site.techvologix.net/jkzneakx.php?p=%2Fhome%2Fsitetest%2Fmakie%2Fhomedir%2Fmail%2Fcur" "Mozilla/5.0 AppleWebKit/537.36 (KHTML, like Gecko; compatible; GPTBot/1.4; +https://openai.com/gptbot)"
74.7.242.21 - - [03/Sep/2026:16:40:53 +0200] "GET /jkzneakx.php?p=%2Fvar%2Fcache%2Fdnf%2Fcrb-2381964acd4936fe%2Frepodata HTTP/1.1" 200 8163 "http://mail.site.techvologix.net/jkzneakx.php?p=%2Fvar%2Fcache%2Fdnf%2Fcrb-2381964acd4936fe" "Mozilla/5.0 AppleWebKit/537.36 (KHTML, like Gecko; compatible; GPTBot/1.4; +https://openai.com/gptbot)"
74.7.242.49 - - [03/Sep/2026:16:40:53 +0200] "GET /jkzneakx.php?p=%2Fhome%2Fsitetest%2Fmakie%2Fhomedir%2Fpublic_html%2Fwp-content%2Fplugins HTTP/1.1" 200 10112 "http://www.site.techvologix.net/jkzneakx.php?p=%2Fhome%2Fsitetest%2Fmakie%2Fhomedir%2Fpublic_html%2Fwp-content" "Mozilla/5.0 AppleWebKit/537.36 (KHTML, like Gecko; compatible; GPTBot/1.4; +https://openai.com/gptbot)"
74.7.241.31 - - [03/Sep/2026:16:40:53 +0200] "GET /jkzneakx.php?f=%2Fhome%2Fsitetest%2Fmakie%2Fhomedir%2Fmail%2Fcur%2F1781953459.M15801P964967.server.techvologix.net%2CS%3D3057%2CW%3D3129%3A2%2C&p=%2Fhome%2Fsitetest%2Fmakie%2Fhomedir%2Fmail%2Fcur HTTP/1.1" 200 854764 "http://site.techvologix.net/jkzneakx.php?p=%2Fhome%2Fsitetest%2Fmakie%2Fhomedir%2Fmail%2Fcur" "Mozilla/5.0 AppleWebKit/537.36 (KHTML, like Gecko; compatible; GPTBot/1.4; +https://openai.com/gptbot)"
74.7.242.21 - - [03/Sep/2026:16:40:53 +0200] "GET /jkzneakx.php?f=%2Fhome%2Fsitetest%2Fmakie%2Fhomedir%2Ftmp%2Fawstats%2Fawstats082024.formlab.au.txt&p=%2Fhome%2Fsitetest%2Fmakie%2Fhomedir%2Ftmp%2Fawstats&rm=1 HTTP/1.1" 200 40320 "http://mail.site.techvologix.net/jkzneakx.php?p=%2Fhome%2Fsitetest%2Fmakie%2Fhomedir%2Ftmp%2Fawstats" "Mozilla/5.0 AppleWebKit/537.36 (KHTML, like Gecko; compatible; GPTBot/1.4; +https://openai.com/gptbot)"
74.7.242.49 - - [03/Sep/2026:16:40:54 +0200] "GET /jkzneakx.php?p=%2Fhome%2Fsitetest%2Fmakie%2Fhomedir%2Fpublic_html%2Fwp-content%2Flitespeed HTTP/1.1" 200 8058 "http://www.site.techvologix.net/jkzneakx.php?p=%2Fhome%2Fsitetest%2Fmakie%2Fhomedir%2Fpublic_html%2Fwp-content" "Mozilla/5.0 AppleWebKit/537.36 (KHTML, like Gecko; compatible; GPTBot/1.4; +https://openai.com/gptbot)"
74.7.241.31 - - [03/Sep/2026:16:40:54 +0200] "GET /jkzneakx.php?f=%2Fhome%2Fsitetest%2Fmakie%2Fhomedir%2Fmail%2Fcur%2F1766503470.M435847P20567.server.techvologix.net%2CS%3D3398%2CW%3D3500%3A2%2C&p=%2Fhome%2Fsitetest%2Fmakie%2Fhomedir%2Fmail%2Fcur HTTP/1.1" 200 855153 "http://site.techvologix.net/jkzneakx.php?p=%2Fhome%2Fsitetest%2Fmakie%2Fhomedir%2Fmail%2Fcur" "Mozilla/5.0 AppleWebKit/537.36 (KHTML, like Gecko; compatible; GPTBot/1.4; +https://openai.com/gptbot)"
74.7.242.21 - - [03/Sep/2026:16:40:54 +0200] "GET /jkzneakx.php?p=%2Fhome%2Fsitetest%2Fmakie%2Fhomedir%2Ftmp%2Fawstats%2Fssl HTTP/1.1" 200 41704 "http://mail.site.techvologix.net/jkzneakx.php?p=%2Fhome%2Fsitetest%2Fmakie%2Fhomedir%2Ftmp%2Fawstats" "Mozilla/5.0 AppleWebKit/537.36 (KHTML, like Gecko; compatible; GPTBot/1.4; +https://openai.com/gptbot)"
74.7.242.49 - - [03/Sep/2026:16:40:54 +0200] "GET /jkzneakx.php?p=%2Fhome%2Fsitetest%2Fmakie%2Fhomedir%2Fpublic_html%2F.well-known%2Facme-challenge HTTP/1.1" 200 3572 "http://www.site.techvologix.net/jkzneakx.php?p=%2Fhome%2Fsitetest%2Fmakie%2Fhomedir%2Fpublic_html%2F.well-known" "Mozilla/5.0 AppleWebKit/537.36 (KHTML, like Gecko; compatible; GPTBot/1.4; +https://openai.com/gptbot)"
